293
CXUS53 KGRB 022140
CLAGRB

CLIMATE REPORT
NATIONAL WEATHER SERVICE GREEN BAY
340 PM CST THU JAN 2 2014

...12TH WETTEST YEAR ON RECORD AT GREEN BAY...
...11TH SNOWIEST YEAR ON RECORD AT GREEN BAY...

..THE GREEN BAY WI 2013 YEARLY CLIMATE SUMMARY...

CLIMATE NORMAL PERIOD 1981 TO 2010
CLIMATE RECORD PERIOD 1886 TO 2014

WEATHER         OBSERVED          NORMAL  DEPART  LAST YEAR`S
                 VALUE   DATE(S)  VALUE   FROM    VALUE  DATE(S)
                                          NORMAL
................................................................
TEMPERATURE (F)
RECORD
 HIGH             104   07/13/1936
 LOW              -36   01/21/1888
HIGHEST            93   07/19                         99  07/05
                        07/18
LOWEST            -19   12/30                         -9  01/20
AVG. MAXIMUM     53.1              53.6    -0.5     59.4
AVG. MINIMUM     34.6              35.0    -0.4     39.3
MEAN             43.8              44.3    -0.5     49.4
DAYS MAX >= 90      6               3.1     2.9       23
DAYS MAX <= 32     78              71.9     6.1       34
DAYS MIN <= 32    167             156.8    10.2      137
DAYS MIN <= 0      23              19.2     3.8        5

PRECIPITATION (INCHES)
RECORD
 MAXIMUM        38.36   1985
 MINIMUM        16.31   1930
TOTALS          35.16             29.52    5.64    31.53
DAILY AVG.       0.10
DAYS >= .01       137             123.0    14.0      110
DAYS >= .10        83              64.7    18.3       57
DAYS >= .50        20              17.6     2.4       23
DAYS >= 1.00        5               5.3    -0.3        9

SNOWFALL (INCHES)
RECORDS
 TOTAL          123.8   1887
TOTALS           77.5              51.4    26.1     51.1
SINCE 7/1        27.6              17.3    10.3     24.3
SNOWDEPTH AVG.      2
DAYS >= TRACE      94              40.2    53.8       55
DAYS >= 1.0        24              15.8     8.2       15
GREATEST
 SNOW DEPTH        15   12/26                         12  12/29
 24 HR TOTAL      8.2   MM

DEGREE_DAYS
HEATING TOTAL    8118              7955     163     6385
 SINCE 7/1       3155              3090      65     2751
COOLING TOTAL     535               398     137      786
 SINCE 1/1        535               398     137      786

FREEZE DATES
RECORD
 EARLIEST     09/12/1955
 LATEST       06/06/1958
EARLIEST                        10/03
LATEST                          05/05
.................................................................

WIND (MPH)
AVERAGE WIND SPEED              8.9
HIGHEST WIND SPEED/DIRECTION    41/300    DATE  08/21
HIGHEST GUST SPEED/DIRECTION    62/310    DATE  08/21

SKY COVER
POSSIBLE SUNSHINE (PERCENT)   MM
AVERAGE SKY COVER           0.40
NUMBER OF DAYS FAIR          165
NUMBER OF DAYS PC            119
NUMBER OF DAYS CLOUDY         81

AVERAGE RH (PERCENT)     73

WEATHER CONDITIONS. NUMBER OF DAYS WITH
THUNDERSTORM             30     MIXED PRECIP               1
HEAVY RAIN               30     RAIN                      54
LIGHT RAIN              118     FREEZING RAIN              4
LT FREEZING RAIN         12     HAIL                       0
HEAVY SNOW                4     SNOW                      16
LIGHT SNOW               85     SLEET                      2
FOG                     201     FOG W/VIS <= 1/4 MILE     30
HAZE                    108

-  INDICATES NEGATIVE NUMBERS.
R  INDICATES RECORD WAS SET OR TIED.
MM INDICATES DATA IS MISSING.
T  INDICATES TRACE AMOUNT.

$$
ECKBERG





















U.S. Dept. of Commerce
NOAA National Weather Service
1325 East West Highway
Silver Spring, MD 20910
E-mail: w-nws.webmaster@noaa.gov
Page last modified: May 16, 2007
NATIONAL WEATHER SERVICE: for Safety, for Work, for Fun - FOR LIFE