533
CXUS53 KGLD 032100
CLAGLD

CLIMATE REPORT
NATIONAL WEATHER SERVICE GOODLAND
145 PM MST SAT JAN 3 2015

...................................

...THE GOODLAND KS CLIMATE SUMMARY FOR THE YEAR OF 2014...

CLIMATE NORMAL PERIOD 1981 TO 2010
CLIMATE RECORD PERIOD 1895 TO 2015

WEATHER         OBSERVED          NORMAL  DEPART  LAST YEAR`S
                 VALUE   DATE(S)  VALUE   FROM    VALUE  DATE(S)
                                          NORMAL
................................................................
TEMPERATURE (F)
RECORD
 HIGH             111   07/25/1940
 LOW              -27   12/22/1989
HIGHEST           101   07/20       103      -2      107  06/11
LOWEST            -14   02/05       -11      -3       -6  12/08
AVG. MAXIMUM     65.3              65.1     0.2     65.7
AVG. MINIMUM     36.3              37.6    -1.3     36.7
MEAN             50.8              51.4    -0.6     51.2
DAYS MAX >= 90     38              45.8    -7.8       60
DAYS MAX <= 32     32              24.5     7.5       28
DAYS MIN <= 32    159             152.3     6.7      171
DAYS MIN <= 0      14               5.7     8.3        7

PRECIPITATION (INCHES)
RECORD
 MAXIMUM        30.89   1915
 MINIMUM         9.19   1956
TOTALS          17.87             19.66   -1.79
DAYS >= .01        89              80.6     8.4       77
DAYS >= .10        42              39.9     2.1       36
DAYS >= .50        13              11.9     1.1        7
DAYS >= 1.00        0               4.1    -4.1        3
GREATEST
 24 HR. TOTAL    1.28   6/08 TO 6/09                4.85   09/12
                                                           09/13

SNOWFALL (INCHES)
RECORDS
 TOTAL           86.2   1984
 24 HR TOTAL     19.3   10/24/1997 TO 10/26/1997
 SNOW DEPTH        20
TOTALS           32.2              35.5    -3.3     56.0
SINCE 7/1         9.9              12.7    -2.8      6.8
SNOWDEPTH AVG.      0                                  0
DAYS >= 1.0        12              10.1     1.9       11
GREATEST
 SNOW DEPTH         6   12/30                         13   03/24
                        02/05
 24 HR TOTAL      4.5   02/04 TO 02/04               11.0  03/23

DEGREE_DAYS
HEATING TOTAL    5944              5901      43     6083
 SINCE 7/1       2314              2407     -93     2366
COOLING TOTAL     920               941     -21     1181
 SINCE 1/1        920               941     -21     1181

.................................................................

WIND (MPH)
AVERAGE WIND SPEED              12.6
HIGHEST WIND SPEED/DIRECTION    58/340    DATE  06/06
HIGHEST GUST SPEED/DIRECTION    72/340    DATE  06/06

SKY COVER
AVERAGE SKY COVER           0.20

AVERAGE RH (PERCENT)     62

WEATHER CONDITIONS. NUMBER OF DAYS WITH
THUNDERSTORM             57     MIXED PRECIP               0
HEAVY RAIN               23     RAIN                      24
LIGHT RAIN               73     FREEZING RAIN              0
LT FREEZING RAIN          2     HAIL                       5
HEAVY SNOW                1     SNOW                       7
LIGHT SNOW               49     SLEET                      0
FOG                     124     FOG W/VIS <= 1/4 MILE     20
HAZE                     41

-  INDICATES NEGATIVE NUMBERS.
R  INDICATES RECORD WAS SET OR TIED.
MM INDICATES DATA IS MISSING.
T  INDICATES TRACE AMOUNT.

$$




U.S. Dept. of Commerce
NOAA National Weather Service
1325 East West Highway
Silver Spring, MD 20910
E-mail: w-nws.webmaster@noaa.gov
Page last modified: May 16, 2007
NATIONAL WEATHER SERVICE: for Safety, for Work, for Fun - FOR LIFE