770
CXUS53 KGJT 012014
CLAGJT


CLIMATE REPORT
NATIONAL WEATHER SERVICE GRAND JUNCTION CO
1233 PM MST THU JAN 1 2015

...................................

...THE GRAND JUNCTION CO CLIMATE SUMMARY FOR THE YEAR OF 2014...

CLIMATE NORMAL PERIOD 1981 TO 2010
CLIMATE RECORD PERIOD 1893 TO 2014

WEATHER         OBSERVED          NORMAL  DEPART  LAST YEAR`S
                 VALUE   DATE(S)  VALUE   FROM    VALUE  DATE(S)
                                          NORMAL
................................................................
TEMPERATURE (F)
RECORD
 HIGH             106   07/21/2005
 LOW              -23   01/13/1963
HIGHEST           100   07/23        93       7      103  06/28
                        07/06
LOWEST             -2   12/31        15     -17      -12  01/15
                                                          01/14
AVG. MAXIMUM     65.1              65.6    -0.5     62.6
AVG. MINIMUM     39.0              39.7    -0.7     37.4
MEAN             52.0              52.7    -0.7     50.0
DAYS MAX >= 90     49              57.4    -8.4       72
DAYS MAX <= 32     19              16.8     2.2       52
DAYS MIN <= 32    147             135.2    11.8      154
DAYS MIN <= 0       1               2.8    -1.8       29

PRECIPITATION (INCHES)
RECORD
 MAXIMUM        15.69   1957
 MINIMUM         3.64   1900
TOTALS          11.96              9.42    2.54    12.43
DAILY AVG.       0.03              0.03    0.00     0.03
DAYS >= .01        72              74.3    -2.3       83
DAYS >= .10        31              31.3    -0.3       35
DAYS >= .50         5               2.5     2.5        5
DAYS >= 1.00        1               0.2     0.8        0
GREATEST
 24 HR. TOTAL    1.22   MM
 STORM TOTAL       MM                                 MM

SNOWFALL (INCHES)
RECORDS
 TOTAL           55.7   1948
 24 HR TOTAL     11.6   11/27/1919 TO 11/27/1919
 SNOW DEPTH        18   11/27/1919
TOTALS           15.8              19.1    -3.3     27.1
 LIQUID EQUIV    1.58              1.90   -0.32     2.71
SINCE 7/1         5.6               7.4    -1.8     15.5
 LIQUID 7/1      0.56              0.70   -0.14     1.55
SNOWDEPTH AVG.      0                MM      MM        1
DAYS >= TRACE      32              19.1    12.9       35
DAYS >= 1.0         5               6.4    -1.4        8
GREATEST
 SNOW DEPTH         5   02/06                          6  12/08
                        02/02
                        02/05
 24 HR TOTAL      5.0   MM                       12/31 TO 12/31

  STORM TOTAL       MM                                 MM

DEGREE_DAYS
HEATING TOTAL    5652              5609      43     6631
 SINCE 7/1         MM              2359      MM       MM
COOLING TOTAL    1046              1124     -78     1269
 SINCE 1/1       1046              1125     -79     1269

FREEZE DATES
RECORD
 EARLIEST     09/15/1903
 LATEST       05/15/1916
EARLIEST                        10/21
LATEST                          04/21
..................................................

WIND (MPH)
AVERAGE WIND SPEED              7.0
RESULTANT WIND SPEED/DIRECTION   2/106
HIGHEST WIND SPEED/DIRECTION    47/320    DATE  06/08
HIGHEST GUST SPEED/DIRECTION    62/240    DATE  03/30

SKY COVER
POSSIBLE SUNSHINE (PERCENT)   MM
AVERAGE SKY COVER           0.20
NUMBER OF DAYS FAIR          263
NUMBER OF DAYS PC             72
NUMBER OF DAYS CLOUDY         29

AVERAGE RH (PERCENT)     51

WEATHER CONDITIONS. NUMBER OF DAYS WITH
THUNDERSTORM             41     MIXED PRECIP               0
HEAVY RAIN               19     RAIN                      26
LIGHT RAIN               96     FREEZING RAIN              0
LT FREEZING RAIN          0     HAIL                       2
HEAVY SNOW                2     SNOW                      10
LIGHT SNOW               31     SLEET                      0
FOG                      61     FOG W/VIS <= 1/4 MILE      6
HAZE                     18

-  INDICATES NEGATIVE NUMBERS.
R  INDICATES RECORD WAS SET OR TIED.
MM INDICATES DATA IS MISSING.
T  INDICATES TRACE AMOUNT.

$$





U.S. Dept. of Commerce
NOAA National Weather Service
1325 East West Highway
Silver Spring, MD 20910
E-mail: w-nws.webmaster@noaa.gov
Page last modified: May 16, 2007
NATIONAL WEATHER SERVICE: for Safety, for Work, for Fun - FOR LIFE