293
CXUS51 KALY 011044
CLAGFL

CLIMATE REPORT
NATIONAL WEATHER SERVICE ALBANY NY
530 AM EST WED JAN 1 2014

...................................

...THE GLENS FALLS NY CLIMATE SUMMARY FOR THE YEAR OF 2013...

CLIMATE NORMAL PERIOD 1981 TO 2010
CLIMATE RECORD PERIOD 1949 TO 2013

WEATHER         OBSERVED          NORMAL  DEPART  LAST YEAR`S
                 VALUE   DATE(S)  VALUE   FROM    VALUE  DATE(S)
                                          NORMAL
................................................................
TEMPERATURE (F)
HIGHEST            94   07/19                         96  07/17
                        07/18                             06/21
LOWEST            -18   12/17                         -6  01/22
                        01/03
AVG. MAXIMUM     56.7              56.3     0.4     59.6
AVG. MINIMUM     34.9              33.5     1.4     37.7
MEAN             45.8              44.9     0.9     48.7
DAYS MAX >= 90     10               4.6     5.4        8
DAYS MAX <= 32     46              50.2    -4.2       28
DAYS MIN <= 32    171             165.9     5.1      156
DAYS MIN <= 0      15              21.4    -6.4        4

PRECIPITATION (INCHES)
RECORD
 MAXIMUM        54.40   1983
 MINIMUM        21.76   1964
TOTALS          35.23             39.06   -3.83    34.76
DAILY AVG.       0.10              0.11   -0.01     0.10
DAYS >= .01       128             132.3    -4.3      140
DAYS >= .10        73              79.0    -6.0       78
DAYS >= .50        23              26.6    -3.6       19
DAYS >= 1.00        6               8.0    -2.0        6
GREATEST
 24 HR. TOTAL    2.21   07/22 TO 07/23

DEGREE_DAYS
HEATING TOTAL    7373              7678    -305     6377
 SINCE 7/1       2939              2938       1     2591
COOLING TOTAL     537               353     184      533
 SINCE 1/1        537               352     185      533

FREEZE DATES
RECORD
 EARLIEST     08/29/1982
 LATEST       06/01/2009
EARLIEST                        09/29
LATEST                          05/13
.................................................................

WIND (MPH)
AVERAGE WIND SPEED              4.7
HIGHEST WIND SPEED/DIRECTION    36/190    DATE  10/07
HIGHEST GUST SPEED/DIRECTION    48/190    DATE  10/07


WEATHER CONDITIONS. NUMBER OF DAYS WITH
THUNDERSTORM             25     MIXED PRECIP               0
HEAVY RAIN               28     RAIN                      51
LIGHT RAIN              122     FREEZING RAIN              0
LT FREEZING RAIN          8     HAIL                       0
HEAVY SNOW                4     SNOW                      12
LIGHT SNOW               63     SLEET                      0
FOG                     251     FOG W/VIS <= 1/4 MILE     89
HAZE                     82

-  INDICATES NEGATIVE NUMBERS.
R  INDICATES RECORD WAS SET OR TIED.
MM INDICATES DATA IS MISSING.
T  INDICATES TRACE AMOUNT.

$$








U.S. Dept. of Commerce
NOAA National Weather Service
1325 East West Highway
Silver Spring, MD 20910
E-mail: w-nws.webmaster@noaa.gov
Page last modified: May 16, 2007
NATIONAL WEATHER SERVICE: for Safety, for Work, for Fun - FOR LIFE