612
CXUS53 KDDC 021620
CLAGCK


CLIMATE REPORT
NATIONAL WEATHER SERVICE DODGE CITY KS
1004 AM CST THU JAN 2 2014

...................................

...THE GARDEN CITY REGIONAL ARPT KS CLIMATE SUMMARY FOR THE YEAR OF 2013...

CLIMATE NORMAL PERIOD 1981 TO 2010
CLIMATE RECORD PERIOD 1948 TO 2014

WEATHER         OBSERVED          NORMAL  DEPART  LAST YEAR`S
                 VALUE   DATE(S)  VALUE   FROM    VALUE  DATE(S)
                                          NORMAL
................................................................
TEMPERATURE (F)
RECORD
 HIGH             110   06/08/1985
                        07/11/1954
                        06/24/1953
 LOW              -19   01/14/1979
HIGHEST           108   06/27        MM      MM      109  06/27
                        06/10
                        06/11
LOWEST             -5   01/04        MM      MM       -2  12/26
                                                          12/10
AVG. MAXIMUM     68.2              67.9     0.3     71.9
AVG. MINIMUM     40.1              40.7    -0.6     42.5
MEAN             54.2              54.3    -0.1     57.2
DAYS MAX >= 90     75              59.2    15.8       87
DAYS MAX <= 32     27              19.0     8.0       10
DAYS MIN <= 32    158             136.6    21.4      121
DAYS MIN <= 0       3               3.9    -0.9        2

PRECIPITATION (INCHES)
RECORD
 MAXIMUM        30.75   1969
 MINIMUM         9.12   2011
TOTALS          14.85             19.47   -4.62    13.37
DAYS >= .01        66              72.0    -6.0       55
DAYS >= .10        31              39.3    -8.3       22
DAYS >= .50        12              12.6    -0.6       10
DAYS >= 1.00        3               4.1    -1.1        3
GREATEST
 24 HR. TOTAL    1.55   06/15 TO 06/16

DEGREE_DAYS
HEATING TOTAL    5362              5207     155     4398
 SINCE 7/1       2121              2123      -2     1970
COOLING TOTAL    1591              1300     291     1643
 SINCE 1/1       1591              1298     293     1643

FREEZE DATES
.................................................................

WIND (MPH)
AVERAGE WIND SPEED              12.2
HIGHEST WIND SPEED/DIRECTION    54/300    DATE  06/16
HIGHEST GUST SPEED/DIRECTION    70/300    DATE  06/16


WEATHER CONDITIONS. NUMBER OF DAYS WITH
THUNDERSTORM             27     MIXED PRECIP               0
HEAVY RAIN               19     RAIN                      20
LIGHT RAIN               74     FREEZING RAIN              2
LT FREEZING RAIN         12     HAIL                       1
HEAVY SNOW                3     SNOW                      11
LIGHT SNOW               27     SLEET                      0
FOG                     132     FOG W/VIS <= 1/4 MILE     28
HAZE                     72

-  INDICATES NEGATIVE NUMBERS.
R  INDICATES RECORD WAS SET OR TIED.
MM INDICATES DATA IS MISSING.
T  INDICATES TRACE AMOUNT.

$$





U.S. Dept. of Commerce
NOAA National Weather Service
1325 East West Highway
Silver Spring, MD 20910
E-mail: w-nws.webmaster@noaa.gov
Page last modified: May 16, 2007
NATIONAL WEATHER SERVICE: for Safety, for Work, for Fun - FOR LIFE