025
CXUS51 KOKX 061454
CLAEWR

CLIMATE REPORT
NATIONAL WEATHER SERVICE NEW YORK NY
953 AM EST MON JAN 6 2014

...THE NEWARK NJ CLIMATE SUMMARY FOR THE YEAR OF 2013...

CLIMATE NORMAL PERIOD 1981 TO 2010
CLIMATE RECORD PERIOD 1929 TO 2014

WEATHER         OBSERVED          NORMAL  DEPART  LAST YEAR`S
                 VALUE   DATE(S)  VALUE   FROM    VALUE  DATE(S)
                                          NORMAL
................................................................
TEMPERATURE (F)
RECORD
 HIGH             108   07/22/2011
 LOW              -14   02/09/1934
HIGHEST           101   07/18        MM      MM      104  07/18
LOWEST             11   01/24        MM      MM       12  01/04
                        01/23
AVG. MAXIMUM     63.5              63.2     0.3     66.1
AVG. MINIMUM     47.0              46.6     0.4     49.5
MEAN             55.3              54.9     0.4     57.8
DAYS MAX >= 90     25              20.9     4.1       33
DAYS MAX <= 32     15              15.6    -0.6        4
DAYS MIN <= 32     95              81.9    13.1       57
DAYS MIN <= 0       0               0.4    -0.4        0

PRECIPITATION (INCHES)
RECORD
 MAXIMUM        69.91   2011
 MINIMUM        36.35   2012
TOTALS          42.94             46.25   -3.31    36.35
DAILY AVG.       0.12              0.13   -0.01     0.10
DAYS >= .01       113             122.2    -9.2      128
DAYS >= .10        71              75.7    -4.7       75
DAYS >= .50        35              32.0     3.0       23
DAYS >= 1.00       10              12.5    -2.5        6
GREATEST
 24 HR. TOTAL    3.72   MM                       12/31 TO 12/31
                                                          12/31 TO 12/31
                                                          12/31 TO 12/31
 STORM TOTAL       MM                                 MM
 (MM/DD(HH))            MM                    12/31(00) TO 12/31(00)
                                                 12/31(00) TO 12/31(00)1
                                                 12/31(00) TO 12/31(00)1

SNOWFALL (INCHES)
RECORDS
 TOTAL           59.1   2010
 24 HR TOTAL     18.8   MM
 SNOW DEPTH        24   12/27/2010
TOTALS           30.4              28.5     1.9     12.1
 LIQUID EQUIV    3.04              2.80    0.24     1.21
SINCE 7/1         9.4               5.8     3.6      8.5
 LIQUID 7/1      0.94              0.60    0.34     0.85
SNOWDEPTH AVG.      0                MM      MM        0
DAYS >= TRACE      39              14.5    24.5       19
DAYS >= 1.0         7               6.8     0.2        3
GREATEST
 SNOW DEPTH         8   02/09                          5  11/08
 24 HR TOTAL      6.6   MM                       12/31 TO 12/31
                                                          12/31 TO 12/31
                                                          12/31 TO 12/31
 STORM TOTAL       MM                                0.0
 (MM/DD(HH))            MM                    12/31(00) TO 12/31(00)
                                                 12/31(00) TO 12/31(00)1
                                                 12/31(00) TO 12/31(00)1

DEGREE_DAYS
HEATING TOTAL    4764              4870    -106     3969
 SINCE 7/1         MM              1750      MM       MM
COOLING TOTAL    1337              1190     147     1450
 SINCE 1/1       1337              1192     145     1450
..................................................

WIND (MPH)
AVERAGE WIND SPEED              9.2
RESULTANT WIND SPEED/DIRECTION   4/280
HIGHEST WIND SPEED/DIRECTION    45/270    DATE  01/31
HIGHEST GUST SPEED/DIRECTION    59/230    DATE  01/31

SKY COVER
POSSIBLE SUNSHINE (PERCENT)   MM
AVERAGE SKY COVER           0.60
NUMBER OF DAYS FAIR           48
NUMBER OF DAYS PC            189
NUMBER OF DAYS CLOUDY        128

AVERAGE RH (PERCENT)     63

WEATHER CONDITIONS. NUMBER OF DAYS WITH
THUNDERSTORM              0     MIXED PRECIP               3
HEAVY RAIN               33     RAIN                      59
LIGHT RAIN              155     FREEZING RAIN              0
LT FREEZING RAIN          7     HAIL                       0
HEAVY SNOW                1     SNOW                      16
LIGHT SNOW               32     SLEET                      9
FOG                     124     FOG W/VIS <= 1/4 MILE     15
HAZE                     50

-  INDICATES NEGATIVE NUMBERS.
R  INDICATES RECORD WAS SET OR TIED.
MM INDICATES DATA IS MISSING.
T  INDICATES TRACE AMOUNT.

$$







U.S. Dept. of Commerce
NOAA National Weather Service
1325 East West Highway
Silver Spring, MD 20910
E-mail: w-nws.webmaster@noaa.gov
Page last modified: May 16, 2007
NATIONAL WEATHER SERVICE: for Safety, for Work, for Fun - FOR LIFE