976
CXUS56 KEKA 040507
CLAEKA

CLIMATE REPORT NATIONAL WEATHER SERVICE EUREKA CA

902 PM PST SAT JAN 3 2015

...................................

...THE EUREKA CA CLIMATE SUMMARY FOR THE YEAR OF 2014...

CLIMATE NORMAL PERIOD 1981 TO 2010
CLIMATE RECORD PERIOD 1886 TO 2015

WEATHER         OBSERVED          NORMAL  DEPART  LAST YEAR`S
                 VALUE   DATE(S)  VALUE   FROM    VALUE  DATE(S)
                                          NORMAL
................................................................
TEMPERATURE (F)
RECORD
 HIGH              87   10/26/1993
 LOW               20   01/14/1888
HIGHEST            80   10/03        79       1       80  10/06
                        09/23
                        04/30
LOWEST             29   12/31        30      -1       24  12/08
AVG. MAXIMUM     61.3              59.6     1.7     58.3
AVG. MINIMUM     48.3              46.1     2.2     44.7
MEAN             54.8              52.9     1.9     51.5
DAYS MAX >= 90      0               0.0     0.0        0
DAYS MAX <= 32      0               0.0     0.0        0
DAYS MIN <= 32      3               6.1    -3.1       25
DAYS MIN <= 0       0               0.0     0.0        0

PRECIPITATION (INCHES)
RECORD
 MAXIMUM        67.21   1983
 MINIMUM        16.60   2013
TOTALS          37.50             40.33   -2.83    16.60
DAILY AVG.       0.10              0.11   -0.01        T
DAYS >= .01       110             127.5   -17.5       92
DAYS >= .10        73              77.3    -4.3       41
DAYS >= .50        22              27.9    -5.9       10
DAYS >= 1.00        7               8.8    -1.8        3
GREATEST
 24 HR. TOTAL    2.62   03/09 TO 03/10

SNOWFALL (INCHES)
RECORDS
 TOTAL            6.9   1907
 24 HR TOTAL      3.4   01/13/1907 TO 01/13/1907
 SNOW DEPTH        MM   MM
TOTALS            0.0               0.2    -0.2        T
 LIQUID EQUIV    0.00                MM      MM       MM
SINCE 7/1         0.0                 T     0.0        T
 LIQUID 7/1      0.00                MM      MM       MM
SNOWDEPTH AVG.      0                MM      MM        0
DAYS >= TRACE       0               0.2    -0.2        3
DAYS >= 1.0         0               0.1    -0.1        0
GREATEST
 SNOW DEPTH         0   MM                             0  MM
 24 HR TOTAL      0.0   MM

DEGREE_DAYS
HEATING TOTAL    3636              4434    -798     4846
 SINCE 7/1       1391              1955    -564     2143
COOLING TOTAL       4                 2       2        6
 SINCE 1/1          4                 0       4        6

..................................................

WIND (MPH)
AVERAGE WIND SPEED              4.8
RESULTANT WIND SPEED/DIRECTION   1/293
HIGHEST WIND SPEED/DIRECTION    35/340    DATE  12/24
HIGHEST GUST SPEED/DIRECTION    52/340    DATE  12/24

SKY COVER
AVERAGE SKY COVER           0.70


WEATHER CONDITIONS. NUMBER OF DAYS WITH
THUNDERSTORM              0     HEAVY RAIN                 7
RAIN                     38     LIGHT RAIN               152
HAIL                      0     SNOW                       0
SLEET                     0     FOG                      163
FOG W/VIS <= 1/4 MILE    38     HAZE                      17

-  INDICATES NEGATIVE NUMBERS.
R  INDICATES RECORD WAS SET OR TIED.
MM INDICATES DATA IS MISSING.
T  INDICATES TRACE AMOUNT.

$$




U.S. Dept. of Commerce
NOAA National Weather Service
1325 East West Highway
Silver Spring, MD 20910
E-mail: w-nws.webmaster@noaa.gov
Page last modified: May 16, 2007
NATIONAL WEATHER SERVICE: for Safety, for Work, for Fun - FOR LIFE