716
CXUS56 KOTX 011210
CLAEAT

CLIMATE REPORT
NATIONAL WEATHER SERVICE SPOKANE, WA
402 AM PST WED JAN 1 2014

...................................

...THE WENATCHEE WA PANGBORN FIELD CLIMATE SUMMARY FOR THE YEAR OF 2013...

CLIMATE NORMAL PERIOD 1981 TO 2010
CLIMATE RECORD PERIOD 1959 TO 2013

WEATHER         OBSERVED          NORMAL  DEPART
                 VALUE   DATE(S)  VALUE   FROM
                                          NORMAL
................................................
TEMPERATURE (F)
RECORD
 HIGH             109   08/04/1961
 LOW              -21   12/30/1968
HIGHEST           104   07/02
LOWEST              3   12/08
AVG. MAXIMUM     61.4              61.0     0.4
AVG. MINIMUM     41.9              40.8     1.1
MEAN             51.6              29.5    22.1
DAYS MAX >= 90     39              28.1    10.9
DAYS MAX <= 32     44              31.9    12.1
DAYS MIN <= 32    123              99.1    23.9
DAYS MIN <= 0       0               1.1    -1.1

PRECIPITATION (INCHES)
RECORD
 MAXIMUM        14.28   1983
 MINIMUM         4.49   1976
TOTALS           7.25              8.01   -0.76
DAILY AVG.       0.02              0.02    0.00
DAYS >= .01        60              67.9    -7.9
DAYS >= .10        19              25.1    -6.1
DAYS >= .50         3               1.8     1.2
DAYS >= 1.00        1               0.1     0.9
GREATEST
 24 HR. TOTAL    1.11   MM

DEGREE_DAYS
HEATING TOTAL    5791              5772      19
COOLING TOTAL    1028               790     238

FREEZE DATES
RECORD
 EARLIEST     09/29/1985
 LATEST       05/27/2011
EARLIEST                        10/26
LATEST                          04/08
.................................................

WIND (MPH)
AVERAGE WIND SPEED              6.5
HIGHEST WIND SPEED/DIRECTION    44/310    DATE  04/11
HIGHEST GUST SPEED/DIRECTION    63/080    DATE  07/07

SKY COVER
AVERAGE SKY COVER           0.30

AVERAGE RH (PERCENT)     57

WEATHER CONDITIONS. NUMBER OF DAYS WITH
THUNDERSTORM              0     MIXED PRECIP               0
HEAVY RAIN                2     RAIN                      11
LIGHT RAIN               70     FREEZING RAIN              0
LT FREEZING RAIN          3     HAIL                       0
SLEET                     0     FOG                       73
FOG W/VIS <= 1/4 MILE    16     HAZE                      36

-  INDICATES NEGATIVE NUMBERS.
R  INDICATES RECORD WAS SET OR TIED.
MM INDICATES DATA IS MISSING.
T  INDICATES TRACE AMOUNT.

$$





U.S. Dept. of Commerce
NOAA National Weather Service
1325 East West Highway
Silver Spring, MD 20910
E-mail: w-nws.webmaster@noaa.gov
Page last modified: May 16, 2007
NATIONAL WEATHER SERVICE: for Safety, for Work, for Fun - FOR LIFE