816
CXUS56 KOTX 091241 CCA
CLAEAT

CLIMATE REPORT
NATIONAL WEATHER SERVICE SPOKANE, WA
1239 AM PST THU JAN 1 2015

...................................

...THE WENATCHEE WA PANGBORN FIELD CLIMATE SUMMARY FOR THE YEAR OF 2014...

CLIMATE NORMAL PERIOD 1981 TO 2010
CLIMATE RECORD PERIOD 1959 TO 2014

WEATHER         OBSERVED          NORMAL  DEPART
                 VALUE   DATE(S)  VALUE   FROM
                                          NORMAL
................................................
TEMPERATURE (F)
RECORD
 HIGH             109   08/04/1961
 LOW              -21   12/30/1968
HIGHEST           106   07/16
LOWEST              0   02/06
AVG. MAXIMUM     63.5              61.0     2.5
AVG. MINIMUM     44.4              40.8     3.6
MEAN             53.9                 M       M
DAYS MAX >= 90     43              28.1    14.9
DAYS MAX <= 32     35              31.9     3.1
DAYS MIN <= 32     88              99.1   -11.1
DAYS MIN <= 0       1               1.1    -0.1

PRECIPITATION (INCHES)
RECORD
 MAXIMUM        14.28   1983
 MINIMUM         4.49   1976
TOTALS           7.30              8.01   -0.71
DAILY AVG.       0.02              0.02    0.00
DAYS >= .01        77              67.9     9.1
DAYS >= .10        22              25.1    -3.1
DAYS >= .50         1               1.8    -0.8
DAYS >= 1.00        0               0.1    -0.1
GREATEST
 24 HR. TOTAL    0.52   MM

DEGREE_DAYS
HEATING TOTAL    5108              5772    -664
COOLING TOTAL    1218               790     428

FREEZE DATES
RECORD
 EARLIEST     09/29/1985
 LATEST       05/27/2011
EARLIEST                        10/26
LATEST                          04/08
.................................................

WIND (MPH)
AVERAGE WIND SPEED              7.5
HIGHEST WIND SPEED/DIRECTION    41/260    DATE  10/25
HIGHEST GUST SPEED/DIRECTION    56/250    DATE  10/25

SKY COVER
AVERAGE SKY COVER           0.30

AVERAGE RH (PERCENT)     53

WEATHER CONDITIONS. NUMBER OF DAYS WITH
THUNDERSTORM              0     MIXED PRECIP               0
HEAVY RAIN                4     RAIN                      15
LIGHT RAIN               87     FREEZING RAIN              2
LT FREEZING RAIN          6     HAIL                       0
SLEET                     0     FOG                       80
FOG W/VIS <= 1/4 MILE    30     HAZE                      39

-  INDICATES NEGATIVE NUMBERS.
R  INDICATES RECORD WAS SET OR TIED.
MM INDICATES DATA IS MISSING.
T  INDICATES TRACE AMOUNT.

$$




U.S. Dept. of Commerce
NOAA National Weather Service
1325 East West Highway
Silver Spring, MD 20910
E-mail: w-nws.webmaster@noaa.gov
Page last modified: May 16, 2007
NATIONAL WEATHER SERVICE: for Safety, for Work, for Fun - FOR LIFE