317
CXUS53 KILX 030236
CLADEC

CLIMATE REPORT
NATIONAL WEATHER SERVICE LINCOLN IL
835 PM CST FRI JAN 2 2015

...................................

...THE DECATUR IL AIRPORT CLIMATE SUMMARY FOR THE YEAR OF 2014...

CLIMATE NORMAL PERIOD 1981 TO 2010
CLIMATE RECORD PERIOD 9999 TO 9999

WEATHER         OBSERVED          NORMAL  DEPART  LAST YEAR`S
                 VALUE   DATE(S)  VALUE   FROM    VALUE  DATE(S)
                                          NORMAL
................................................................
TEMPERATURE (F)
RECORD
 HIGH              MM   MM
 LOW               MM   MM
HIGHEST            94   08/25        MM      MM       98  08/31
LOWEST            -10   02/11        MM      MM        2  12/12
AVG. MAXIMUM     60.2              62.8    -2.6     61.9
AVG. MINIMUM     40.9              42.7    -1.8     41.9
MEAN             50.5              52.7    -2.2     51.9
DAYS MAX >= 90     10              20.3   -10.3       21
DAYS MAX <= 32     48              28.9    19.1       36
DAYS MIN <= 32    128             113.4    14.6      134
DAYS MIN <= 0      14               2.8    11.2        0

PRECIPITATION (INCHES)
RECORD
 MAXIMUM           MM   MM
 MINIMUM           MM   MM
TOTALS          36.18             38.45   -2.27    33.56
DAILY AVG.       0.11                               0.09
DAYS >= .01       107                MM      MM      105
DAYS >= .10        74                MM      MM       60
DAYS >= .50        25                MM      MM       21
DAYS >= 1.00        6                MM      MM       11
GREATEST
 24 HR. TOTAL    2.29   06/04 TO 06/04              2.39

DEGREE_DAYS
HEATING TOTAL    6102              5522     580     5749
COOLING TOTAL    1011              1049     -38     1079

FREEZE DATES
RECORD
 EARLIEST     MM
 LATEST       MM
EARLIEST                        MM
LATEST                          MM
.................................................................

SKY COVER
POSSIBLE SUNSHINE (PERCENT)   MM



-  INDICATES NEGATIVE NUMBERS.
R  INDICATES RECORD WAS SET OR TIED.
MM INDICATES DATA IS MISSING.
T  INDICATES TRACE AMOUNT.

$$
GEELHART







U.S. Dept. of Commerce
NOAA National Weather Service
1325 East West Highway
Silver Spring, MD 20910
E-mail: w-nws.webmaster@noaa.gov
Page last modified: May 16, 2007
NATIONAL WEATHER SERVICE: for Safety, for Work, for Fun - FOR LIFE