168
CXUS51 KALY 011043
CLADDH

CLIMATE REPORT
NATIONAL WEATHER SERVICE ALBANY NY
530 AM EST WED JAN 1 2014

...................................

...THE BENNINGTON VT CLIMATE SUMMARY FOR THE YEAR OF 2013...

CLIMATE NORMAL PERIOD 1981 TO 2010
CLIMATE RECORD PERIOD 9999 TO 9999

WEATHER         OBSERVED          NORMAL  DEPART  LAST YEAR`S
                 VALUE   DATE(S)  VALUE   FROM    VALUE  DATE(S)
                                          NORMAL
................................................................
TEMPERATURE (F)
HIGHEST            92   09/11                         94  07/17
                        07/19
LOWEST            -14   01/03                         -4  01/16
AVG. MAXIMUM     57.2              56.5     0.7     60.2
AVG. MINIMUM     36.1              35.5     0.6     38.5
MEAN             46.6              46.0     0.6     49.4
DAYS MAX >= 90      4               1.5     2.5        7
DAYS MAX <= 32     47              46.4     0.6       19
DAYS MIN <= 32    154             156.3    -2.3      137
DAYS MIN <= 0       8              10.8    -2.8        3

PRECIPITATION (INCHES)
TOTALS          44.78             40.70    4.08    32.50
DAILY AVG.       0.12              0.11    0.01     0.09
DAYS >= .01       150                                152
DAYS >= .10        82                                 81
DAYS >= .50        31                                 22
DAYS >= 1.00       12                                  3
GREATEST
 24 HR. TOTAL    3.42   05/21 TO 05/22

DEGREE_DAYS
HEATING TOTAL    6968              7236    -268     5999
 SINCE 7/1       2663              2772    -109     2445
COOLING TOTAL     503               312     191      476
 SINCE 1/1        503               313     190      476

FREEZE DATES
EARLIEST                        10/01
LATEST                          05/10
.................................................................

WIND (MPH)
AVERAGE WIND SPEED              4.6
HIGHEST WIND SPEED/DIRECTION    37/110    DATE  12/15
HIGHEST GUST SPEED/DIRECTION    99/210    DATE  01/01


WEATHER CONDITIONS. NUMBER OF DAYS WITH
THUNDERSTORM             28     MIXED PRECIP               0
HEAVY RAIN               26     RAIN                      49
LIGHT RAIN              123     FREEZING RAIN              0
LT FREEZING RAIN          2     HAIL                       0
HEAVY SNOW                3     SNOW                      11
LIGHT SNOW               70     SLEET                      0
FOG                     213     FOG W/VIS <= 1/4 MILE     48
HAZE                     97

-  INDICATES NEGATIVE NUMBERS.
R  INDICATES RECORD WAS SET OR TIED.
MM INDICATES DATA IS MISSING.
T  INDICATES TRACE AMOUNT.

$$









U.S. Dept. of Commerce
NOAA National Weather Service
1325 East West Highway
Silver Spring, MD 20910
E-mail: w-nws.webmaster@noaa.gov
Page last modified: May 16, 2007
NATIONAL WEATHER SERVICE: for Safety, for Work, for Fun - FOR LIFE