636
CXUS53 KDVN 011358
CLADBQ


CLIMATE REPORT
NATIONAL WEATHER SERVICE QUAD CITIES IA IL
745 AM CST WED JAN 1 2014

...................................

...THE DUBUQUE IA CLIMATE SUMMARY FOR THE YEAR OF 2013...

CLIMATE NORMAL PERIOD 1981 TO 2010
CLIMATE RECORD PERIOD 1873 TO 2013

WEATHER         OBSERVED          NORMAL  DEPART
                 VALUE   DATE(S)  VALUE   FROM
                                          NORMAL
................................................
TEMPERATURE (F)
RECORD
 HIGH             110   07/14/1936
 LOW              -32   01/07/1887
HIGHEST            94   09/09        83      11
LOWEST            -21   12/24         8     -29
AVG. MAXIMUM     54.6              56.6    -2.0
AVG. MINIMUM     35.9              38.1    -2.2
MEAN             45.2              47.3    -2.1
DAYS MAX >= 90      7               6.2     0.8
DAYS MAX <= 32     81              59.3    21.7
DAYS MIN <= 32    161             140.0    21.0
DAYS MIN <= 0      15              15.5    -0.5

PRECIPITATION (INCHES)
TOTALS          38.05             36.29    1.76
DAILY AVG.       0.10              0.10    0.00
DAYS >= .01       122             120.1     1.9
DAYS >= .10        70
DAYS >= .50        22
DAYS >= 1.00        7               7.8    -0.8
GREATEST
 24 HR. TOTAL    3.14   04/17 TO 04/18

SNOWFALL (INCHES)
TOTALS           57.6              41.9    15.7
SINCE 7/1        22.3              14.6     7.7
SNOWDEPTH AVG.      1
DAYS >= TRACE      65              29.0    36.0
DAYS >= 1.0        21              12.9     8.1
GREATEST
 SNOW DEPTH         9   03/07
                        03/06
 24 HR TOTAL      6.3   12/21 TO 12/22

DEGREE_DAYS
HEATING TOTAL    7741              7087     654
 SINCE 7/1       3125              2810     315
COOLING TOTAL     640               643      -3
 SINCE 1/1        640               643      -3
.................................................

WIND (MPH)
AVERAGE WIND SPEED              9.7
HIGHEST WIND SPEED/DIRECTION    39/230    DATE  05/19
HIGHEST GUST SPEED/DIRECTION    54/210    DATE  10/04

SKY COVER
POSSIBLE SUNSHINE (PERCENT)   MM
AVERAGE SKY COVER           0.40
NUMBER OF DAYS FAIR          182
NUMBER OF DAYS PC            101
NUMBER OF DAYS CLOUDY         82

AVERAGE RH (PERCENT)     76

WEATHER CONDITIONS. NUMBER OF DAYS WITH
THUNDERSTORM             36     HAIL                       0
SLEET                     5     FOG                      205
FOG W/VIS <= 1/4 MILE    41     HAZE                      79

-  INDICATES NEGATIVE NUMBERS.
R  INDICATES RECORD WAS SET OR TIED.
MM INDICATES DATA IS MISSING.
T  INDICATES TRACE AMOUNT.

$$






U.S. Dept. of Commerce
NOAA National Weather Service
1325 East West Highway
Silver Spring, MD 20910
E-mail: w-nws.webmaster@noaa.gov
Page last modified: May 16, 2007
NATIONAL WEATHER SERVICE: for Safety, for Work, for Fun - FOR LIFE