142
CXUS56 KSGX 020632
CLACZZ

CLIMATE REPORT
NATIONAL WEATHER SERVICE SAN DIEGO, CA
1005 PM PST WED JAN 1 2014

...................................

...THE CAMPO ASOS CA CLIMATE SUMMARY FOR THE YEAR OF 2013...

CLIMATE NORMAL PERIOD 1981 TO 2010
CLIMATE RECORD PERIOD 1948 TO 2013

WEATHER         OBSERVED          NORMAL  DEPART  LAST YEAR`S
                 VALUE   DATE(S)  VALUE   FROM    VALUE  DATE(S)
                                          NORMAL
................................................................
TEMPERATURE (F)
RECORD
 HIGH             111   07/27/1995
 LOW               10   01/29/1979
HIGHEST           106   06/29        77      29      103  08/10
                                                          08/09
                                                          07/10
LOWEST             21   01/13        40     -19       23  02/29
                        01/12                             01/20
                                                          01/18
AVG. MAXIMUM     75.2              77.0    -1.8     75.8
AVG. MINIMUM     41.9              41.2     0.7     41.9
MEAN             58.6              59.1    -0.5     58.9
DAYS MAX >= 90     69              88.9   -19.9       79
DAYS MAX <= 32      0               0.0     0.0        0
DAYS MAX >= 100     6                                  9
DAYS MIN <= 32     69              64.1     4.9       77
DAYS MIN <= 0       0               0.0     0.0        0

PRECIPITATION (INCHES)
RECORD
 MAXIMUM        30.94   1983
 MINIMUM         5.07   1989
TOTALS           8.97             15.73   -6.76    10.52
DAILY AVG.       0.03              0.04   -0.01     0.03
DAYS >= .01        39              48.7    -9.7       51
DAYS >= .10        19              29.0   -10.0       27
DAYS >= .50         5              10.4    -5.4        5
DAYS >= 1.00        3               3.8    -0.8        0
DAYS >= 1.50        0                                  0
DAYS >= 2.00        0                                  0
GREATEST
 24 HR. TOTAL    1.35   MM                       12/31 TO 12/31
                                                          12/31 TO 12/31
                                                          12/31 TO 12/31
 STORM TOTAL       MM                                 MM
 (MM/DD(HH))            MM                    12/31(00) TO 12/31(00)
                                                 12/31(00) TO 12/31(00)1
                                                 12/31(00) TO 12/31(00)1

SNOWFALL (INCHES)
TOTALS            0.0
SINCE 7/1         0.0

DEGREE_DAYS
HEATING TOTAL    3130              2984     146     3077
 SINCE 7/1       1123              1106      17      998
COOLING TOTAL     911               842      69      942
 SINCE 1/1        911               841      70      942

FREEZE DATES
RECORD
 EARLIEST     08/25/1978
 LATEST       06/23/1991
EARLIEST                        10/16
LATEST                          05/19
..................................................

WIND (MPH)
AVERAGE WIND SPEED              8.2
HIGHEST WIND SPEED/DIRECTION    39/070    DATE  12/09
HIGHEST GUST SPEED/DIRECTION    55/020    DATE  09/07

SKY COVER
POSSIBLE SUNSHINE (PERCENT)   MM
AVERAGE SKY COVER           0.00
NUMBER OF DAYS FAIR          MM
NUMBER OF DAYS PC            MM
NUMBER OF DAYS CLOUDY        MM

AVERAGE RH (PERCENT)     50

WEATHER CONDITIONS. NUMBER OF DAYS WITH
THUNDERSTORM              0     MIXED PRECIP               0
HEAVY RAIN                2     RAIN                       1
LIGHT RAIN                2     FREEZING RAIN              0
LT FREEZING RAIN          0     HAIL                       0
HEAVY SNOW                0     SNOW                       0
LIGHT SNOW                0     SLEET                      0
FOG                       0     FOG W/VIS <= 1/4 MILE      0
HAZE                      0

-  INDICATES NEGATIVE NUMBERS.
R  INDICATES RECORD WAS SET OR TIED.
MM INDICATES DATA IS MISSING.
T  INDICATES TRACE AMOUNT.

$$







U.S. Dept. of Commerce
NOAA National Weather Service
1325 East West Highway
Silver Spring, MD 20910
E-mail: w-nws.webmaster@noaa.gov
Page last modified: May 16, 2007
NATIONAL WEATHER SERVICE: for Safety, for Work, for Fun - FOR LIFE