975
CXUS53 KDVN 012200
CLACID


CLIMATE REPORT
NATIONAL WEATHER SERVICE QUAD CITIES IA IL
400 PM CST THU JAN 1 2015

...................................

...THE CEDAR RAPIDS IA CLIMATE SUMMARY FOR THE YEAR OF 2014...

CLIMATE NORMAL PERIOD 1981 TO 2010
CLIMATE RECORD PERIOD 1891 TO 2014

WEATHER         OBSERVED          NORMAL  DEPART
                 VALUE   DATE(S)  VALUE   FROM
                                          NORMAL
................................................
TEMPERATURE (F)
RECORD
 HIGH             110   07/05/1911
 LOW              -29   01/15/2009
HIGHEST            91   08/24        84       7
LOWEST            -21   02/11        11     -32
AVG. MAXIMUM     55.2              58.4    -3.2
AVG. MINIMUM     35.5              38.0    -2.5
MEAN             45.4              48.2    -2.8
DAYS MAX >= 90      1
DAYS MAX <= 32     75
DAYS MIN <= 32    151
DAYS MIN <= 0      33

PRECIPITATION (INCHES)
TOTALS          38.54             34.61    3.93
DAILY AVG.       0.11              0.09    0.02
DAYS >= .01       114
DAYS >= .10        61
DAYS >= .50        25
DAYS >= 1.00        9
GREATEST
 24 HR. TOTAL    3.74   04/12 TO 04/13

DEGREE_DAYS
HEATING TOTAL    7610              6867     743
COOLING TOTAL     670               750     -80
.................................................

WIND (MPH)
AVERAGE WIND SPEED              10.3
HIGHEST WIND SPEED/DIRECTION    49/260    DATE  06/30
HIGHEST GUST SPEED/DIRECTION    71/260    DATE  06/30

SKY COVER
POSSIBLE SUNSHINE (PERCENT)   MM
AVERAGE SKY COVER           0.40
NUMBER OF DAYS FAIR          185
NUMBER OF DAYS PC            110
NUMBER OF DAYS CLOUDY         69

AVERAGE RH (PERCENT)     73

WEATHER CONDITIONS. NUMBER OF DAYS WITH
THUNDERSTORM             54     HAIL                       0
SLEET                     0     FOG                      201
FOG W/VIS <= 1/4 MILE    35     HAZE                      94

-  INDICATES NEGATIVE NUMBERS.
R  INDICATES RECORD WAS SET OR TIED.
MM INDICATES DATA IS MISSING.
T  INDICATES TRACE AMOUNT.

$$









U.S. Dept. of Commerce
NOAA National Weather Service
1325 East West Highway
Silver Spring, MD 20910
E-mail: w-nws.webmaster@noaa.gov
Page last modified: May 16, 2007
NATIONAL WEATHER SERVICE: for Safety, for Work, for Fun - FOR LIFE