480
CXUS53 KGRR 040230
CLABIV

WRKCLMBIV 000
TTAA00 KGRR 040223


CLIMATE REPORT
NATIONAL WEATHER SERVICE GRAND RAPIDS, MI
820 PM EST FRI JAN 3 2014

...................................

...THE HOLLAND/TULIP CITY MI CLIMATE SUMMARY FOR THE YEAR OF 2013...

CLIMATE NORMAL PERIOD 1981 TO 2010
CLIMATE RECORD PERIOD 9999 TO 9999

WEATHER         OBSERVED          NORMAL  DEPART  LAST YEAR`S
                 VALUE   DATE(S)  VALUE   FROM    VALUE  DATE(S)
                                          NORMAL
................................................................
TEMPERATURE (F)
RECORD
 HIGH              MM   MM
 LOW               -6   02/17/2013
HIGHEST            97   07/19        MM      MM      102  07/06
LOWEST             -6R  02/17        MM      MM        8  01/15
AVG. MAXIMUM     58.0              58.5    -0.5     63.2
AVG. MINIMUM     41.2              41.5    -0.3     44.3
MEAN             49.6              50.0    -0.4     53.7
DAYS MAX >= 90     11               6.4     4.6       33
DAYS MAX <= 32     49              40.2     8.8       15
DAYS MIN <= 32    128             115.1    12.9       95
DAYS MIN <= 0       1               1.4    -0.4        0

PRECIPITATION (INCHES)
RECORD
 MAXIMUM           MM   MM
 MINIMUM           MM   MM
TOTALS          40.14             36.46    3.68    33.38
DAILY AVG.       0.11              0.10    0.01     0.09
DAYS >= .01       156                MM      MM      138
DAYS >= .10        88                MM      MM       75
DAYS >= .50        24                MM      MM       19
DAYS >= 1.00        8                MM      MM        6
GREATEST
 24 HR. TOTAL    3.76   MM                       12/31 TO 12/31
                                                          12/31 TO 12/31
                                                          12/31 TO 12/31
 STORM TOTAL       MM                               1.67
 (MM/DD(HH))            MM                    12/31(00) TO 12/31(00)
                                                 12/31(00) TO 12/31(00)1
                                                 12/31(00) TO 12/31(00)1

DEGREE_DAYS
HEATING TOTAL    6295              6158     137     5106
 SINCE 7/1       2416              2268     148     2104
COOLING TOTAL     813               693     120     1067
 SINCE 1/1        813               693     120     1067

FREEZE DATES
RECORD
 EARLIEST     MM
 LATEST       MM
EARLIEST                        MM
LATEST                          MM
..................................................

WIND (MPH)
AVERAGE WIND SPEED              8.2
RESULTANT WIND SPEED/DIRECTION   2/232
HIGHEST WIND SPEED/DIRECTION    41/260    DATE  11/17
HIGHEST GUST SPEED/DIRECTION    61/260    DATE  11/17

SKY COVER
POSSIBLE SUNSHINE (PERCENT)   MM

AVERAGE RH (PERCENT)     69

WEATHER CONDITIONS. NUMBER OF DAYS WITH
THUNDERSTORM              0     MIXED PRECIP               0
HEAVY RAIN               32     RAIN                      58
LIGHT RAIN              120     FREEZING RAIN              2
LT FREEZING RAIN          8     HAIL                       0
HEAVY SNOW               14     SNOW                      31
LIGHT SNOW               87     SLEET                      0
FOG                     193     FOG W/VIS <= 1/4 MILE     35
HAZE                    106

-  INDICATES NEGATIVE NUMBERS.
R  INDICATES RECORD WAS SET OR TIED.
MM INDICATES DATA IS MISSING.
T  INDICATES TRACE AMOUNT.

$$

JAM







U.S. Dept. of Commerce
NOAA National Weather Service
1325 East West Highway
Silver Spring, MD 20910
E-mail: w-nws.webmaster@noaa.gov
Page last modified: May 16, 2007
NATIONAL WEATHER SERVICE: for Safety, for Work, for Fun - FOR LIFE