036
CXUS53 KGRR 011220
CLABIV

WRKCLMBIV 000
TTAA00 KGRR 011216


CLIMATE REPORT
NATIONAL WEATHER SERVICE GRAND RAPIDS, MI
704 AM EST THU JAN 1 2015

...................................

...THE HOLLAND/TULIP CITY MI CLIMATE SUMMARY FOR THE YEAR OF 2014...

CLIMATE NORMAL PERIOD 1981 TO 2010
CLIMATE RECORD PERIOD 1996 TO 2014

WEATHER         OBSERVED          NORMAL  DEPART  LAST YEAR`S
                 VALUE   DATE(S)  VALUE   FROM    VALUE  DATE(S)
                                          NORMAL
................................................................
TEMPERATURE (F)
RECORD
 HIGH              MM   MM
 LOW              -11   02/12/2014
HIGHEST            91   07/22        MM      MM       97  07/19
LOWEST            -11   02/12        MM      MM       -6  02/17
AVG. MAXIMUM     55.7              58.5    -2.8     58.0
AVG. MINIMUM     38.2              41.5    -3.3     41.2
MEAN             47.0              50.0    -3.0     49.6
DAYS MAX >= 90      2               6.4    -4.4       11
DAYS MAX <= 32     70              40.2    29.8       49
DAYS MIN <= 32    131             115.1    15.9      128
DAYS MIN <= 0      14               1.4    12.6        1

PRECIPITATION (INCHES)
RECORD
 MAXIMUM           MM   MM
 MINIMUM           MM   MM
TOTALS          33.56             36.46   -2.90    40.14
DAILY AVG.       0.09              0.10   -0.01     0.11
DAYS >= .01       158                MM      MM      156
DAYS >= .10        82                MM      MM       88
DAYS >= .50        23                MM      MM       24
DAYS >= 1.00        2                MM      MM        8
GREATEST
 24 HR. TOTAL    1.84   08/19 TO 08/19

DEGREE_DAYS
HEATING TOTAL    6958              6158     800     6295
 SINCE 7/1       2326              2268      58     2416
COOLING TOTAL     570               693    -123      813
 SINCE 1/1        570               693    -123      813

..................................................

WIND (MPH)
AVERAGE WIND SPEED              8.8
RESULTANT WIND SPEED/DIRECTION   3/232
HIGHEST WIND SPEED/DIRECTION    46/230    DATE  02/21
HIGHEST GUST SPEED/DIRECTION    56/240    DATE  02/21

SKY COVER
POSSIBLE SUNSHINE (PERCENT)    0

AVERAGE RH (PERCENT)     71

WEATHER CONDITIONS. NUMBER OF DAYS WITH
THUNDERSTORM             38     MIXED PRECIP               0
HEAVY RAIN               27     RAIN                      47
LIGHT RAIN              123     FREEZING RAIN              0
LT FREEZING RAIN          1     HAIL                       0
HEAVY SNOW               14     SNOW                      31
LIGHT SNOW               87     SLEET                      0
FOG                     211     FOG W/VIS <= 1/4 MILE     33
HAZE                    105

-  INDICATES NEGATIVE NUMBERS.
R  INDICATES RECORD WAS SET OR TIED.
MM INDICATES DATA IS MISSING.
T  INDICATES TRACE AMOUNT.

$$

EBW









U.S. Dept. of Commerce
NOAA National Weather Service
1325 East West Highway
Silver Spring, MD 20910
E-mail: w-nws.webmaster@noaa.gov
Page last modified: May 16, 2007
NATIONAL WEATHER SERVICE: for Safety, for Work, for Fun - FOR LIFE