936
CXUS53 KBIS 091735
CLABIS

CLIMATE REPORT
NATIONAL WEATHER SERVICE BISMARCK ND
1126 AM CST THU JAN 9 2014

...................................

...THE BISMARCK CLIMATE SUMMARY FOR THE YEAR OF 2013...

CLIMATE NORMAL PERIOD 1981 TO 2010
CLIMATE RECORD PERIOD 1875 TO 2014

WEATHER         OBSERVED          NORMAL  DEPART  LAST YEAR`S
                 VALUE   DATE(S)  VALUE   FROM    VALUE
                                          NORMAL
.............................................................
TEMPERATURE (F)
RECORD
 HIGH             114   07/06/1936
 LOW              -45   02/16/1936
                        01/13/1916
HIGHEST           102   08/20        MM      MM
LOWEST            -31   12/23        MM      MM
AVG. MAXIMUM     52.7
AVG. MINIMUM     29.7
MEAN             41.2
DAYS MAX >= 90     19
DAYS MAX <= 32     88
DAYS MIN <= 32    206
DAYS MIN <= 0      40

PRECIPITATION (INCHES)
RECORD
 MAXIMUM        30.92   1876
 MINIMUM         5.97   1936
TOTALS          26.75             17.85    8.90    14.90
DAYS >= .01       118
DAYS >= .10        48
DAYS >= .50        15
DAYS >= 1.00        9
GREATEST
 24 HR. TOTAL    2.43   MM

SNOWFALL (INCHES)
RECORDS
 TOTAL          101.6   5
                        0
                        -26215
 24 HR TOTAL     17.3   04/14/2013 TO 04/14/2013
TOTALS           52.2              51.2     1.0
SINCE 7/1        17.1
DAYS >= TRACE      96
GREATEST
 24 HR TOTAL     17.3R  MM

DEGREE_DAYS
HEATING TOTAL    9131              8559     572
 SINCE 7/1         MM              3500      MM
..............................................................

WIND (MPH)
AVERAGE WIND SPEED              9.0
HIGHEST WIND SPEED/DIRECTION    44/320    DATE  08/29
HIGHEST GUST SPEED/DIRECTION    53/310    DATE  08/29



-  INDICATES NEGATIVE NUMBERS.
R  INDICATES RECORD WAS SET OR TIED.
MM INDICATES DATA IS MISSING.
T  INDICATES TRACE AMOUNT.

$$

MM






U.S. Dept. of Commerce
NOAA National Weather Service
1325 East West Highway
Silver Spring, MD 20910
E-mail: w-nws.webmaster@noaa.gov
Page last modified: May 16, 2007
NATIONAL WEATHER SERVICE: for Safety, for Work, for Fun - FOR LIFE