623
CXUS53 KGRR 040329
CLAAZO

WRKCLMAZO 000
TTAA00 KGRR 040223


CLIMATE REPORT
NATIONAL WEATHER SERVICE GRAND RAPIDS, MI
820 PM EST FRI JAN 3 2014

...................................

...THE KALAMAZOO MI CLIMATE SUMMARY FOR THE YEAR OF 2013...

CLIMATE NORMAL PERIOD 1981 TO 2010
CLIMATE RECORD PERIOD 9999 TO 9999

WEATHER         OBSERVED          NORMAL  DEPART  LAST YEAR`S
                 VALUE   DATE(S)  VALUE   FROM    VALUE  DATE(S)
                                          NORMAL
................................................................
TEMPERATURE (F)
RECORD
 HIGH              MM   MM
 LOW                    01/22/2013
HIGHEST            94   09/10        MM      MM      104  07/06
                        07/19
LOWEST             -1   01/22        MM      MM        3  02/11
AVG. MAXIMUM     57.7              58.4    -0.7     62.9
AVG. MINIMUM     39.6              40.1    -0.5     42.4
MEAN             48.7              49.3    -0.6     52.7
DAYS MAX >= 90     10               6.9     3.1       38
DAYS MAX <= 32     58              48.8     9.2       23
DAYS MIN <= 32    138             125.7    12.3      120
DAYS MIN <= 0       1               3.6    -2.6        0

PRECIPITATION (INCHES)
RECORD
 MAXIMUM           MM   MM
 MINIMUM           MM   MM
TOTALS          39.43             35.74    3.69    27.27
DAILY AVG.       0.11              0.10    0.01     0.07
DAYS >= .01       135                MM      MM      130
DAYS >= .10        81                MM      MM       69
DAYS >= .50        26                MM      MM       13
DAYS >= 1.00        8                MM      MM        4
GREATEST
 24 HR. TOTAL    4.02   MM                       12/31 TO 12/31
                                                          12/31 TO 12/31
                                                          12/31 TO 12/31
 STORM TOTAL       MM                               1.05
 (MM/DD(HH))            MM                    12/31(00) TO 12/31(00)
                                                 12/31(00) TO 12/31(00)1
                                                 12/31(00) TO 12/31(00)1

DEGREE_DAYS
HEATING TOTAL    6516              6414     102     5481
 SINCE 7/1       2507              2451      56     2302
COOLING TOTAL     725               675      50     1051
 SINCE 1/1        725               675      50     1051

FREEZE DATES
RECORD
 EARLIEST     MM
 LATEST       MM
EARLIEST                        MM
LATEST                          MM
..................................................

WIND (MPH)
AVERAGE WIND SPEED              7.4
RESULTANT WIND SPEED/DIRECTION   3/239
HIGHEST WIND SPEED/DIRECTION    41/320    DATE  07/19
HIGHEST GUST SPEED/DIRECTION    59/260    DATE  11/17

AVERAGE RH (PERCENT)     71

WEATHER CONDITIONS. NUMBER OF DAYS WITH
THUNDERSTORM              0     MIXED PRECIP               0
HEAVY RAIN               37     RAIN                      56
LIGHT RAIN              129     FREEZING RAIN              3
LT FREEZING RAIN         14     HAIL                       0
HEAVY SNOW                6     SNOW                      23
LIGHT SNOW               88     SLEET                      2
FOG                     212     FOG W/VIS <= 1/4 MILE     28
HAZE                    111

-  INDICATES NEGATIVE NUMBERS.
R  INDICATES RECORD WAS SET OR TIED.
MM INDICATES DATA IS MISSING.
T  INDICATES TRACE AMOUNT.

$$

JAM










U.S. Dept. of Commerce
NOAA National Weather Service
1325 East West Highway
Silver Spring, MD 20910
E-mail: w-nws.webmaster@noaa.gov
Page last modified: May 16, 2007
NATIONAL WEATHER SERVICE: for Safety, for Work, for Fun - FOR LIFE