883
CXUS53 KGRR 011219
CLAAZO

WRKCLMAZO 000
TTAA00 KGRR 011216


CLIMATE REPORT
NATIONAL WEATHER SERVICE GRAND RAPIDS, MI
704 AM EST THU JAN 1 2015

...................................

...THE KALAMAZOO MI CLIMATE SUMMARY FOR THE YEAR OF 2014...

CLIMATE NORMAL PERIOD 1981 TO 2010
CLIMATE RECORD PERIOD 1998 TO 2014

WEATHER         OBSERVED          NORMAL  DEPART  LAST YEAR`S
                 VALUE   DATE(S)  VALUE   FROM    VALUE  DATE(S)
                                          NORMAL
................................................................
TEMPERATURE (F)
RECORD
 HIGH              MM   MM
 LOW              -13   02/28/2014
                        01/28/2014
                        01/08/2014
HIGHEST            92   08/25        MM      MM       94  09/10
                                                          07/19
LOWEST            -13   02/28        MM      MM       -1  01/22
                        01/28
                        01/08
AVG. MAXIMUM     55.9              58.4    -2.5     57.7
AVG. MINIMUM     37.0              40.1    -3.1     39.6
MEAN             46.5              49.3    -2.8     48.7
DAYS MAX >= 90      2               6.9    -4.9       10
DAYS MAX <= 32     71              48.8    22.2       58
DAYS MIN <= 32    138             125.7    12.3      138
DAYS MIN <= 0      16               3.6    12.4        1

PRECIPITATION (INCHES)
RECORD
 MAXIMUM           MM   MM
 MINIMUM           MM   MM
TOTALS          28.13             35.74   -7.61    39.43
DAILY AVG.       0.08              0.10   -0.02     0.11
DAYS >= .01       132                MM      MM      135
DAYS >= .10        70                MM      MM       81
DAYS >= .50        18                MM      MM       26
DAYS >= 1.00        5                MM      MM        8
GREATEST
 24 HR. TOTAL    1.94   11/23 TO 11/24

DEGREE_DAYS
HEATING TOTAL    7075              6414     661     6516
 SINCE 7/1       2515              2451      64     2507
COOLING TOTAL     609               675     -66      725
 SINCE 1/1        609               675     -66      725

..................................................

WIND (MPH)
AVERAGE WIND SPEED              8.0
RESULTANT WIND SPEED/DIRECTION   3/243
HIGHEST WIND SPEED/DIRECTION    46/280    DATE  07/01
HIGHEST GUST SPEED/DIRECTION    66/270    DATE  07/01

AVERAGE RH (PERCENT)     70

WEATHER CONDITIONS. NUMBER OF DAYS WITH
THUNDERSTORM             41     MIXED PRECIP               0
HEAVY RAIN               27     RAIN                      50
LIGHT RAIN              124     FREEZING RAIN              2
LT FREEZING RAIN          5     HAIL                       0
HEAVY SNOW                6     SNOW                      18
LIGHT SNOW               91     SLEET                      0
FOG                     226     FOG W/VIS <= 1/4 MILE     34
HAZE                    122

-  INDICATES NEGATIVE NUMBERS.
R  INDICATES RECORD WAS SET OR TIED.
MM INDICATES DATA IS MISSING.
T  INDICATES TRACE AMOUNT.

$$

EBW









U.S. Dept. of Commerce
NOAA National Weather Service
1325 East West Highway
Silver Spring, MD 20910
E-mail: w-nws.webmaster@noaa.gov
Page last modified: May 16, 2007
NATIONAL WEATHER SERVICE: for Safety, for Work, for Fun - FOR LIFE