119
CXUS53 KGRB 022155 CCA
CLAAUW

ANNUAL CLIMATE REPORT
NATIONAL WEATHER SERVICE GREEN BAY
350 PM CST THU JAN 2 2014

...TIED FOR 31ST COOLEST YEAR ON RECORD AT WAUSAU...
...13TH WETTEST YEAR ON RECORD AT WAUSAU...
...11TH SNOWIEST YEAR ON RECORD AT WAUSAU...

...THE WAUSAU WI 2013 YEARLY CLIMATE SUMMARY...

CLIMATE NORMAL PERIOD 1981 TO 2010
CLIMATE RECORD PERIOD 1896 TO 2014

WEATHER         OBSERVED          NORMAL  DEPART  LAST YEAR`S
                 VALUE   DATE(S)  VALUE   FROM    VALUE  DATE(S)
                                          NORMAL
................................................................
TEMPERATURE (F)
RECORD
 HIGH             107   07/13/1936
 LOW              -40   01/30/1951
                        01/18/1948
                        02/10/1899
HIGHEST            92   08/25                         98  07/16
                        07/17
                        07/16
LOWEST            -19   12/30                        -14  01/20
AVG. MAXIMUM     51.5              53.2    -1.7     58.1
AVG. MINIMUM     32.8              33.8    -1.0     37.6
MEAN             42.1              43.5    -1.4     47.8
DAYS MAX >= 90      7               4.0     3.0       16
DAYS MAX <= 32     88              77.8    10.2       62
DAYS MIN <= 32    178             163.7    14.3      147
DAYS MIN <= 0      33              26.3     6.7        5

PRECIPITATION (INCHES)
RECORD
 MAXIMUM        48.72   1938
 MINIMUM        21.43   1976
TOTALS          38.52             32.41    6.11    29.46
DAILY AVG.       0.10
DAYS >= .01       156             129.1    26.9      109
DAYS >= .10        86              69.0    17.0       54
DAYS >= .50        22              19.1     2.9       22
DAYS >= 1.00        6               6.2    -0.2        5

SNOWFALL (INCHES)
RECORDS
 TOTAL          101.7   1909
TOTALS           83.4              59.6    23.8     51.7
SINCE 7/1        28.7              22.2     6.5     24.1
SNOWDEPTH AVG.      3
DAYS >= TRACE     110              43.5    66.5       66
DAYS >= 1.0        32              18.7    13.3       14
GREATEST
 SNOW DEPTH        16   02/22                         14  03/05
                                                          03/03
                                                          03/04
 24 HR TOTAL      5.7   MM

DEGREE_DAYS
HEATING TOTAL    8732              8249     483     6893
 SINCE 7/1       3473              3286     187     2993
COOLING TOTAL     506               407      99      725
 SINCE 1/1        506               407      99      725

FREEZE DATES
RECORD
 EARLIEST     08/30/1915
 LATEST       06/12/1903
EARLIEST                        10/02
LATEST                          05/05
.................................................................

WIND (MPH)
AVERAGE WIND SPEED              7.3
HIGHEST WIND SPEED/DIRECTION    41/290    DATE  08/21
HIGHEST GUST SPEED/DIRECTION    52/290    DATE  08/21

SKY COVER
POSSIBLE SUNSHINE (PERCENT)   MM
AVERAGE SKY COVER           0.50
NUMBER OF DAYS FAIR          148
NUMBER OF DAYS PC            109
NUMBER OF DAYS CLOUDY        108

AVERAGE RH (PERCENT)     72

WEATHER CONDITIONS. NUMBER OF DAYS WITH
THUNDERSTORM             36     MIXED PRECIP               0
HEAVY RAIN               37     RAIN                      58
LIGHT RAIN              126     FREEZING RAIN              6
LT FREEZING RAIN         10     HAIL                       0
HEAVY SNOW                2     SNOW                      27
LIGHT SNOW              103     SLEET                      0
FOG                     205     FOG W/VIS <= 1/4 MILE     34
HAZE                     75

-  INDICATES NEGATIVE NUMBERS.
R  INDICATES RECORD WAS SET OR TIED.
MM INDICATES DATA IS MISSING.
T  INDICATES TRACE AMOUNT.

$$
ECKBERG































U.S. Dept. of Commerce
NOAA National Weather Service
1325 East West Highway
Silver Spring, MD 20910
E-mail: w-nws.webmaster@noaa.gov
Page last modified: May 16, 2007
NATIONAL WEATHER SERVICE: for Safety, for Work, for Fun - FOR LIFE