356
CXUS53 KABR 021730
CLAATY

FSDCLMWAT 000
TTAA00 KABR 021730


CLIMATE REPORT
NATIONAL WEATHER SERVICE ABERDEEN SD
1130 AM CST THU JAN 2 2014

...................................

...THE WATERTOWN SD CLIMATE SUMMARY FOR THE YEAR OF 2013...

CLIMATE NORMAL PERIOD 1981 TO 2010
CLIMATE RECORD PERIOD 1898 TO 2013

WEATHER         OBSERVED          NORMAL  DEPART  LAST YEAR`S
                 VALUE   DATE(S)  VALUE   FROM    VALUE  DATE(S)
                                          NORMAL
................................................................
TEMPERATURE (F)
RECORD
 HIGH             110   07/21/1934
 LOW              -40   01/13/1916
HIGHEST            93   08/29        MM      MM       98  08/01
                        08/27
LOWEST            -23   12/07        MM      MM      -14  01/19
AVG. MAXIMUM     50.6              53.6    -3.0     58.0
AVG. MINIMUM     30.8              32.5    -1.7     35.4
MEAN             40.7              43.0    -2.3     46.7
DAYS MAX >= 90     10               9.1     0.9       24
DAYS MAX <= 32    107              80.5    26.5       62
DAYS MIN <= 32    193             174.9    18.1      157
DAYS MIN <= 0      47              34.9    12.1       19

PRECIPITATION (INCHES)
RECORD
 MAXIMUM        40.04   1977
 MINIMUM        10.53   1976
TOTALS          24.76             22.08    2.68    18.39
DAILY AVG.          T              0.06   -0.06     0.05
DAYS >= .01        99              93.8     5.2       97
DAYS >= .10        48              48.0     0.0       39
DAYS >= .50        13              13.7    -0.7        8
DAYS >= 1.00        7               3.7     3.3        2

SNOWFALL (INCHES)
RECORDS
 TOTAL             MM   MM
TOTALS           47.8              35.9    11.9     26.3
SINCE 7/1        11.4              13.7    -2.3     10.7

DEGREE_DAYS
HEATING TOTAL    9346              8523     823     7366
 SINCE 7/1         MM              3459      MM       MM
COOLING TOTAL     618               514     104      788
 SINCE 1/1        618               515     103      788
.................................................................

WIND (MPH)
AVERAGE WIND SPEED              10.2
HIGHEST WIND SPEED/DIRECTION    40/320    DATE  02/02
HIGHEST GUST SPEED/DIRECTION    82/280    DATE  06/21



-  INDICATES NEGATIVE NUMBERS.
R  INDICATES RECORD WAS SET OR TIED.
MM INDICATES DATA IS MISSING.
T  INDICATES TRACE AMOUNT.

$$








U.S. Dept. of Commerce
NOAA National Weather Service
1325 East West Highway
Silver Spring, MD 20910
E-mail: w-nws.webmaster@noaa.gov
Page last modified: May 16, 2007
NATIONAL WEATHER SERVICE: for Safety, for Work, for Fun - FOR LIFE