939
CXUS53 KGJT 012014
CLAASE


CLIMATE REPORT
NATIONAL WEATHER SERVICE GRAND JUNCTION CO
1233 PM MST THU JAN 1 2015

...................................

...THE ASPEN CO CLIMATE SUMMARY FOR THE YEAR OF 2014...

CLIMATE NORMAL PERIOD 1981 TO 2010
CLIMATE RECORD PERIOD 9999 TO 9999

WEATHER         OBSERVED          NORMAL  DEPART  LAST YEAR`S
                 VALUE   DATE(S)  VALUE   FROM    VALUE  DATE(S)
                                          NORMAL
................................................................
TEMPERATURE (F)
RECORD
 HIGH              MM   MM
 LOW               MM   MM
HIGHEST            90   07/23        MM      MM       90  06/28
                        07/22
LOWEST            -10   12/31        MM      MM      -19  12/05
AVG. MAXIMUM     56.3              54.7     1.6     54.1
AVG. MINIMUM     28.9              26.9     2.0     25.9
MEAN             42.6              40.8     1.8     40.0
DAYS MAX >= 90      2               0.4     1.6        1
DAYS MAX <= 32     43              50.6    -7.6       60
DAYS MIN <= 32    203             212.5    -9.5      222
DAYS MIN <= 0      14              19.8    -5.8       30

PRECIPITATION (INCHES)
RECORD
 MAXIMUM           MM   MM
 MINIMUM           MM   MM
TOTALS          14.08             17.26   -3.18    17.24
DAILY AVG.       0.04              0.05   -0.01     0.05
DAYS >= .01       120                MM      MM      132
DAYS >= .10        49                MM      MM       58
DAYS >= .50         5                MM      MM        6
DAYS >= 1.00        0                MM      MM        0
GREATEST
 24 HR. TOTAL    0.72   MM                       12/31 TO 12/31

 STORM TOTAL       MM                                 MM

SNOWFALL (INCHES)
RECORDS
 TOTAL             MM   MM
 24 HR TOTAL       MM
 SNOW DEPTH        MM   MM
TOTALS             MM                MM      MM       MM
 LIQUID EQUIV      MM                MM      MM       MM
SINCE 7/1          MM                MM      MM       MM
 LIQUID 7/1        MM                MM      MM       MM
SNOWDEPTH AVG.     MM                MM      MM       MM
DAYS >= TRACE      MM                MM      MM       MM
DAYS >= 1.0        MM                MM      MM       MM
GREATEST
 SNOW DEPTH        MM                                 MM  MM
 24 HR TOTAL       MM                                 MM
 STORM TOTAL       MM                                 MM

DEGREE_DAYS
HEATING TOTAL    8112              8874    -762     9052
 SINCE 7/1       3254              3721    -467     3715
COOLING TOTAL      56                39      17       69
 SINCE 1/1         56                39      17       69

FREEZE DATES
RECORD
 EARLIEST     MM
 LATEST       MM
EARLIEST                        MM
LATEST                          MM
..................................................

WIND (MPH)
AVERAGE WIND SPEED              6.0
RESULTANT WIND SPEED/DIRECTION   2/219
HIGHEST WIND SPEED/DIRECTION    39/170    DATE  05/22
HIGHEST GUST SPEED/DIRECTION    49/330    DATE  01/12

SKY COVER
POSSIBLE SUNSHINE (PERCENT)   MM
AVERAGE SKY COVER           0.40
NUMBER OF DAYS FAIR          195
NUMBER OF DAYS PC            100
NUMBER OF DAYS CLOUDY         69

AVERAGE RH (PERCENT)     56

WEATHER CONDITIONS. NUMBER OF DAYS WITH
THUNDERSTORM             56     MIXED PRECIP               0
HEAVY RAIN               10     RAIN                      29
LIGHT RAIN              116     FREEZING RAIN              0
LT FREEZING RAIN          0     HAIL                       0
HEAVY SNOW               14     SNOW                      41
LIGHT SNOW               96     SLEET                      0
FOG                     116     FOG W/VIS <= 1/4 MILE     20
HAZE                     91

-  INDICATES NEGATIVE NUMBERS.
R  INDICATES RECORD WAS SET OR TIED.
MM INDICATES DATA IS MISSING.
T  INDICATES TRACE AMOUNT.

$$





U.S. Dept. of Commerce
NOAA National Weather Service
1325 East West Highway
Silver Spring, MD 20910
E-mail: w-nws.webmaster@noaa.gov
Page last modified: May 16, 2007
NATIONAL WEATHER SERVICE: for Safety, for Work, for Fun - FOR LIFE