432
CXUS53 KDMX 022212 RRA
CLAALO

CLIMATE REPORT
NATIONAL WEATHER SERVICE DES MOINES IA
858 PM CST THU JAN 1 2015

...................................

...THE WATERLOO       ASOS CLIMATE SUMMARY FOR THE YEAR OF 2014...

CLIMATE NORMAL PERIOD 1981 TO 2010
CLIMATE RECORD PERIOD 1895 TO 2014

WEATHER         OBSERVED          NORMAL  DEPART  LAST YEAR`S
                 VALUE   DATE(S)  VALUE   FROM    VALUE
                                          NORMAL
.............................................................
TEMPERATURE (F)
RECORD
 HIGH             112   07/14/1936
                        07/13/1936
 LOW              -34   01/16/2009
                        03/01/1962
HIGHEST            93   08/24        75      18
                        07/22
LOWEST            -25   02/11        18     -43
AVG. MINIMUM     33.8              37.4    -3.6
MEAN             44.3              47.9    -3.6     45.7
DAYS MAX >= 90      5              14.2    -9.2
DAYS MAX <= 32     83              55.4    27.6
DAYS MIN <= 32    157             146.6    10.4
DAYS MIN <= 0      39              19.6    19.4

PRECIPITATION (INCHES)
RECORD
 MAXIMUM        53.07   1993
 MINIMUM        17.35   1910
TOTALS          34.89             34.60    0.29
DAILY AVG.       0.10              0.09    0.01
DAYS >= .01       119             111.9     7.1
DAYS >= .10        64              63.6     0.4
DAYS >= .50        21              22.1    -1.1
DAYS >= 1.00        8               8.1    -0.1
GREATEST
 24 HR. TOTAL    3.58   MM
 STORM TOTAL       MM
 (MM/DD(HH))            MM

SNOWFALL (INCHES)
RECORDS
 TOTAL           63.8   5
                        0
                        -26215
TOTALS           39.2              35.3     3.9     63.5

DEGREE_DAYS
HEATING TOTAL    8060              7028    1032
COOLING TOTAL     658               799    -141
..............................................................



-  INDICATES NEGATIVE NUMBERS.
R  INDICATES RECORD WAS SET OR TIED.
MM INDICATES DATA IS MISSING.
T  INDICATES TRACE AMOUNT.

$$




U.S. Dept. of Commerce
NOAA National Weather Service
1325 East West Highway
Silver Spring, MD 20910
E-mail: w-nws.webmaster@noaa.gov
Page last modified: May 16, 2007
NATIONAL WEATHER SERVICE: for Safety, for Work, for Fun - FOR LIFE