606
CXUS55 KCYS 172305
CLAAIA

CLIMATE REPORT
NATIONAL WEATHER SERVICE CHEYENNE WY
403 PM MST SAT JAN 17 2015

...................................

...THE ALLIANCE NE AIRPORT CLIMATE SUMMARY FOR THE YEAR OF 2014...

CLIMATE NORMAL PERIOD 1981 TO 2010
CLIMATE RECORD PERIOD 1896 TO 2015

WEATHER         OBSERVED          NORMAL  DEPART  LAST YEAR`S
                 VALUE   DATE(S)  VALUE   FROM    VALUE
                                          NORMAL
.............................................................
TEMPERATURE (F)
RECORD
 HIGH             110   07/19/1983
 LOW              -42   12/22/1989
HIGHEST           105   07/24        MM      MM      102
LOWEST            -28   12/31        MM      MM      -25
                        12/30
AVG. MAXIMUM     60.8              61.9    -1.1     61.5
AVG. MINIMUM     30.5              31.1    -0.6     31.2
MEAN             45.7              46.5    -0.8     46.3
DAYS MAX >= 90     29              33.8               MM
DAYS MAX <= 32     48              33.9               MM
DAYS MIN <= 32    194             191.2               MM
DAYS MIN <= 0      33              18.2               MM

PRECIPITATION (INCHES)
RECORD
 MAXIMUM        19.90   2010
 MINIMUM         3.99   2002
TOTALS          19.16             15.66    3.50    15.33
DAYS >= .01        98                MM               MM
DAYS >= .10        38                MM               MM
DAYS >= .50        11                MM               MM
DAYS >= 1.00        6                MM               MM
GREATEST
 24 HR. TOTAL    1.48   06/04 TO 06/04

DEGREE_DAYS
HEATING TOTAL    7396              7309      87     7475
 SINCE 7/1       2967              3082    -115     3089
COOLING TOTAL     499               564     -65      795
 SINCE 1/1        499               564     -65      795
..............................................................

WIND (MPH)
AVERAGE WIND SPEED              11.0
HIGHEST WIND SPEED/DIRECTION    56/300    DATE  06/01
HIGHEST GUST SPEED/DIRECTION    73/250    DATE  06/01

SKY COVER
POSSIBLE SUNSHINE (PERCENT)   MM
AVERAGE SKY COVER           0.30
NUMBER OF DAYS FAIR          226
NUMBER OF DAYS PC            101
NUMBER OF DAYS CLOUDY         34

AVERAGE RH (PERCENT)     66

WEATHER CONDITIONS. NUMBER OF DAYS WITH
THUNDERSTORM              0     MIXED PRECIP               0
HEAVY RAIN               14     RAIN                      26
LIGHT RAIN               82     FREEZING RAIN              0
LT FREEZING RAIN          0     HAIL                       0
HEAVY SNOW                3     SNOW                      15
LIGHT SNOW               74     SLEET                      0
FOG                     138     FOG W/VIS <= 1/4 MILE     22
HAZE                     33

-  INDICATES NEGATIVE NUMBERS.
R  INDICATES RECORD WAS SET OR TIED.
MM INDICATES DATA IS MISSING.
T  INDICATES TRACE AMOUNT.

$$




U.S. Dept. of Commerce
NOAA National Weather Service
1325 East West Highway
Silver Spring, MD 20910
E-mail: w-nws.webmaster@noaa.gov
Page last modified: May 16, 2007
NATIONAL WEATHER SERVICE: for Safety, for Work, for Fun - FOR LIFE