065
CXUS53 KABR 021729
CLAABR

FSDCLMABE 000
TTAA00 KABR 021729


CLIMATE REPORT
NATIONAL WEATHER SERVICE ABERDEEN SD
1129 AM CST THU JAN 2 2014

...................................

...THE ABERDEEN SD CLIMATE SUMMARY FOR THE YEAR OF 2013...

CLIMATE NORMAL PERIOD 1981 TO 2010
CLIMATE RECORD PERIOD 1896 TO 2013

WEATHER         OBSERVED          NORMAL  DEPART  LAST YEAR`S
                 VALUE   DATE(S)  VALUE   FROM    VALUE  DATE(S)
                                          NORMAL
................................................................
TEMPERATURE (F)
RECORD
 HIGH             115   07/09/1936
                        07/06/1936
 LOW              -46   01/12/1912
                        02/08/1895
HIGHEST            95   08/24        MM      MM       98  08/29
                                                          07/15
LOWEST            -31   02/01        MM      MM      -17  12/10
AVG. MAXIMUM     52.0              54.6    -2.6     59.8
AVG. MINIMUM     28.6              31.5    -2.9     33.6
MEAN             40.3              43.0    -2.7     46.7
DAYS MAX >= 90     12              13.0    -1.0       29
DAYS MAX <= 32     98              76.4    21.6       60
DAYS MIN <= 32    202             178.8    23.2      172
DAYS MIN <= 0      55              37.1    17.9       26

PRECIPITATION (INCHES)
RECORD
 MAXIMUM        42.11   1896
 MINIMUM         7.88   1976
TOTALS          21.90             21.72    0.18    14.64
DAILY AVG.       0.06
DAYS >= .01       110              94.4    15.6       97
DAYS >= .10        43              45.3    -2.3       42
DAYS >= .50        15              12.9     2.1        7
DAYS >= 1.00        3               4.0    -1.0        1

SNOWFALL (INCHES)
RECORDS
 TOTAL          110.8   1936
                        1937
TOTALS           64.4              38.1    26.3     30.8
 LIQUID EQUIV    6.44                MM      MM     3.08
SINCE 7/1        15.5              14.6     0.9     13.9
 LIQUID 7/1      1.55                MM      MM     1.39
DAYS >= TRACE      79              32.3    46.7       48
DAYS >= 1.0        13              11.3     1.7        8
GREATEST
 SNOW DEPTH        15   02/11                          8  12/10
                                                          12/09

DEGREE_DAYS
HEATING TOTAL    9445              8534     911     7342
 SINCE 7/1         MM              3491      MM       MM
COOLING TOTAL     580               525      55      764
 SINCE 1/1        580               525      55      764

FREEZE DATES
RECORD
 EARLIEST     MM
 LATEST       MM
EARLIEST                        MM
LATEST                          MM
.................................................................

WIND (MPH)
AVERAGE WIND SPEED              9.8
HIGHEST WIND SPEED/DIRECTION    45/330    DATE  01/19
HIGHEST GUST SPEED/DIRECTION    58/050    DATE  06/21


WEATHER CONDITIONS. NUMBER OF DAYS WITH
THUNDERSTORM              0     MIXED PRECIP               0
HEAVY RAIN               13     RAIN                      33
LIGHT RAIN               75     FREEZING RAIN              0
LT FREEZING RAIN          5     HAIL                       1
HEAVY SNOW                5     SNOW                      15
LIGHT SNOW               77     SLEET                      0
FOG                     175     FOG W/VIS <= 1/4 MILE     34
HAZE                     90

-  INDICATES NEGATIVE NUMBERS.
R  INDICATES RECORD WAS SET OR TIED.
MM INDICATES DATA IS MISSING.
T  INDICATES TRACE AMOUNT.

$$








U.S. Dept. of Commerce
NOAA National Weather Service
1325 East West Highway
Silver Spring, MD 20910
E-mail: w-nws.webmaster@noaa.gov
Page last modified: May 16, 2007
NATIONAL WEATHER SERVICE: for Safety, for Work, for Fun - FOR LIFE