841
CXUS53 KABR 021734
CLA8D3

FSDCLMSIS 000
TTAA00 KABR 021734


CLIMATE REPORT
NATIONAL WEATHER SERVICE ABERDEEN SD
1134 AM CST THU JAN 2 2014

...................................

...THE SISSETON SD CLIMATE SUMMARY FOR THE YEAR OF 2013...

CLIMATE NORMAL PERIOD 1981 TO 2010
CLIMATE RECORD PERIOD 1900 TO 2013

WEATHER         OBSERVED          NORMAL  DEPART  LAST YEAR`S
                 VALUE   DATE(S)  VALUE   FROM    VALUE  DATE(S)
                                          NORMAL
................................................................
TEMPERATURE (F)
RECORD
 HIGH             113   07/06/1936
                        05/30/1934
 LOW              -37   01/24/1936
HIGHEST            96   08/29        MM      MM       99  07/02
LOWEST            -23   02/20        MM      MM      -15  01/19
AVG. MAXIMUM     51.1              54.5    -3.4     58.4
AVG. MINIMUM     30.4              33.0    -2.6     35.2
MEAN             40.7              43.7    -3.0     46.8
DAYS MAX >= 90     14              10.3     3.7       19
DAYS MAX <= 32    111              77.9    33.1       62
DAYS MIN <= 32    193             168.3    24.7      156
DAYS MIN <= 0      52              33.0    19.0       25

PRECIPITATION (INCHES)
RECORD
 MAXIMUM        33.48   2005
 MINIMUM         8.77   1976
TOTALS          28.57             22.33    6.24    17.51
DAILY AVG.       0.08
DAYS >= .01       114                MM      MM       98
DAYS >= .10        54                MM      MM       39
DAYS >= .50        19                MM      MM        8
DAYS >= 1.00        6                MM      MM        3

SNOWFALL (INCHES)
RECORDS
 TOTAL             MM   MM
TOTALS           63.4                MM      MM     28.1
SINCE 7/1        13.1                MM      MM      9.0

DEGREE_DAYS
HEATING TOTAL    9346              8285    1061     7253
 SINCE 7/1         MM              3339      MM       MM
COOLING TOTAL     625               527      98      712
 SINCE 1/1        625               527      98      712
.................................................................

WIND (MPH)
AVERAGE WIND SPEED              10.1
HIGHEST WIND SPEED/DIRECTION    44/240    DATE  01/10
HIGHEST GUST SPEED/DIRECTION    61/230    DATE  01/10



-  INDICATES NEGATIVE NUMBERS.
R  INDICATES RECORD WAS SET OR TIED.
MM INDICATES DATA IS MISSING.
T  INDICATES TRACE AMOUNT.

$$







U.S. Dept. of Commerce
NOAA National Weather Service
1325 East West Highway
Silver Spring, MD 20910
E-mail: w-nws.webmaster@noaa.gov
Page last modified: May 16, 2007
NATIONAL WEATHER SERVICE: for Safety, for Work, for Fun - FOR LIFE