453
CXUS51 KPBZ 011001
CF6ZZV
PRELIMINARY LOCAL CLIMATOLOGICAL DATA (WS FORM: F-6)

                                          STATION:   ZANESVILLE OH
                                          MONTH:     NOVEMBER
                                          YEAR:      2014
                                          LATITUDE:   39 56 N
                                          LONGITUDE:  81 54 W

  TEMPERATURE IN F:       :PCPN:    SNOW:  WIND      :SUNSHINE: SKY     :PK WND
================================================================================
1   2   3   4   5  6A  6B    7    8   9   10  11  12  13   14  15   16   17  18
                                     12Z  AVG MX 2MIN
DY MAX MIN AVG DEP HDD CDD  WTR  SNW DPTH SPD SPD DIR MIN PSBL S-S WX    SPD DR
================================================================================

 1  42  36  39  -9  26   0 0.06    M    M 10.4 21 330   M    M   9 1      29 340
 2  47  26  37 -11  28   0 0.00    M    M  7.3 18 330   M    M   4        22 330
 3  60  24  42  -6  23   0 0.00    M    M  5.9 17 200   M    M   1        24 200
 4  67  43  55   8  10   0 0.01    M    M 10.4 21 210   M    M   3 1      30 210
 5  54  46  50   3  15   0 0.05    M    M  3.6 13 250   M    M   4 1      17 270
 6  54  42  48   1  17   0 0.30    M    M  8.4 23 270   M    M   9 138    35 270
 7  45  26  36 -10  29   0 0.01    M    M  8.1 18 320   M    M   7        24 330
 8  52  25  39  -7  26   0 0.00    M    M  8.0 17 310   M    M   5        23 280
 9  51  36  44  -2  21   0 0.00    M    M  5.9 15 210   M    M   5        21 200
10  63  35  49   4  16   0 0.00    M    M  7.0 16 190   M    M   1        22 200
11  69  45  57  12   8   0 0.04    M    M 10.4 21 290   M    M   3 1      29 190
12  47  34  41  -4  24   0    T    M    M  7.0 18 290   M    M  10        25 290
13  35  25  30 -14  35   0    T    M    M  7.7 14 270   M    M  10 8      18 260
14  33  20  27 -17  38   0    T    M    M  5.9 14 290   M    M   7 8      17 300
15  36  20  28 -16  37   0 0.00    M    M  3.4 13 270   M    M   3        17 270
16  38  28  33 -10  32   0 0.09    M    M  4.4 12 200   M    M  10 18     16 200
17  34  17  26 -17  39   0 0.47    M    M  9.2 22 260   M    M   9 18     33 260
18  20  12  16 -26  49   0    T    M    M 13.0 23 260   M    M   6 8      33 250
19  39  12  26 -16  39   0    T    M    M 11.7 26 260   M    M   7        39 250
20  31  22  27 -15  38   0    T    M    M 11.7 21 260   M    M   7        28 240
21  28  13  21 -20  44   0 0.00    M    M  3.1 12 260   M    M   0        14 260
22  48  13  31 -10  34   0 0.04    M    M  5.4 12 170   M    M   6 6      14 180
23  62  41  52  12  13   0 0.33    M    M  9.6 20 160   M    M   7 1      27 150
24  65  40  53  13  12   0 0.04    M    M 16.9 37 200   M    M   7 1      49 190
25  43  27  35  -5  30   0 0.00    M    M  6.2 18 270   M    M   2        24 260
26  40  27  34  -5  31   0 0.00    M    M  3.8  8 360   M    M   7        12  20
27  33  28  31  -8  34   0 0.03    M    M  7.4 15 290   M    M  10 128    21 290
28  30  24  27 -11  38   0    T    M    M  6.8 13 270   M    M   7 8      16 280
29  52  27  40   2  25   0 0.00    M    M  8.9 16 190   M    M   6        22 180
30  63  52  58  20   7   0 0.00    M    M 11.8 21 210   M    M  10        29 210
================================================================================
SM 1381  866       818   0  1.47    M    239.3          M      182
================================================================================
AV 46.0 28.9                               8.0 FASTST   M    M   6    MAX(MPH)
                                 MISC ---->  # 37 200               # 49  190
================================================================================
NOTES:
# LAST OF SEVERAL OCCURRENCES

COLUMN 17 PEAK WIND IN M.P.H.

PRELIMINARY LOCAL CLIMATOLOGICAL DATA (WS FORM: F-6) , PAGE 2

                                          STATION:  ZANESVILLE OH
                                          MONTH:    NOVEMBER
                                          YEAR:     2014
                                          LATITUDE:   39 56 N
                                          LONGITUDE:  81 54 W

[TEMPERATURE DATA]      [PRECIPITATION DATA]       SYMBOLS USED IN COLUMN 16

AVERAGE MONTHLY: 37.5   TOTAL FOR MONTH:   1.47    1 = FOG OR MIST
DPTR FM NORMAL:  -5.8   DPTR FM NORMAL:   -1.67    2 = FOG REDUCING VISIBILITY
HIGHEST:    69 ON 11    GRTST 24HR  0.56 ON 16-17      TO 1/4 MILE OR LESS
LOWEST:     12 ON 19,18                            3 = THUNDER
                        SNOW, ICE PELLETS, HAIL    4 = ICE PELLETS
                        TOTAL MONTH:    M          5 = HAIL
                        GRTST 24HR    M  ON   M    6 = FREEZING RAIN OR DRIZZLE
                        GRTST DEPTH:  M  ON   M    7 = DUSTSTORM OR SANDSTORM:
                                                       VSBY 1/2 MILE OR LESS
                                                   8 = SMOKE OR HAZE
[NO. OF DAYS WITH]      [WEATHER - DAYS WITH]      9 = BLOWING SNOW
                                                   X = TORNADO
MAX 32 OR BELOW:   4    0.01 INCH OR MORE:  12
MAX 90 OR ABOVE:   0    0.10 INCH OR MORE:   3
MIN 32 OR BELOW:  19    0.50 INCH OR MORE:   0
MIN  0 OR BELOW:   0    1.00 INCH OR MORE:   0

[HDD (BASE 65) ]
TOTAL THIS MO.   818    CLEAR  (SCALE 0-3)   5
DPTR FM NORMAL   164    PTCLDY (SCALE 4-7)  17
TOTAL FM JUL 1  1307    CLOUDY (SCALE 8-10)  8
DPTR FM NORMAL   166

[CDD (BASE 65) ]
TOTAL THIS MO.     0
DPTR FM NORMAL     0    [PRESSURE DATA]
TOTAL FM JAN 1   727    HIGHEST SLP 30.55 ON 21
DPTR FM NORMAL   -41    LOWEST  SLP 29.32 ON 24

[REMARKS]
#FINAL-11-14#




U.S. Dept. of Commerce
NOAA National Weather Service
1325 East West Highway
Silver Spring, MD 20910
E-mail: w-nws.webmaster@noaa.gov
Page last modified: May 16, 2007
NATIONAL WEATHER SERVICE: for Safety, for Work, for Fun - FOR LIFE