893
CXUS51 KCLE 241004
CF6YNG
PRELIMINARY LOCAL CLIMATOLOGICAL DATA (WS FORM: F-6)

                                          STATION:   YOUNGSTOWN OH
                                          MONTH:     APRIL
                                          YEAR:      2014
                                          LATITUDE:   41 16 N
                                          LONGITUDE:  80 40 W

  TEMPERATURE IN F:       :PCPN:    SNOW:  WIND      :SUNSHINE: SKY     :PK WND
================================================================================
1   2   3   4   5  6A  6B    7    8   9   10  11  12  13   14  15   16   17  18
                                     12Z  AVG MX 2MIN
DY MAX MIN AVG DEP HDD CDD  WTR  SNW DPTH SPD SPD DIR MIN PSBL S-S WX    SPD DR
================================================================================

 1  73  41  57  14   8   0    T  0.0    0 14.1 27 220   M    M   7        43 240
 2  58  39  49   6  16   0 0.00  0.0    0  7.2 14 280   M    M   9        20 280
 3  51  36  44   0  21   0 0.60  0.0    0  9.8 17 100   M    M  10 1      23 100
 4  66  38  52   8  13   0 0.38  0.0    0 13.3 30 260   M    M  10 12     45 260
 5  43  28  36  -9  29   0    T    T    0 11.3 21 260   M    M   7        36 260
 6  55  22  39  -6  26   0 0.00  0.0    0  4.2  8  90   M    M   4         M  M
 7  52  41  47   2  18   0 0.50  0.0    0 11.1 17 130   M    M  10 13     23  90
 8  56  38  47   1  18   0 0.06  0.0    0 11.1 25 220   M    M   7 1      37 220
 9  53  34  44  -2  21   0 0.00  0.0    0  7.5 22 320   M    M   4        26 320
10  69  40  55   8  10   0 0.05  0.0    0 13.3 26 210   M    M   5 1      38 220
11  53  43  48   1  17   0 0.54  0.0    0  4.2 10  90   M    M   8 1      15  30
12  71  39  55   8  10   0 0.00  0.0    0  7.3 17 170   M    M   5 1      24 190
13  80  50  65  17   0   0 0.00  0.0    0 12.5 28 220   M    M   9        36 230
14  72  50  61  13   4   0 0.10  0.0    0 13.2 29 220   M    M  10 1      39 220
15  50  25  38 -10  27   0 0.26  1.2    0 12.0 21 330   M    M   9 146    28 330
16  43  18  31 -18  34   0    T    T    T  3.7 13 110   M    M   5 1      16 100
17  63  34  49   0  16   0 0.00  0.0    0 11.4 17 130   M    M   5        23 190
18  68  41  55   5  10   0 0.00  0.0    0  8.7 18 320   M    M   8        22 310
19  60  37  49  -1  16   0 0.00  0.0    0  7.3 15 360   M    M   4 1      20  20
20  73  35  54   4  11   0 0.00  0.0    0  7.8 15 120   M    M   5        20 140
21  78  46  62  11   3   0 0.00  0.0    0  8.2 17 260   M    M   7        21 230
22  66  39  53   2  12   0 0.17  0.0    0 12.4 23 340   M    M  10 1      29 310
23  49  31  40 -11  25   0    T  0.0    0 11.8 23 310   M    M   8        29 310
================================================================================
SM 1402  845       365   0  2.66     1.2 223.4          M      166
================================================================================
AV 61.0 36.7                               9.7 FASTST   M    M   7    MAX(MPH)
                                 MISC ---->    30   M                 45    M
================================================================================
NOTES:
# LAST OF SEVERAL OCCURRENCES

COLUMN 17 PEAK WIND IN M.P.H.

PRELIMINARY LOCAL CLIMATOLOGICAL DATA (WS FORM: F-6) , PAGE 2

                                          STATION:  YOUNGSTOWN OH
                                          MONTH:    APRIL
                                          YEAR:     2014
                                          LATITUDE:   41 16 N
                                          LONGITUDE:  80 40 W

[TEMPERATURE DATA]      [PRECIPITATION DATA]       SYMBOLS USED IN COLUMN 16

AVERAGE MONTHLY: 48.8   TOTAL FOR MONTH:   2.66    1 = FOG OR MIST
DPTR FM NORMAL:   1.6   DPTR FM NORMAL:    0.04    2 = FOG REDUCING VISIBILITY
HIGHEST:    80 ON 13    GRTST 24HR  0.60 ON  3- 3      TO 1/4 MILE OR LESS
LOWEST:     18 ON 16                               3 = THUNDER
                        SNOW, ICE PELLETS, HAIL    4 = ICE PELLETS
                        TOTAL MONTH:   1.2 INCHES  5 = HAIL
                        GRTST 24HR   1.2 ON   M    6 = FREEZING RAIN OR DRIZZLE
                        GRTST DEPTH:   T           7 = DUSTSTORM OR SANDSTORM:
                                                       VSBY 1/2 MILE OR LESS
                                                   8 = SMOKE OR HAZE
[NO. OF DAYS WITH]      [WEATHER - DAYS WITH]      9 = BLOWING SNOW
                                                   X = TORNADO
MAX 32 OR BELOW:   0    0.01 INCH OR MORE:   9
MAX 90 OR ABOVE:   0    0.10 INCH OR MORE:   7
MIN 32 OR BELOW:   5    0.50 INCH OR MORE:   3
MIN  0 OR BELOW:   0    1.00 INCH OR MORE:   0

[HDD (BASE 65) ]
TOTAL THIS MO.   365    CLEAR  (SCALE 0-3)   0
DPTR FM NORMAL   -47    PTCLDY (SCALE 4-7)  15
TOTAL FM JUL 1  6511    CLOUDY (SCALE 8-10)  8
DPTR FM NORMAL   575

[CDD (BASE 65) ]
TOTAL THIS MO.     0
DPTR FM NORMAL     0    [PRESSURE DATA]
TOTAL FM JAN 1     0    HIGHEST SLP M ON M
DPTR FM NORMAL    -1    LOWEST  SLP 29.33 ON  8

[REMARKS]




U.S. Dept. of Commerce
NOAA National Weather Service
1325 East West Highway
Silver Spring, MD 20910
E-mail: w-nws.webmaster@noaa.gov
Page last modified: May 16, 2007
NATIONAL WEATHER SERVICE: for Safety, for Work, for Fun - FOR LIFE