572
CXUS51 KCLE 241004
CF6YNG
PRELIMINARY LOCAL CLIMATOLOGICAL DATA (WS FORM: F-6)

                                          STATION:   YOUNGSTOWN OH
                                          MONTH:     NOVEMBER
                                          YEAR:      2014
                                          LATITUDE:   41 16 N
                                          LONGITUDE:  80 40 W

  TEMPERATURE IN F:       :PCPN:    SNOW:  WIND      :SUNSHINE: SKY     :PK WND
================================================================================
1   2   3   4   5  6A  6B    7    8   9   10  11  12  13   14  15   16   17  18
                                     12Z  AVG MX 2MIN
DY MAX MIN AVG DEP HDD CDD  WTR  SNW DPTH SPD SPD DIR MIN PSBL S-S WX    SPD DR
================================================================================

 1  42  34  38  -8  27   0 0.01    T    0 12.0 22 360   M    M   9 1      30 360
 2  45  28  37  -9  28   0 0.00  0.0    0 10.5 20 330   M    M   5        27 360
 3  57  27  42  -4  23   0 0.00  0.0    0  8.8 17 200   M    M   4        22 220
 4  66  48  57  11   8   0 0.15  0.0    0 12.7 23 200   M    M   9 1      32 210
 5  58  43  51   6  14   0 0.03  0.0    0  9.7 21 250   M    M   7 1      28 260
 6  47  40  44  -1  21   0 0.52  0.0    0  5.6 14 120   M    M  10 1      18 120
 7  44  30  37  -8  28   0 0.11    T    0 11.0 24 330   M    M   8 1      32 340
 8  46  30  38  -6  27   0    T  0.0    0  9.8 21 260   M    M   9        26 270
 9  49  38  44   0  21   0    T  0.0    0  9.2 18 250   M    M   9        25 220
10  62  43  53   9  12   0 0.00  0.0    0  8.2 16 150   M    M   8        22 160
11  68  50  59  16   6   0 0.08  0.0    0 12.6 23 200   M    M   6 1      31 200
12  50  33  42  -1  23   0 0.03  0.0    0  9.8 22 280   M    M   9 1      30 270
13  33  27  30 -12  35   0 0.07  0.7    0  8.3 15 280   M    M  10 1      22 280
14  30  22  26 -16  39   0 0.08  0.9    1 10.2 16 260   M    M  10 1      21 290
15  36  27  32 -10  33   0 0.01  0.2    1  7.5 15 260   M    M   7        19 240
16  35  27  31 -10  34   0 0.06  0.6    0  5.1 13 200   M    M  10 1      18 220
17  33  17  25 -16  40   0 0.43  4.4    3 10.9 30 260   M    M  10 12     37 260
18  18  11  15 -26  50   0 0.01  0.3    4 19.6 29 250   M    M   8        37 240
19  34   9  22 -18  43   0 0.03  0.4    3 12.5 28 260   M    M   7        36 260
20  29  20  25 -15  40   0 0.02  0.3    3 17.5 28 250   M    M  10 1      38 240
21  25  16  21 -19  44   0 0.05  0.8    4  7.6 16 270   M    M   5 1      24 280
22  47  17  32  -7  33   0 0.15    T    3 10.4 16 210   M    M   8 16     24 220
23  58  42  50  11  15   0 0.24  0.0    0 11.2 26 120   M    M  10 1      36 130
================================================================================
SM 1012  679       644   0  2.08     8.6 240.7          M      188
================================================================================
AV 44.0 29.5                              10.5 FASTST   M    M   8    MAX(MPH)
                                 MISC ---->  # 30 260               # 38  240
================================================================================
NOTES:
# LAST OF SEVERAL OCCURRENCES

COLUMN 17 PEAK WIND IN M.P.H.

PRELIMINARY LOCAL CLIMATOLOGICAL DATA (WS FORM: F-6) , PAGE 2

                                          STATION:  YOUNGSTOWN OH
                                          MONTH:    NOVEMBER
                                          YEAR:     2014
                                          LATITUDE:   41 16 N
                                          LONGITUDE:  80 40 W

[TEMPERATURE DATA]      [PRECIPITATION DATA]       SYMBOLS USED IN COLUMN 16

AVERAGE MONTHLY: 36.8   TOTAL FOR MONTH:   2.08    1 = FOG OR MIST
DPTR FM NORMAL:  -6.0   DPTR FM NORMAL:   -0.35    2 = FOG REDUCING VISIBILITY
HIGHEST:    68 ON 11    GRTST 24HR  0.60 ON  6- 7      TO 1/4 MILE OR LESS
LOWEST:      9 ON 19                               3 = THUNDER
                        SNOW, ICE PELLETS, HAIL    4 = ICE PELLETS
                        TOTAL MONTH:   8.6 INCHES  5 = HAIL
                        GRTST 24HR   4.4 ON   M    6 = FREEZING RAIN OR DRIZZLE
                        GRTST DEPTH:   4 ON 21,18  7 = DUSTSTORM OR SANDSTORM:
                                                       VSBY 1/2 MILE OR LESS
                                                   8 = SMOKE OR HAZE
[NO. OF DAYS WITH]      [WEATHER - DAYS WITH]      9 = BLOWING SNOW
                                                   X = TORNADO
MAX 32 OR BELOW:   4    0.01 INCH OR MORE:  18
MAX 90 OR ABOVE:   0    0.10 INCH OR MORE:   6
MIN 32 OR BELOW:  14    0.50 INCH OR MORE:   1
MIN  0 OR BELOW:   0    1.00 INCH OR MORE:   0

[HDD (BASE 65) ]
TOTAL THIS MO.   644    CLEAR  (SCALE 0-3)   0
DPTR FM NORMAL   132    PTCLDY (SCALE 4-7)  10
TOTAL FM JUL 1  1225    CLOUDY (SCALE 8-10) 13
DPTR FM NORMAL    92

[CDD (BASE 65) ]
TOTAL THIS MO.     0
DPTR FM NORMAL     0    [PRESSURE DATA]
TOTAL FM JAN 1   533    HIGHEST SLP M ON M
DPTR FM NORMAL   -11    LOWEST  SLP 29.41 ON 23

[REMARKS]




U.S. Dept. of Commerce
NOAA National Weather Service
1325 East West Highway
Silver Spring, MD 20910
E-mail: w-nws.webmaster@noaa.gov
Page last modified: May 16, 2007
NATIONAL WEATHER SERVICE: for Safety, for Work, for Fun - FOR LIFE