357
CXUS56 KPDT 191032
CF6YKM
PRELIMINARY LOCAL CLIMATOLOGICAL DATA (WS FORM: F-6)

                                          STATION:   YAKIMA WA
                                          MONTH:     SEPTEMBER
                                          YEAR:      2014
                                          LATITUDE:   46 34 N
                                          LONGITUDE: 120 32 W

  TEMPERATURE IN F:       :PCPN:    SNOW:  WIND      :SUNSHINE: SKY     :PK WND
================================================================================
1   2   3   4   5  6A  6B    7    8   9   10  11  12  13   14  15   16   17  18
                                     12Z  AVG MX 2MIN
DY MAX MIN AVG DEP HDD CDD  WTR  SNW DPTH SPD SPD DIR MIN PSBL S-S WX    SPD DR
================================================================================

 1  81  45  63  -2   2   0 0.00  0.0    0  4.8 14 350   M    M   0        17 350
 2  83  46  65   0   0   0    T  0.0    0 11.2 32 280   M    M   1        53 300
 3  75  47  61  -4   4   0 0.00  0.0    0 10.9 29 330   M    M   1        36 330
 4  79  43  61  -3   4   0 0.00  0.0    0  5.1 12 270   M    M   0        16 320
 5  84  44  64   0   1   0 0.00  0.0    0  6.7 15 300   M    M   0        23 310
 6  88  45  67   3   0   2 0.00  0.0    0  6.8 16 300   M    M   0        18 300
 7  90  45  68   4   0   3 0.00    M    0  6.2 15 300   M    M   0        17 320
 8  87  45  66   3   0   1 0.00    M    0 10.5 28 290   M    M   0        40 310
 9  82  50  66   3   0   1 0.00  0.0    0 10.9  M   M   M    M   1         M  M
10  75  48  62  -1   3   0 0.00  0.0    0  8.1 20  50   M    M   3        30  50
11  69  42  56  -6   9   0 0.00  0.0    0  9.5 20  20   M    M   0        32 330
12  77  37  57  -5   8   0 0.00  0.0    0  7.6 15 300   M    M   0        28 320
13  81  39  60  -2   5   0 0.00  0.0    0  6.1 13 300   M    M   0        16 310
14  82  39  61   0   4   0 0.00  0.0    0  5.9 14 270   M    M   0        17 310
15  87  42  65   4   0   0 0.00  0.0    0  6.0 18 290   M    M   0        31 310
16  88  51  70   9   0   5 0.00  0.0    0  5.4 12 290   M    M   0        13 300
17  85  54  70  10   0   5    T  0.0    0  3.9 12 250   M    M   0        14 310
18  80  54  67   7   0   2 0.00  0.0    0  4.8 20 310   M    M   5        31 320
================================================================================
SM 1473  816        40  19    T      0.0 130.4          M       11
================================================================================
AV 81.8 45.3                               7.2 FASTST   M    M   1    MAX(MPH)
                                 MISC ---->  # 32 280               # 53  300
================================================================================
NOTES:
# LAST OF SEVERAL OCCURRENCES

COLUMN 17 PEAK WIND IN M.P.H.

PRELIMINARY LOCAL CLIMATOLOGICAL DATA (WS FORM: F-6) , PAGE 2

                                          STATION:  YAKIMA WA
                                          MONTH:    SEPTEMBER
                                          YEAR:     2014
                                          LATITUDE:   46 34 N
                                          LONGITUDE: 120 32 W

[TEMPERATURE DATA]      [PRECIPITATION DATA]       SYMBOLS USED IN COLUMN 16

AVERAGE MONTHLY: 63.6   TOTAL FOR MONTH:      T    1 = FOG OR MIST
DPTR FM NORMAL:   0.9   DPTR FM NORMAL:   -0.21    2 = FOG REDUCING VISIBILITY
HIGHEST:    90 ON  7    GRTST 24HR    T  ON 17-17      TO 1/4 MILE OR LESS
LOWEST:     37 ON 12                               3 = THUNDER
                        SNOW, ICE PELLETS, HAIL    4 = ICE PELLETS
                        TOTAL MONTH:   0.0 INCH    5 = HAIL
                        GRTST 24HR     0.0         6 = FREEZING RAIN OR DRIZZLE
                        GRTST DEPTH:   0           7 = DUSTSTORM OR SANDSTORM:
                                                       VSBY 1/2 MILE OR LESS
                                                   8 = SMOKE OR HAZE
[NO. OF DAYS WITH]      [WEATHER - DAYS WITH]      9 = BLOWING SNOW
                                                   X = TORNADO
MAX 32 OR BELOW:   0    0.01 INCH OR MORE:   0
MAX 90 OR ABOVE:   1    0.10 INCH OR MORE:   0
MIN 32 OR BELOW:   0    0.50 INCH OR MORE:   0
MIN  0 OR BELOW:   0    1.00 INCH OR MORE:   0

[HDD (BASE 65) ]
TOTAL THIS MO.    40    CLEAR  (SCALE 0-3)  17
DPTR FM NORMAL   -26    PTCLDY (SCALE 4-7)   1
TOTAL FM JUL 1    46    CLOUDY (SCALE 8-10)  0
DPTR FM NORMAL   -68

[CDD (BASE 65) ]
TOTAL THIS MO.    19
DPTR FM NORMAL    -8    [PRESSURE DATA]
TOTAL FM JAN 1   846    HIGHEST SLP 30.45 ON 11
DPTR FM NORMAL   379    LOWEST  SLP 29.60 ON 17

[REMARKS]




U.S. Dept. of Commerce
NOAA National Weather Service
1325 East West Highway
Silver Spring, MD 20910
E-mail: w-nws.webmaster@noaa.gov
Page last modified: May 16, 2007
NATIONAL WEATHER SERVICE: for Safety, for Work, for Fun - FOR LIFE