549
CXUS56 KPDT 021941
CF6YKM
PRELIMINARY LOCAL CLIMATOLOGICAL DATA (WS FORM: F-6)

                                          STATION:   YAKIMA WA
                                          MONTH:     NOVEMBER
                                          YEAR:      2014
                                          LATITUDE:   46 34 N
                                          LONGITUDE: 120 32 W

  TEMPERATURE IN F:       :PCPN:    SNOW:  WIND      :SUNSHINE: SKY     :PK WND
================================================================================
1   2   3   4   5  6A  6B    7    8   9   10  11  12  13   14  15   16   17  18
                                     12Z  AVG MX 2MIN
DY MAX MIN AVG DEP HDD CDD  WTR  SNW DPTH SPD SPD DIR MIN PSBL S-S WX    SPD DR
================================================================================

 1  60  39  50   7  15   0 0.00  0.0    0  9.0 25 320   M    M   1        41 320
 2  61  31  46   4  19   0 0.02  0.0    0  2.2 10 210   M    M   3        13 220
 3  58  41  50   8  15   0 0.02  0.0    0  3.6 17 190   M    M   5        23 190
 4  71  43  57  15   8   0 0.02  0.0    0  6.2 28 310   M    M   4        35 300
 5  57  42  50   9  15   0 0.01  0.0    0  5.0 10 280   M    M   5        14 280
 6  66  45  56  15   9   0    T  0.0    0  7.4 35 190   M    M   2        46 210
 7  60  31  46   5  19   0 0.00  0.0    0  4.8 10 270   M    M   0        15  80
 8  57  29  43   3  22   0 0.00  0.0    0  4.6  9 120   M    M   0        12 120
 9  64  32  48   8  17   0 0.03  0.0    0  9.4 39 280   M    M   2 1      49 270
10  52  29  41   1  24   0 0.00  0.0    0  5.1 18  30   M    M   5        24  20
11  45  26  36  -3  29   0 0.00  0.0    0 11.8 26  20   M    M   5        36  30
12  36  17  27 -12  38   0 0.00  0.0    0  8.3 17  20   M    M   0        22  30
13  33  22  28 -10  37   0 0.00  0.0    0  3.4 16  20   M    M   7        20  30
14  41  14  28 -10  37   0 0.00  0.0    0  5.9 13  70   M    M   4        17 350
15  40  12  26 -12  39   0 0.00  0.0    0  5.4 12 290   M    M   0 8      12 280
16  36   8  22 -15  43   0 0.00  0.0    0  3.5  9 290   M    M   0 8      13 120
17  39  10  25 -12  40   0 0.00  0.0    0  3.9 10 170   M    M   0 8      13 100
18  34   8  21 -15  44   0 0.00  0.0    0  3.3  8 290   M    M   0 8       8 290
19  34  15  25 -11  40   0 0.00  0.0    0  1.6  8  70   M    M   3 18      9  80
20  39  19  29  -7  36   0 0.01  0.0    0  1.9  6  20   M    M   6 18      9  80
21  34  22  28  -7  37   0 0.20    T    0  2.2  9  90   M    M   8 168    11  90
22  49  27  38   3  27   0    T  0.0    0  4.2 14 260   M    M   4 128    20 270
23  52  27  40   6  25   0 0.00  0.0    0  6.0 23 280   M    M   1        34 290
24  47  25  36   2  29   0 0.00  0.0    0  3.1 12 310   M    M   1        13 280
25  54  30  42   8  23   0 0.01  0.0    0  3.1 12 170   M    M   7 1      13 280
26  48  36  42   9  23   0 0.00  0.0    0  1.9  8 290   M    M   7 128     9 280
27  64  35  50  17  15   0 0.00  0.0    0 15.7 28 190   M    M   3 1      36 170
28  63  40  52  19  13   0    T  0.0    0 14.9 29 210   M    M   4        39 220
29  44  18  31  -1  34   0    T    T    0  5.7 20 320   M    M   5        24 320
30  31  12  22 -10  43   0 0.00  0.0    0  3.0 12  10   M    M   5        14  10
================================================================================
SM 1469  785       815   0  0.32    T    166.1          M       97
================================================================================
AV 49.0 26.2                               5.5 FASTST   M    M   3    MAX(MPH)
                                 MISC ---->  # 39 280               # 49  270
================================================================================
NOTES:
# LAST OF SEVERAL OCCURRENCES

COLUMN 17 PEAK WIND IN M.P.H.

PRELIMINARY LOCAL CLIMATOLOGICAL DATA (WS FORM: F-6) , PAGE 2

                                          STATION:  YAKIMA WA
                                          MONTH:    NOVEMBER
                                          YEAR:     2014
                                          LATITUDE:   46 34 N
                                          LONGITUDE: 120 32 W

[TEMPERATURE DATA]      [PRECIPITATION DATA]       SYMBOLS USED IN COLUMN 16

AVERAGE MONTHLY: 37.6   TOTAL FOR MONTH:   0.32    1 = FOG OR MIST
DPTR FM NORMAL:   0.3   DPTR FM NORMAL:   -0.73    2 = FOG REDUCING VISIBILITY
HIGHEST:    71 ON  4    GRTST 24HR  0.20 ON 21-21      TO 1/4 MILE OR LESS
LOWEST:      8 ON 18,16                            3 = THUNDER
                        SNOW, ICE PELLETS, HAIL    4 = ICE PELLETS
                        TOTAL MONTH:    T          5 = HAIL
                        GRTST 24HR    T  ON 29-29  6 = FREEZING RAIN OR DRIZZLE
                        GRTST DEPTH:   0           7 = DUSTSTORM OR SANDSTORM:
                                                       VSBY 1/2 MILE OR LESS
                                                   8 = SMOKE OR HAZE
[NO. OF DAYS WITH]      [WEATHER - DAYS WITH]      9 = BLOWING SNOW
                                                   X = TORNADO
MAX 32 OR BELOW:   1    0.01 INCH OR MORE:   8
MAX 90 OR ABOVE:   0    0.10 INCH OR MORE:   1
MIN 32 OR BELOW:  22    0.50 INCH OR MORE:   0
MIN  0 OR BELOW:   0    1.00 INCH OR MORE:   0

[HDD (BASE 65) ]
TOTAL THIS MO.   815    CLEAR  (SCALE 0-3)  14
DPTR FM NORMAL   -14    PTCLDY (SCALE 4-7)  16
TOTAL FM JUL 1  1184    CLOUDY (SCALE 8-10)  0
DPTR FM NORMAL  -349

[CDD (BASE 65) ]
TOTAL THIS MO.     0
DPTR FM NORMAL     0    [PRESSURE DATA]
TOTAL FM JAN 1   871    HIGHEST SLP 30.74 ON 16
DPTR FM NORMAL   399    LOWEST  SLP 29.30 ON 28

[REMARKS]
#FINAL-11-14#




U.S. Dept. of Commerce
NOAA National Weather Service
1325 East West Highway
Silver Spring, MD 20910
E-mail: w-nws.webmaster@noaa.gov
Page last modified: May 16, 2007
NATIONAL WEATHER SERVICE: for Safety, for Work, for Fun - FOR LIFE