482
CXAK56 PAYA 250924
CF6YAK

PRELIMINARY LOCAL CLIMATOLOGICAL DATA (WS FORM: F-6)

                                          STATION:   YAKUTAT
                                          MONTH:     01
                                          YEAR:      2015
                                          LATITUDE:   59 31 N
                                          LONGITUDE: 139 40 W

  TEMPERATURE IN F:       :PCPN:    SNOW:  WIND      :SUNSHINE: SKY     :PK WND
================================================================================
1   2   3   4   5  6A  6B    7     8   9   10  11  12  13   14  15   16  17  18
                                      12Z  AVG MX 2MIN
DY MAX MIN AVG DEP HDD CDD  WTR   SNW DPTH SPD SPD DIR MIN PSBL S-S WX   SPD DR
================================================================================

 1  43  31  37   8  28   0  0.60  0.0   0  6.3 24   70   M    M   M 1     34  70
 2  38  28  33   4  32   0  0.00  0.0   0 10.6 23   70   M    M   M 1     32  70
 3  35  22  29   1  36   0  0.00  0.0   0 16.7 32   50   M    M   M       47  60
 4  41  17  29   1  36   0  0.00  0.0   0  8.5 25   50   M    M   M       35  60
 5  30  11  21  -7  44   0  0.00  0.0   0  0.9  6   10   M    M   M        6  10
 6  32  11  22  -6  43   0  0.00  0.0   0  0.6  6   10   M    M   M        6  30
 7  42  27  35   7  30   0  0.00  0.0   0  2.5 10  100   M    M   M 1     14  90
 8  42  37  40  12  25   0  0.21  0.0   0  4.4  8  120   M    M   M 1     11  90
 9  39  32  36   8  29   0  0.03  0.0   0  1.8  7   40   M    M   M 1      9 140
10  39  32  36   8  29   0     T  0.0   0  2.3  7   20   M    M   M 1      8  20
11  39  35  37   9  28   0  0.37  0.0   0  2.9  7   60   M    M   M 1      9  80
12  45  38  42  14  23   0  1.59  0.0   0  8.5 14  110   M    M   M 1     21 100
13  47  40  44  16  21   0  0.63  0.0   0  8.4 18  130   M    M   M 1     28 150
14  46  40  43  15  22   0  1.77  0.0   0 10.4 18  120   M    M   M 1     29  90
15  45  41  43  15  22   0  1.33  0.0   0  9.4 18  220   M    M   M 1     28 210
16  45  37  41  13  24   0  1.78    T   0  9.9 26  120   M    M   M 1248  37 120
17  45  35  40  12  25   0  0.23  0.0   0  5.7 28  130   M    M   M 2     45 120
18  38  30  34   6  31   0  0.00  0.0   0  1.8 12  140   M    M   M 2     19 140
19  40  31  36   8  29   0  0.06  0.0   0  3.2 12   70   M    M   M 1     15  60
20  45  36  41  13  24   0  0.81    T   0  8.1 20   70   M    M   M 1248  29 130
21  45  30  38  10  27   0  1.03  0.0   0  6.4 15  210   M    M   M 1     22  80
22  46  42  44  16  21   0  1.63  0.0   0 11.5 24  130   M    M   M 1     36 120
23  46  41  44  16  21   0  0.93  0.0   0 10.3 20  190   M    M   M 1     26 190
24  45  38  42  14  23   0  0.34  0.0   0  6.5 20  220   M    M   M 1     26 230
================================================================================
SM  998  762       673   0 13.34     T    157.6           M        M
================================================================================
AV 41.6 31.8                              6.6 FASTST  PSBL  %   M    MAX(MPH)
                                 MISC ---->     32   50                 47  60
================================================================================
NOTES:
# LAST OF SEVERAL OCCURRENCES

COLUMN 17 PEAK WIND IN M.P.H.

PRELIMINARY LOCAL CLIMATOLOGICAL DATA (WS FORM: F-6) , PAGE 2

                                          STATION:   YAKUTAT
                                          MONTH:     01
                                          YEAR:      2015
                                          LATITUDE:  59 31 N
                                          LONGITUDE: 139 40 W

[TEMPERATURE DATA]      [PRECIPITATION DATA]       SYMBOLS USED IN COLUMN 16

AVERAGE MONTHLY:36.7   TOTAL FOR MONTH:13.34       1 = FOG
DPTR FM NORMAL:  8.6   DPTR FM NORMAL: 2.55       2 = FOG REDUCING VISIBILITY
HIGHEST:    47 ON 13    GRTST 24HR   1.78 ON 16        TO 1/4 MILE OR LESS
LOWEST:     11 ON  6                               3 = THUNDER
                        SNOW, ICE PELLETS, HAIL    4 = ICE PELLETS
                        TOTAL MONTH:     T         5 = HAIL
                        GRTST 24HR     T ON 20     6 = GLAZE OR RIME
                        GRTST DEPTH:    0          7 = BLOWING DUST OR SAND:
                                                       VSBY 1/2 MILE OR LESS
                                                   8 = SMOKE OR HAZE
[NO. OF DAYS WITH]      [WEATHER - DAYS WITH]      9 = BLOWING SNOW
                                                   X = TORNADO
MAX 32 OR BELOW:   2    0.01 INCH OR MORE:  16
MAX 70 OR ABOVE:   0    0.10 INCH OR MORE:  14
MIN 32 OR BELOW:  12    0.50 INCH OR MORE:  10
MIN  0 OR BELOW:   0    1.00 INCH OR MORE:   6

[HDD (BASE 65) ]
TOTAL THIS MO.   673    CLEAR  (SCALE 0-3)   M
DPTR FM NORMAL  -214    PTCLDY (SCALE 4-7)   M
SEASONAL TOTAL  4318    CLOUDY (SCALE 8-10)  M
DPTR FM NORMAL  -563

[CDD (BASE 65) ]
TOTAL THIS MO.     0
DPTR FM NORMAL     0    [PRESSURE DATA]
SEASONAL TOTAL     0    HIGHEST SLP     M
DPTR FM NORMAL     0    LOWEST  SLP     M

[REMARKS]






U.S. Dept. of Commerce
NOAA National Weather Service
1325 East West Highway
Silver Spring, MD 20910
E-mail: w-nws.webmaster@noaa.gov
Page last modified: May 16, 2007
NATIONAL WEATHER SERVICE: for Safety, for Work, for Fun - FOR LIFE