020
CXAK56 PAYA 241207
CF6YAK

PRELIMINARY LOCAL CLIMATOLOGICAL DATA (WS FORM: F-6)

                                          STATION:   YAKUTAT
                                          MONTH:     04
                                          YEAR:      2014
                                          LATITUDE:   59 31 N
                                          LONGITUDE: 139 40 W

  TEMPERATURE IN F:       :PCPN:    SNOW:  WIND      :SUNSHINE: SKY     :PK WND
================================================================================
1   2   3   4   5  6A  6B    7     8   9   10  11  12  13   14  15   16  17  18
                                      12Z  AVG MX 2MIN
DY MAX MIN AVG DEP HDD CDD  WTR   SNW DPTH SPD SPD DIR MIN PSBL S-S WX   SPD DR
================================================================================

 1  42  25  34  -1  31   0  0.00  0.0   2  2.5 10  230   M    M   M 8     13 210
 2  43  25  34  -1  31   0  0.00  0.0   2  2.4 13  340   M    M   M       16 340
 3  43  19  31  -4  34   0  0.00  0.0   2  2.5 12  240   M    M   M 8     15 250
 4  41  24  33  -2  32   0     T    T   2  5.3 14  130   M    M   M 1     20 130
 5  39  33  36   1  29   0  0.34  0.1   2  5.4 13  100   M    M   M 1     17 100
 6  43  34  39   3  26   0  0.26    T   1  4.9 13  130   M    M   M 1     17 130
 7  39  34  37   1  28   0  1.66  0.0   1  4.8 14  280   M    M   M 1     21 270
 8  40  32  36   0  29   0  0.13    T   1  4.5 15  190   M    M   M 15    21 170
 9  35  29  32  -4  33   0  0.36  5.7   1  3.9 12   40   M    M   M 12    15  30
10  41  23  32  -5  33   0  0.00  0.0   5  2.2  9   70   M    M   M 12    13  90
11  45  18  32  -5  33   0  0.00  0.0   2  1.7  9  260   M    M   M       13 240
12  42  21  32  -5  33   0  0.00  0.0   2  1.6  9  240   M    M   M       12 240
13  45  28  37   0  28   0  0.00  0.0   1  2.3  9  170   M    M   M       13 140
14  48  32  40   2  25   0     T  0.0   1  1.7  9  210   M    M   M       12 190
15  48  32  40   2  25   0  0.03  0.0   1  2.3  9  180   M    M   M       13 170
16  48  29  39   1  26   0  0.08  0.0   T  2.5 12  190   M    M   M 1     15 180
17  53  27  40   2  25   0  0.08  0.0   T  1.9  8  220   M    M   M 1     10 220
18  45  29  37  -1  28   0  0.21  0.0   T  4.7 13  170   M    M   M 1     18 170
19  56  26  41   2  24   0  0.00  0.0   T  6.4 22   80   M    M   M       31  70
20  52  28  40   1  25   0     T  0.0   T  8.9 23  130   M    M   M       38 120
21  56  27  42   3  23   0  0.00  0.0   T  4.2 17  190   M    M   M       26 180
22  45  31  38  -1  27   0  0.00  0.0   T  4.9 13  270   M    M   M       17 270
23  43  30  37  -3  28   0  0.04  0.0   T  0.6  7  230   M    M   M 1     10 230
================================================================================
SM 1032  636       656   0  3.19 5.8     82.1           M        M
================================================================================
AV 44.9 27.7                              3.6 FASTST  PSBL  %   M    MAX(MPH)
                                 MISC ---->     23  130                 38 120
================================================================================
NOTES:
# LAST OF SEVERAL OCCURRENCES

COLUMN 17 PEAK WIND IN M.P.H.

PRELIMINARY LOCAL CLIMATOLOGICAL DATA (WS FORM: F-6) , PAGE 2

                                          STATION:   YAKUTAT
                                          MONTH:     04
                                          YEAR:      2014
                                          LATITUDE:  59 31 N
                                          LONGITUDE: 139 40 W

[TEMPERATURE DATA]      [PRECIPITATION DATA]       SYMBOLS USED IN COLUMN 16

AVERAGE MONTHLY:36.3   TOTAL FOR MONTH: 3.19       1 = FOG
DPTR FM NORMAL: -0.8   DPTR FM NORMAL: -3.97       2 = FOG REDUCING VISIBILITY
HIGHEST:    56 ON 21    GRTST 24HR   1.66 ON  7        TO 1/4 MILE OR LESS
LOWEST:     18 ON 11                               3 = THUNDER
                        SNOW, ICE PELLETS, HAIL    4 = ICE PELLETS
                        TOTAL MONTH: 5.8 INCHES  5 = HAIL
                        GRTST 24HR   5.7 ON  9     6 = GLAZE OR RIME
                        GRTST DEPTH:    5 ON 10    7 = BLOWING DUST OR SAND:
                                                       VSBY 1/2 MILE OR LESS
                                                   8 = SMOKE OR HAZE
[NO. OF DAYS WITH]      [WEATHER - DAYS WITH]      9 = BLOWING SNOW
                                                   X = TORNADO
MAX 32 OR BELOW:   0    0.01 INCH OR MORE:  10
MAX 70 OR ABOVE:   0    0.10 INCH OR MORE:   6
MIN 32 OR BELOW:  20    0.50 INCH OR MORE:   1
MIN  0 OR BELOW:   0    1.00 INCH OR MORE:   1

[HDD (BASE 65) ]
TOTAL THIS MO.   656    CLEAR  (SCALE 0-3)   M
DPTR FM NORMAL    12    PTCLDY (SCALE 4-7)   M
SEASONAL TOTAL  7548    CLOUDY (SCALE 8-10)  M
DPTR FM NORMAL  -247

[CDD (BASE 65) ]
TOTAL THIS MO.     0
DPTR FM NORMAL     0    [PRESSURE DATA]
SEASONAL TOTAL     0    HIGHEST SLP     M
DPTR FM NORMAL     0    LOWEST  SLP     M

[REMARKS]






U.S. Dept. of Commerce
NOAA National Weather Service
1325 East West Highway
Silver Spring, MD 20910
E-mail: w-nws.webmaster@noaa.gov
Page last modified: May 16, 2007
NATIONAL WEATHER SERVICE: for Safety, for Work, for Fun - FOR LIFE