791
CXAK56 PAYA 260903
CF6YAK

PRELIMINARY LOCAL CLIMATOLOGICAL DATA (WS FORM: F-6)

                                          STATION:   YAKUTAT
                                          MONTH:     07
                                          YEAR:      2014
                                          LATITUDE:   59 31 N
                                          LONGITUDE: 139 40 W

  TEMPERATURE IN F:       :PCPN:    SNOW:  WIND      :SUNSHINE: SKY     :PK WND
================================================================================
1   2   3   4   5  6A  6B    7     8   9   10  11  12  13   14  15   16  17  18
                                      12Z  AVG MX 2MIN
DY MAX MIN AVG DEP HDD CDD  WTR   SNW DPTH SPD SPD DIR MIN PSBL S-S WX   SPD DR
================================================================================

 1  63  52  58   5   7   0     T  0.0   0  4.6  9  310   M    M   M       14 310
 2  69  49  59   6   6   0  0.01  0.0   0  2.4  9  240   M    M   M       13 230
 3  62  51  57   4   8   0     T  0.0   0  3.6 12  170   M    M   M 1     16 150
 4  60  53  57   4   8   0  0.03  0.0   0  3.4 10  170   M    M   M 1     15 170
 5  63  52  58   5   7   0  0.17  0.0   0  3.3 10  350   M    M   M       14 340
 6  61  47  54   0  11   0     T  0.0   0  5.7 21  130   M    M   M       31 110
 7  59  47  53  -1  12   0  0.41  0.0   0  2.9 10  120   M    M   M 1     22  90
 8  58  53  56   2   9   0  0.77  0.0   0  6.5 15  120   M    M   M 1     23 130
 9  62  52  57   3   8   0  0.01  0.0   0  1.6  8  330   M    M   M 12    12 320
10  58  51  55   1  10   0  0.11  0.0   0  0.0 13  130   M    M   M 1     16 120
11  56  51  54   0  11   0  1.45  0.0   0  7.7 18  120   M    M   M 1     26 110
12  58  53  56   2   9   0  0.69  0.0   0  5.8 13  120   M    M   M 1     21 130
13  59  53  56   2   9   0  0.07  0.0   0  2.9  3  280   M    M   M 1      6 310
14  63  49  56   2   9   0  0.00  0.0   0  3.6 12  230   M    M   M 1     16 270
15  61  48  55   1  10   0     T  0.0   0  3.4 13  250   M    M   M 1     17 290
16  60  44  52  -3  13   0     T  0.0   0  1.8  8  260   M    M   M       12 240
17  58  45  52  -3  13   0  0.01  0.0   0  1.5  8  100   M    M   M 1     10 240
18  62  40  51  -4  14   0  0.00  0.0   0  4.1 14  260   M    M   M 1     17 250
19  62  45  54  -1  11   0  0.02  0.0   0  2.9  7  190   M    M   M        8 190
20  58  44  51  -4  14   0  0.50  0.0   0  4.9 13  130   M    M   M 1     18 130
21  65  39  52  -3  13   0  0.00  0.0   0  3.9 12  330   M    M   M       17 340
22  66  42  54  -1  11   0  0.00  0.0   0  4.9 14  260   M    M   M 1     17 240
23  57  47  52  -3  13   0  0.35  0.0   0  4.9 12  120   M    M   M 1     17 120
24  60  50  55   0  10   0  0.14  0.0   0  2.4  6  130   M    M   M 1      9 140
25  61  51  56   1   9   0  0.09  0.0   0  4.6 14  140   M    M   M 1     20 150
================================================================================
SM 1521 1208       255   0  4.83 0.0     93.3           M        M
================================================================================
AV 60.8 48.3                              3.7 FASTST  PSBL  %   M    MAX(MPH)
                                 MISC ---->     21  130                 31 110
================================================================================
NOTES:
# LAST OF SEVERAL OCCURRENCES

COLUMN 17 PEAK WIND IN M.P.H.

PRELIMINARY LOCAL CLIMATOLOGICAL DATA (WS FORM: F-6) , PAGE 2

                                          STATION:   YAKUTAT
                                          MONTH:     07
                                          YEAR:      2014
                                          LATITUDE:  59 31 N
                                          LONGITUDE: 139 40 W

[TEMPERATURE DATA]      [PRECIPITATION DATA]       SYMBOLS USED IN COLUMN 16

AVERAGE MONTHLY:54.6   TOTAL FOR MONTH: 4.83       1 = FOG
DPTR FM NORMAL:  0.4   DPTR FM NORMAL: -1.09       2 = FOG REDUCING VISIBILITY
HIGHEST:    69 ON  2    GRTST 24HR   1.45 ON 11        TO 1/4 MILE OR LESS
LOWEST:     39 ON 21                               3 = THUNDER
                        SNOW, ICE PELLETS, HAIL    4 = ICE PELLETS
                        TOTAL MONTH: 0.0         5 = HAIL
                        GRTST 24HR   0.0           6 = GLAZE OR RIME
                        GRTST DEPTH:    0          7 = BLOWING DUST OR SAND:
                                                       VSBY 1/2 MILE OR LESS
                                                   8 = SMOKE OR HAZE
[NO. OF DAYS WITH]      [WEATHER - DAYS WITH]      9 = BLOWING SNOW
                                                   X = TORNADO
MAX 32 OR BELOW:   0    0.01 INCH OR MORE:  16
MAX 70 OR ABOVE:   0    0.10 INCH OR MORE:   9
MIN 32 OR BELOW:   0    0.50 INCH OR MORE:   4
MIN  0 OR BELOW:   0    1.00 INCH OR MORE:   1

[HDD (BASE 65) ]
TOTAL THIS MO.   255    CLEAR  (SCALE 0-3)   M
DPTR FM NORMAL   -17    PTCLDY (SCALE 4-7)   M
SEASONAL TOTAL   255    CLOUDY (SCALE 8-10)  M
DPTR FM NORMAL   -17

[CDD (BASE 65) ]
TOTAL THIS MO.     0
DPTR FM NORMAL     0    [PRESSURE DATA]
SEASONAL TOTAL     0    HIGHEST SLP     M
DPTR FM NORMAL     0    LOWEST  SLP     M

[REMARKS]






U.S. Dept. of Commerce
NOAA National Weather Service
1325 East West Highway
Silver Spring, MD 20910
E-mail: w-nws.webmaster@noaa.gov
Page last modified: May 16, 2007
NATIONAL WEATHER SERVICE: for Safety, for Work, for Fun - FOR LIFE