057
CXUS54 KTSA 300840
CF6XNA
PRELIMINARY LOCAL CLIMATOLOGICAL DATA (WS FORM: F-6)

                                          STATION:   HIGHFILL ARKANSAS
                                          MONTH:     AUGUST
                                          YEAR:      2014
                                          LATITUDE:   36 16 N
                                          LONGITUDE:  94 19 W

  TEMPERATURE IN F:       :PCPN:    SNOW:  WIND      :SUNSHINE: SKY     :PK WND
================================================================================
1   2   3   4   5  6A  6B    7    8   9   10  11  12  13   14  15   16   17  18
                                     12Z  AVG MX 2MIN
DY MAX MIN AVG DEP HDD CDD  WTR  SNW DPTH SPD SPD DIR MIN PSBL S-S WX    SPD DR
================================================================================

 1  84  65  75  -3   0  10 0.00  0.0    0  1.6  9 120   M    M   6 1      14 150
 2  86  61  74  -4   0   9 0.02  0.0    0  2.3 17  40   M    M   2 12     21  50
 3  88  62  75  -3   0  10 0.00  0.0    0  1.9  8  80   M    M   1 1      10  50
 4  88  63  76  -2   0  11 0.00  0.0    0  1.2  8 270   M    M   1 1      10 250
 5  88  66  77  -1   0  12 0.00  0.0    0  3.6 13 250   M    M   0        16 260
 6  91  65  78   0   0  13 0.00  0.0    0  6.1 15 190   M    M   0        20 210
 7  88  67  78   0   0  13 0.49  0.0    0  8.7 24 330   M    M   2 13     29 330
 8  88  70  79   1   0  14    T  0.0    0  2.8 16 220   M    M   2 1      21 210
 9  87  66  77  -1   0  12 1.13  0.0    0  3.2 35 330   M    M   2 123    49 330
10  88  65  77  -1   0  12 0.01  0.0    0  5.7 13 180   M    M   1 1      16 250
11  86  67  77  -1   0  12 0.00  0.0    0  7.3 14 350   M    M   4        20 340
12  81  59  70  -8   0   5 0.00  0.0    0  6.9 17 350   M    M   0        24 310
13  83  61  72  -6   0   7 0.00  0.0    0  2.0  8  50   M    M   0        11  50
14  85  58  72  -6   0   7 0.00  0.0    0  3.4 10 230   M    M   0        14 170
15  86  62  74  -4   0   9 0.00  0.0    0  6.2 14 180   M    M   0        18 180
16  87  69  78   0   0  13 0.01  0.0    0  9.0 20 200   M    M   3 1      28 210
17  90  73  82   5   0  17 0.00  0.0    0  6.6 16 270   M    M   4 3      19 280
18  88  67  78   1   0  13 0.00  0.0    0  4.6 15 260   M    M   2 3      19 270
19  92  70  81   4   0  16 0.00  0.0    0  7.2 15 260   M    M   0        21 230
20  91  70  81   4   0  16    T  0.0    0  9.5 18 180   M    M   0        25 220
21  93  72  83   6   0  18 0.00  0.0    0 10.5 20 200   M    M   0        26 200
22  95  72  84   7   0  19 0.00  0.0    0  8.5 17 220   M    M   1        23 220
23  96  72  84   8   0  19 0.00  0.0    0  7.2 17 250   M    M   0        23 240
24  97  65  81   5   0  16 0.00  0.0    0  5.2 15 220   M    M   0        18 210
25  98  66  82   6   0  17 0.00  0.0    0  3.1 10 160   M    M   0 8      14 150
26  97  68  83   7   0  18 0.00  0.0    0  3.5 12 150   M    M   1        14  80
27  96  68  82   6   0  17 0.00  0.0    0  3.9 14 190   M    M   0        17 120
28  92  66  79   4   0  14 0.00  0.0    0  5.9 16 200   M    M   1 1      20 160
29  88  70  79   4   0  14    T  0.0    0  7.2 17 190   M    M   3        23 200
================================================================================
SM 2597 1925         0 383  1.66     0.0 154.8          M       36
================================================================================
AV 89.6 66.4                               5.3 FASTST   M    M   1    MAX(MPH)
                                 MISC ---->  # 35 330               # 49  330
================================================================================
NOTES:
# LAST OF SEVERAL OCCURRENCES

COLUMN 17 PEAK WIND IN M.P.H.

PRELIMINARY LOCAL CLIMATOLOGICAL DATA (WS FORM: F-6) , PAGE 2

                                          STATION:  HIGHFILL ARKANSAS
                                          MONTH:    AUGUST
                                          YEAR:     2014
                                          LATITUDE:   36 16 N
                                          LONGITUDE:  94 19 W

[TEMPERATURE DATA]      [PRECIPITATION DATA]       SYMBOLS USED IN COLUMN 16

AVERAGE MONTHLY: 78.0   TOTAL FOR MONTH:   1.66    1 = FOG OR MIST
DPTR FM NORMAL:   0.7   DPTR FM NORMAL:   -1.60    2 = FOG REDUCING VISIBILITY
HIGHEST:    98 ON 25    GRTST 24HR  1.14 ON  9-10      TO 1/4 MILE OR LESS
LOWEST:     58 ON 14                               3 = THUNDER
                        SNOW, ICE PELLETS, HAIL    4 = ICE PELLETS
                        TOTAL MONTH:   0.0 INCH    5 = HAIL
                        GRTST 24HR     0.0         6 = FREEZING RAIN OR DRIZZLE
                        GRTST DEPTH:   0           7 = DUSTSTORM OR SANDSTORM:
                                                       VSBY 1/2 MILE OR LESS
                                                   8 = SMOKE OR HAZE
[NO. OF DAYS WITH]      [WEATHER - DAYS WITH]      9 = BLOWING SNOW
                                                   X = TORNADO
MAX 32 OR BELOW:   0    0.01 INCH OR MORE:   5
MAX 90 OR ABOVE:  12    0.10 INCH OR MORE:   2
MIN 32 OR BELOW:   0    0.50 INCH OR MORE:   1
MIN  0 OR BELOW:   0    1.00 INCH OR MORE:   1

[HDD (BASE 65) ]
TOTAL THIS MO.     0    CLEAR  (SCALE 0-3)  26
DPTR FM NORMAL     0    PTCLDY (SCALE 4-7)   3
TOTAL FM JUL 1     2    CLOUDY (SCALE 8-10)  0
DPTR FM NORMAL     2

[CDD (BASE 65) ]
TOTAL THIS MO.   383
DPTR FM NORMAL    27    [PRESSURE DATA]
TOTAL FM JAN 1  1099    HIGHEST SLP M ON M
DPTR FM NORMAL    34    LOWEST  SLP 29.81 ON 19

[REMARKS]




U.S. Dept. of Commerce
NOAA National Weather Service
1325 East West Highway
Silver Spring, MD 20910
E-mail: w-nws.webmaster@noaa.gov
Page last modified: May 16, 2007
NATIONAL WEATHER SERVICE: for Safety, for Work, for Fun - FOR LIFE