644
CXUS54 KTSA 270940
CF6XNA
PRELIMINARY LOCAL CLIMATOLOGICAL DATA (WS FORM: F-6)

                                          STATION:   HIGHFILL ARKANSAS
                                          MONTH:     NOVEMBER
                                          YEAR:      2014
                                          LATITUDE:   36 16 N
                                          LONGITUDE:  94 19 W

  TEMPERATURE IN F:       :PCPN:    SNOW:  WIND      :SUNSHINE: SKY     :PK WND
================================================================================
1   2   3   4   5  6A  6B    7    8   9   10  11  12  13   14  15   16   17  18
                                     12Z  AVG MX 2MIN
DY MAX MIN AVG DEP HDD CDD  WTR  SNW DPTH SPD SPD DIR MIN PSBL S-S WX    SPD DR
================================================================================

 1  56  26  41 -12  24   0 0.00  0.0    0  4.6 14 100   M    M   1        16 110
 2  62  42  52   0  13   0    T  0.0    0 11.2 22 170   M    M   3        28 190
 3  66  46  56   4   9   0    T  0.0    0 14.2 26 190   M    M   7        36 200
 4  62  45  54   2  11   0 1.05  0.0    0  6.9 21 180   M    M   9 1      25 190
 5  59  41  50  -1  15   0 0.00  0.0    0  4.3 13 220   M    M   1 1      17 260
 6  61  35  48  -3  17   0 0.00  0.0    0  9.4 22 350   M    M   0        27 340
 7  62  30  46  -4  19   0 0.00  0.0    0  8.5 20 190   M    M   0        23 180
 8  58  33  46  -4  19   0 0.00  0.0    0  8.9 22  10   M    M   0        27 350
 9  66  30  48  -1  17   0 0.00  0.0    0  7.9 17 210   M    M   0        23 200
10  74  50  62  13   3   0 0.00  0.0    0 16.4 36 200   M    M   0        46 200
11  59  28  44  -4  21   0 0.00  0.0    0 14.6 25 340   M    M   6 1      32 340
12  36  22  29 -19  36   0 0.00  0.0    0 14.2 21 350   M    M   5        25 340
13  33  20  27 -21  38   0 0.00  0.0    0  9.4 18 350   M    M   1        24 360
14  37  16  27 -20  38   0 0.00  0.0    0  2.4 10  50   M    M   0        13  50
15  36  24  30 -16  35   0 0.03    M    0  5.8 17 160   M    M   6 3      22 160
16  36  22  29 -17  36   0 0.03    M    0  7.7 16 340   M    M   8 1      20 340
17  30  15  23 -23  42   0 0.00  0.0    0 10.4 23 300   M    M   1        31 310
18  44  11  28 -17  37   0 0.00  0.0    0  7.1 15 210   M    M   0        20 220
19  54  31  43  -2  22   0 0.00  0.0    0 10.3 18 250   M    M   0 8      26 210
20  60  24  42  -2  23   0 0.00  0.0    0  4.1 10 130   M    M   0        13 120
21  56  38  47   3  18   0    T  0.0    0  9.7 20 170   M    M  10 1      25 150
22  55  52  54  11  11   0 0.99  0.0    0 14.9 43 170   M    M  10 1      51 180
23  67  41  54  11  11   0 0.44  0.0    0 12.7 32 320   M    M   9 13     43 310
24  52  31  42   0  23   0 0.01  0.0    0 12.1 25 260   M    M   2        32 270
25  48  26  37  -5  28   0 0.00  0.0    0  4.0 12 280   M    M   0        16 250
26  51  29  40  -2  25   0 0.00  0.0    0 11.1 25 300   M    M   3        35 310
================================================================================
SM 1380  808       591   0  2.55     0.0 242.8          M       82
================================================================================
AV 53.1 31.1                               9.3 FASTST   M    M   3    MAX(MPH)
                                 MISC ---->  # 43 170               # 51  180
================================================================================
NOTES:
# LAST OF SEVERAL OCCURRENCES

COLUMN 17 PEAK WIND IN M.P.H.

PRELIMINARY LOCAL CLIMATOLOGICAL DATA (WS FORM: F-6) , PAGE 2

                                          STATION:  HIGHFILL ARKANSAS
                                          MONTH:    NOVEMBER
                                          YEAR:     2014
                                          LATITUDE:   36 16 N
                                          LONGITUDE:  94 19 W

[TEMPERATURE DATA]      [PRECIPITATION DATA]       SYMBOLS USED IN COLUMN 16

AVERAGE MONTHLY: 42.1   TOTAL FOR MONTH:   2.55    1 = FOG OR MIST
DPTR FM NORMAL:  -5.2   DPTR FM NORMAL:   -1.22    2 = FOG REDUCING VISIBILITY
HIGHEST:    74 ON 10    GRTST 24HR  1.05 ON  4- 4      TO 1/4 MILE OR LESS
LOWEST:     11 ON 18                               3 = THUNDER
                        SNOW, ICE PELLETS, HAIL    4 = ICE PELLETS
                        TOTAL MONTH:   0.0 INCH    5 = HAIL
                        GRTST 24HR     0.0         6 = FREEZING RAIN OR DRIZZLE
                        GRTST DEPTH:   0           7 = DUSTSTORM OR SANDSTORM:
                                                       VSBY 1/2 MILE OR LESS
                                                   8 = SMOKE OR HAZE
[NO. OF DAYS WITH]      [WEATHER - DAYS WITH]      9 = BLOWING SNOW
                                                   X = TORNADO
MAX 32 OR BELOW:   1    0.01 INCH OR MORE:   6
MAX 90 OR ABOVE:   0    0.10 INCH OR MORE:   3
MIN 32 OR BELOW:  16    0.50 INCH OR MORE:   2
MIN  0 OR BELOW:   0    1.00 INCH OR MORE:   1

[HDD (BASE 65) ]
TOTAL THIS MO.   591    CLEAR  (SCALE 0-3)  17
DPTR FM NORMAL   127    PTCLDY (SCALE 4-7)   4
TOTAL FM JUL 1   803    CLOUDY (SCALE 8-10)  5
DPTR FM NORMAL    31

[CDD (BASE 65) ]
TOTAL THIS MO.     0
DPTR FM NORMAL     0    [PRESSURE DATA]
TOTAL FM JAN 1  1343    HIGHEST SLP M ON M
DPTR FM NORMAL   103    LOWEST  SLP 29.25 ON 23

[REMARKS]




U.S. Dept. of Commerce
NOAA National Weather Service
1325 East West Highway
Silver Spring, MD 20910
E-mail: w-nws.webmaster@noaa.gov
Page last modified: May 16, 2007
NATIONAL WEATHER SERVICE: for Safety, for Work, for Fun - FOR LIFE