380
CXUS54 KTSA 010940
CF6XNA
PRELIMINARY LOCAL CLIMATOLOGICAL DATA (WS FORM: F-6)

                                          STATION:   HIGHFILL ARKANSAS
                                          MONTH:     JANUARY
                                          YEAR:      2015
                                          LATITUDE:   36 16 N
                                          LONGITUDE:  94 19 W

  TEMPERATURE IN F:       :PCPN:    SNOW:  WIND      :SUNSHINE: SKY     :PK WND
================================================================================
1   2   3   4   5  6A  6B    7    8   9   10  11  12  13   14  15   16   17  18
                                     12Z  AVG MX 2MIN
DY MAX MIN AVG DEP HDD CDD  WTR  SNW DPTH SPD SPD DIR MIN PSBL S-S WX    SPD DR
================================================================================

 1  34  27  31  -4  34   0 0.07    M    0  3.3  9 210   M    M  10 16     13 240
 2  40  33  37   2  28   0 0.25    M    0  2.8  9 100   M    M  10 1      10  80
 3  44  39  42   7  23   0 0.37    M    0  7.9 18 260   M    M  10 1      24 260
 4  39  15  27  -8  38   0 0.01    M    0 11.2 23 300   M    M   6 1      31 310
 5  39  14  27  -8  38   0 0.00  0.0    0  8.4 21 180   M    M   0        24 180
 6  42  25  34  -1  31   0 0.00  0.0    0  7.4 18  10   M    M   0        22  10
 7  28   6  17 -18  48   0    T    M    0 15.1 30 360   M    M   4        35 360
 8  31   3  17 -18  48   0 0.00  0.0    0  9.1 24 190   M    M   0        30 190
 9  30  11  21 -14  44   0 0.00  0.0    0  9.6 23  10   M    M   3        28  10
10  35   6  21 -14  44   0    T    M    0  8.5 18 180   M    M   5        24 220
11  40  31  36   1  29   0 0.04    M    0  6.5 14 160   M    M  10 1      17 180
12  37  24  31  -4  34   0    T    M    0 12.1 22  10   M    M   7 18     28 360
13  37  18  28  -7  37   0 0.00  0.0    0  6.8 16  20   M    M   0        21  20
14  43  22  33  -2  32   0 0.00  0.0    0  2.6  8 340   M    M   5        12 270
15  50  29  40   5  25   0 0.00  0.0    0  4.8 14 280   M    M   3        17 290
16  59  24  42   7  23   0 0.00  0.0    0  5.8 15 190   M    M   0        19 190
17  60  35  48  13  17   0 0.00  0.0    0 11.6 22 210   M    M   0        29 200
18  63  26  45  10  20   0 0.00  0.0    0 11.6 28 210   M    M   0        34 190
19  68  38  53  18  12   0 0.00  0.0    0  6.3 13 220   M    M   0        16 230
20  52  31  42   7  23   0    T    M    0  5.5 23 360   M    M   4 1      28  10
21  53  26  40   5  25   0 0.00  0.0    0  5.2 15 360   M    M   6 12     19  30
22  51  31  41   6  24   0 0.00  0.0    0  5.3 13  90   M    M   5        16  80
23  46  25  36   1  29   0 0.00  0.0    0  5.4 15 350   M    M   1 18     18 340
24  57  24  41   6  24   0 0.00  0.0    0  8.0 15 270   M    M   0        19 250
25  49  39  44   9  21   0 0.05    M    0 15.8 29 300   M    M  10        40 310
26  59  26  43   8  22   0 0.00  0.0    0  7.6 17 260   M    M   2        22 240
27  67  33  50  15  15   0 0.00  0.0    0  2.0  6 140   M    M   0         8  30
28  71  36  54  19  11   0 0.00  0.0    0 11.8 26 190   M    M   0        33 210
29  60  30  45  10  20   0    T    M    0 12.8 24 340   M    M   2        31 340
30  49  23  36   1  29   0 0.00  0.0    0  3.5 10  20   M    M   0        12  20
31  48  38  43   7  22   0 0.12    M    0  8.1 21 170   M    M   9 1      24 150
================================================================================
SM 1481  788       870   0  0.91     0.0 242.4          M      112
================================================================================
AV 47.8 25.4                               7.8 FASTST   M    M   4    MAX(MPH)
                                 MISC ---->  # 30 360               # 40  310
================================================================================
NOTES:
# LAST OF SEVERAL OCCURRENCES

COLUMN 17 PEAK WIND IN M.P.H.

PRELIMINARY LOCAL CLIMATOLOGICAL DATA (WS FORM: F-6) , PAGE 2

                                          STATION:  HIGHFILL ARKANSAS
                                          MONTH:    JANUARY
                                          YEAR:     2015
                                          LATITUDE:   36 16 N
                                          LONGITUDE:  94 19 W

[TEMPERATURE DATA]      [PRECIPITATION DATA]       SYMBOLS USED IN COLUMN 16

AVERAGE MONTHLY: 36.6   TOTAL FOR MONTH:   0.91    1 = FOG OR MIST
DPTR FM NORMAL:   1.7   DPTR FM NORMAL:   -1.63    2 = FOG REDUCING VISIBILITY
HIGHEST:    71 ON 28    GRTST 24HR  0.59 ON  2- 3      TO 1/4 MILE OR LESS
LOWEST:      3 ON  8                               3 = THUNDER
                        SNOW, ICE PELLETS, HAIL    4 = ICE PELLETS
                        TOTAL MONTH:   0.0 INCH    5 = HAIL
                        GRTST 24HR     0.0         6 = FREEZING RAIN OR DRIZZLE
                        GRTST DEPTH:   0           7 = DUSTSTORM OR SANDSTORM:
                                                       VSBY 1/2 MILE OR LESS
                                                   8 = SMOKE OR HAZE
[NO. OF DAYS WITH]      [WEATHER - DAYS WITH]      9 = BLOWING SNOW
                                                   X = TORNADO
MAX 32 OR BELOW:   3    0.01 INCH OR MORE:   7
MAX 90 OR ABOVE:   0    0.10 INCH OR MORE:   3
MIN 32 OR BELOW:  23    0.50 INCH OR MORE:   0
MIN  0 OR BELOW:   0    1.00 INCH OR MORE:   0

[HDD (BASE 65) ]
TOTAL THIS MO.   870    CLEAR  (SCALE 0-3)  15
DPTR FM NORMAL   -63    PTCLDY (SCALE 4-7)  10
TOTAL FM JUL 1  2474    CLOUDY (SCALE 8-10)  6
DPTR FM NORMAL  -208

[CDD (BASE 65) ]
TOTAL THIS MO.     0
DPTR FM NORMAL     0    [PRESSURE DATA]
TOTAL FM JAN 1     0    HIGHEST SLP M ON M
DPTR FM NORMAL     0    LOWEST  SLP 29.73 ON 25

[REMARKS]
#FINAL-01-15#




U.S. Dept. of Commerce
NOAA National Weather Service
1325 East West Highway
Silver Spring, MD 20910
E-mail: w-nws.webmaster@noaa.gov
Page last modified: May 16, 2007
NATIONAL WEATHER SERVICE: for Safety, for Work, for Fun - FOR LIFE