375
CXUS54 KFWD 250730
CF6XBP
PRELIMINARY LOCAL CLIMATOLOGICAL DATA (WS FORM: F-6)

                                          STATION:   BRIDGEPORT
                                          MONTH:     NOVEMBER
                                          YEAR:      2014
                                          LATITUDE:   33 10 N
                                          LONGITUDE:  96 30 W

  TEMPERATURE IN F:       :PCPN:    SNOW:  WIND      :SUNSHINE: SKY     :PK WND
================================================================================
1   2   3   4   5  6A  6B    7    8   9   10  11  12  13   14  15   16   17  18
                                     12Z  AVG MX 2MIN
DY MAX MIN AVG DEP HDD CDD  WTR  SNW DPTH SPD SPD DIR MIN PSBL S-S WX    SPD DR
================================================================================

 1  64  31  48 -11  17   0 0.00  0.0    0  6.0 12 130   M    M   0        16 130
 2  69  48  59   0   6   0 0.00  0.0    0  9.5 17 170   M    M   1        25 170
 3  75  57  66   8   0   1 0.00  0.0    0 10.2 17 170   M    M   8        25 170
 4  70  51  61   3   4   0 1.81  0.0    0  6.7 16  40   M    M  10        25 340
 5  58  49  54  -4  11   0 0.05  0.0    0  2.6  7 330   M    M   6         M  M
 6  71  42  57   0   8   0 0.00  0.0    0  3.7 12  50   M    M   0        16  50
 7  70  37  54  -3  11   0 0.00  0.0    0  4.6 14 200   M    M   0        18 200
 8  70  43  57   1   8   0 0.00  0.0    0  6.1 18  10   M    M   0        23  10
 9  76  35  56   0   9   0 0.00  0.0    0  4.8 16 210   M    M   0        21 210
10  82  46  64   8   1   0 0.00  0.0    0 12.9 22 200   M    M   0        31 200
11  68  34  51  -4  14   0 0.00  0.0    0 13.8 23 340   M    M   3        31 340
12  38  29  34 -21  31   0 0.00  0.0    0 12.1 16 340   M    M   5        24 330
13  37  24  31 -23  34   0 0.00  0.0    0  9.1 14 360   M    M   5        23 360
14  41  23  32 -22  33   0 0.00  0.0    0  1.9  6 130   M    M   7         M  M
15  49  26  38 -16  27   0 0.00  0.0    0  8.4 16 150   M    M   5 1      22 160
16  42  27  35 -18  30   0    M    M    0 10.3 15 340   M    M  10 1      24 340
17  42  19  31 -22  34   0 0.00  0.0    M  5.7 10 340   M    M   0        18 290
18  58  17  38 -14  27   0 0.00  0.0    0  5.6 13 200   M    M   0        18 220
19  67  33  50  -2  15   0 0.00  0.0    0  5.2 14 200   M    M   0         M  M
20  73  32  53   2  12   0 0.00  0.0    0  4.0 13 190   M    M   0        18 190
21  74  53  64  13   1   0 0.00  0.0    0  8.1 16 160   M    M   7 13     23 160
22  64  53  59   9   6   0 1.22  0.0    0  6.7 12 140   M    M   8 13     17 140
23  75  45  60  10   5   0 0.00  0.0    0 10.1 24 320   M    M   0 1      35 320
24  62  32  47  -3  18   0 0.00  0.0    0  5.3  9 310   M    M   0         M  M
================================================================================
SM 1495  886       362   1  3.08     0.0 173.4          M       75
================================================================================
AV 62.3 36.9                               7.2 FASTST   M    M   3    MAX(MPH)
                                 MISC ---->    24   M               # 35  320
================================================================================
NOTES:
# LAST OF SEVERAL OCCURRENCES

COLUMN 17 PEAK WIND IN M.P.H.

PRELIMINARY LOCAL CLIMATOLOGICAL DATA (WS FORM: F-6) , PAGE 2

                                          STATION:  BRIDGEPORT
                                          MONTH:    NOVEMBER
                                          YEAR:     2014
                                          LATITUDE:   33 10 N
                                          LONGITUDE:  96 30 W

[TEMPERATURE DATA]      [PRECIPITATION DATA]       SYMBOLS USED IN COLUMN 16

AVERAGE MONTHLY: 49.6   TOTAL FOR MONTH:   3.08    1 = FOG OR MIST
DPTR FM NORMAL:  -4.9   DPTR FM NORMAL:    1.27    2 = FOG REDUCING VISIBILITY
HIGHEST:    82 ON 10    GRTST 24HR  1.81 ON  4- 4      TO 1/4 MILE OR LESS
LOWEST:     17 ON 18                               3 = THUNDER
                        SNOW, ICE PELLETS, HAIL    4 = ICE PELLETS
                        TOTAL MONTH:   0.0 INCH    5 = HAIL
                        GRTST 24HR     0.0         6 = FREEZING RAIN OR DRIZZLE
                        GRTST DEPTH:   0           7 = DUSTSTORM OR SANDSTORM:
                                                       VSBY 1/2 MILE OR LESS
                                                   8 = SMOKE OR HAZE
[NO. OF DAYS WITH]      [WEATHER - DAYS WITH]      9 = BLOWING SNOW
                                                   X = TORNADO
MAX 32 OR BELOW:   0    0.01 INCH OR MORE:   3
MAX 90 OR ABOVE:   0    0.10 INCH OR MORE:   2
MIN 32 OR BELOW:  10    0.50 INCH OR MORE:   2
MIN  0 OR BELOW:   0    1.00 INCH OR MORE:   2

[HDD (BASE 65) ]
TOTAL THIS MO.   362    CLEAR  (SCALE 0-3)  14
DPTR FM NORMAL    97    PTCLDY (SCALE 4-7)   6
TOTAL FM JUL 1   406    CLOUDY (SCALE 8-10)  4
DPTR FM NORMAL     5

[CDD (BASE 65) ]
TOTAL THIS MO.     1
DPTR FM NORMAL   -10    [PRESSURE DATA]
TOTAL FM JAN 1  2422    HIGHEST SLP M ON M
DPTR FM NORMAL   258    LOWEST  SLP M ON M

[REMARKS]




U.S. Dept. of Commerce
NOAA National Weather Service
1325 East West Highway
Silver Spring, MD 20910
E-mail: w-nws.webmaster@noaa.gov
Page last modified: May 16, 2007
NATIONAL WEATHER SERVICE: for Safety, for Work, for Fun - FOR LIFE