953
CXUS56 KMTR 011000
CF6WVI
PRELIMINARY LOCAL CLIMATOLOGICAL DATA (WS FORM: F-6)

                                          STATION:   WATSONVILLE AIRPORT
                                          MONTH:     AUGUST
                                          YEAR:      2014
                                          LATITUDE:   36 55 N
                                          LONGITUDE: 121 47 W

  TEMPERATURE IN F:       :PCPN:    SNOW:  WIND      :SUNSHINE: SKY     :PK WND
================================================================================
1   2   3   4   5  6A  6B    7    8   9   10  11  12  13   14  15   16   17  18
                                     12Z  AVG MX 2MIN
DY MAX MIN AVG DEP HDD CDD  WTR  SNW DPTH SPD SPD DIR MIN PSBL S-S WX    SPD DR
================================================================================

 1  74  59  67   4   0   2 0.00  0.0    0  4.2 14 190   M    M   7 18     17 190
 2  76  60  68   5   0   3 0.00  0.0    0  5.1 10 130   M    M   6 1       M  M
 3  73  60  67   4   0   2 0.00  0.0    0  4.7 14 190   M    M   7 1      17 200
 4  72  60  66   3   0   1 0.00  0.0    0  5.7 15 210   M    M   7        21 210
 5  75  62  69   6   0   4 0.00  0.0    0  4.2 14 220   M    M   7        16 180
 6  75  62  69   6   0   4    T  0.0    0  4.3 14 210   M    M   8 1      18 200
 7  71  60  66   3   0   1 0.00  0.0    0  5.0 14 180   M    M   9 1      17 200
 8  73  60  67   4   0   2 0.00  0.0    0  4.6 13 190   M    M   5 1      17 220
 9  71  60  66   2   0   1 0.00  0.0    0  5.8 14 210   M    M   8 18     18 210
10  72  60  66   2   0   1 0.00  0.0    0  4.6 14 230   M    M   7        19 210
11  74  61  68   4   0   3 0.00  0.0    0  5.0 15 220   M    M   5        20 230
12  75  62  69   5   0   4 0.00  0.0    0  5.9 14 210   M    M   5        18 210
13  76  63  70   6   0   5 0.00  0.0    0  5.4 14 240   M    M   7        23 210
14  72  61  67   3   0   2    T  0.0    0  4.1 13 200   M    M   8 1      16 210
15  74  60  67   3   0   2 0.00  0.0    0  4.6 13 240   M    M   5 1      26  30
16  75  59  67   3   0   2 0.00  0.0    0  5.0 13 220   M    M   6 18     18 240
17  74  57  66   2   0   1 0.00  0.0    0  5.2 13 200   M    M   7        16 200
18  73  59  66   2   0   1 0.00  0.0    0  5.7 13 220   M    M   8 18     16 230
19  73  60  67   3   0   2    T  0.0    0  4.9 14 200   M    M  10 1      29 220
20  72  61  67   3   0   2 0.00  0.0    0  7.0 16 210   M    M   8        22 230
21  75  62  69   5   0   4 0.00  0.0    0  4.6 13 230   M    M   6        19 210
22  73  60  67   3   0   2 0.00  0.0    0  5.5 15 220   M    M   8 18     28  30
23  73  61  67   3   0   2 0.00  0.0    0  6.9 16 230   M    M   6 18     23 270
24  75  59  67   3   0   2 0.00  0.0    0  5.5 15 240   M    M   5 8      20 200
25  75  57  66   2   0   1 0.00  0.0    0  5.8 16 240   M    M   5        22 220
26  75  55  65   1   0   0 0.00  0.0    0  5.4 14 230   M    M   1 8      19 210
27  82  56  69   5   0   4 0.00  0.0    0  5.3 13 200   M    M   2        17 220
28  76  62  69   5   0   4 0.00  0.0    0  4.4 14 240   M    M   7 18     19 240
29  77  61  69   5   0   4 0.00  0.0    0  3.5 14 230   M    M   4 18     18 220
30  84  57  71   7   0   6 0.00  0.0    0  4.3 12 170   M    M   0 12     16 150
31  77  59  68   4   0   3 0.00  0.0    0  4.1 12 100   M    M   3 12     14  80
================================================================================
SM 2312 1855         0  77    T      0.0 156.3          M      187
================================================================================
AV 74.6 59.8                               5.0 FASTST   M    M   6    MAX(MPH)
                                 MISC ---->  # 16 210               # 29  220
================================================================================
NOTES:
# LAST OF SEVERAL OCCURRENCES

COLUMN 17 PEAK WIND IN M.P.H.

PRELIMINARY LOCAL CLIMATOLOGICAL DATA (WS FORM: F-6) , PAGE 2

                                          STATION:  WATSONVILLE AIRPORT
                                          MONTH:    AUGUST
                                          YEAR:     2014
                                          LATITUDE:   36 55 N
                                          LONGITUDE: 121 47 W

[TEMPERATURE DATA]      [PRECIPITATION DATA]       SYMBOLS USED IN COLUMN 16

AVERAGE MONTHLY: 67.2   TOTAL FOR MONTH:      T    1 = FOG OR MIST
DPTR FM NORMAL:   3.4   DPTR FM NORMAL:   -0.05    2 = FOG REDUCING VISIBILITY
HIGHEST:    84 ON 30    GRTST 24HR    T  ON 19-19      TO 1/4 MILE OR LESS
LOWEST:     55 ON 26                               3 = THUNDER
                        SNOW, ICE PELLETS, HAIL    4 = ICE PELLETS
                        TOTAL MONTH:   0.0 INCH    5 = HAIL
                        GRTST 24HR     0.0         6 = FREEZING RAIN OR DRIZZLE
                        GRTST DEPTH:   0           7 = DUSTSTORM OR SANDSTORM:
                                                       VSBY 1/2 MILE OR LESS
                                                   8 = SMOKE OR HAZE
[NO. OF DAYS WITH]      [WEATHER - DAYS WITH]      9 = BLOWING SNOW
                                                   X = TORNADO
MAX 32 OR BELOW:   0    0.01 INCH OR MORE:   0
MAX 90 OR ABOVE:   0    0.10 INCH OR MORE:   0
MIN 32 OR BELOW:   0    0.50 INCH OR MORE:   0
MIN  0 OR BELOW:   0    1.00 INCH OR MORE:   0

[HDD (BASE 65) ]
TOTAL THIS MO.     0    CLEAR  (SCALE 0-3)   4
DPTR FM NORMAL   -61    PTCLDY (SCALE 4-7)  23
TOTAL FM JUL 1    15    CLOUDY (SCALE 8-10)  4
DPTR FM NORMAL  -119

[CDD (BASE 65) ]
TOTAL THIS MO.    77
DPTR FM NORMAL    53    [PRESSURE DATA]
TOTAL FM JAN 1   200    HIGHEST SLP M ON M
DPTR FM NORMAL   134    LOWEST  SLP 29.80 ON 19

[REMARKS]
#FINAL-08-14#




U.S. Dept. of Commerce
NOAA National Weather Service
1325 East West Highway
Silver Spring, MD 20910
E-mail: w-nws.webmaster@noaa.gov
Page last modified: May 16, 2007
NATIONAL WEATHER SERVICE: for Safety, for Work, for Fun - FOR LIFE