694
CXUS56 KMTR 301000
CF6WVI
PRELIMINARY LOCAL CLIMATOLOGICAL DATA (WS FORM: F-6)

                                          STATION:   WATSONVILLE AIRPORT
                                          MONTH:     SEPTEMBER
                                          YEAR:      2014
                                          LATITUDE:   36 55 N
                                          LONGITUDE: 121 47 W

  TEMPERATURE IN F:       :PCPN:    SNOW:  WIND      :SUNSHINE: SKY     :PK WND
================================================================================
1   2   3   4   5  6A  6B    7    8   9   10  11  12  13   14  15   16   17  18
                                     12Z  AVG MX 2MIN
DY MAX MIN AVG DEP HDD CDD  WTR  SNW DPTH SPD SPD DIR MIN PSBL S-S WX    SPD DR
================================================================================

 1  78  57  68   4   0   3 0.00  0.0    0  5.1 13 190   M    M   5 1      16 190
 2  68  61  65   1   0   0 0.00  0.0    0  4.5 12 190   M    M  10 1      14 220
 3  71  60  66   2   0   1 0.00  0.0    0  4.5 15 240   M    M   9 1      18 220
 4  69  61  65   1   0   0 0.00  0.0    0  5.1 13 240   M    M  10 18     20 160
 5  71  56  64   0   1   0 0.00  0.0    0  5.5 15 200   M    M   5        19 190
 6  73  55  64   0   1   0 0.00  0.0    0  4.8 15 240   M    M   4 18     19 240
 7  73  53  63  -1   2   0 0.00  0.0    0  4.9 13 210   M    M   3 18     18 200
 8  70  56  63  -1   2   0 0.00  0.0    0  5.0 14 210   M    M   5        18 180
 9  73  56  65   1   0   0 0.00  0.0    0  3.8 10 190   M    M   6 1      16 200
10  84  54  69   5   0   4 0.00  0.0    0  2.7 13 210   M    M   5 12     22  90
11  77  51  64   0   1   0 0.00  0.0    0  3.2 13 190   M    M   3 128    21  80
12  74  57  66   2   0   1 0.00  0.0    0  4.3 13 190   M    M   6 18     23 200
13  76  60  68   4   0   3 0.00  0.0    0  3.9 14 210   M    M   7 18     18 210
14  74  61  68   4   0   3 0.00  0.0    0  4.3 12 200   M    M   5 18     14 180
15  81  58  70   6   0   5 0.00  0.0    0  4.5 14 200   M    M   3 18     16 200
16  84  54  69   5   0   4 0.00  0.0    0  4.6 13 150   M    M   1 8      15 160
17  78  55  67   3   0   2    T  0.0    0  4.5 14 240   M    M   4 18     19 230
18  76  65  71   8   0   6 0.10  0.0    0  4.9 14 220   M    M   9 1      21  90
19  78  63  71   8   0   6 0.00  0.0    0  4.7 14 220   M    M   7 1      17 230
20  71  63  67   4   0   2    T  0.0    0  3.6 14 230   M    M  10 18     16 220
21  74  64  69   6   0   4 0.00  0.0    0  5.0 16 240   M    M   9        21 210
22  79  61  70   7   0   5 0.00  0.0    0  3.9 14 230   M    M   4        18 220
23  80  56  68   5   0   3 0.00  0.0    0  4.4 12 190   M    M   3 1      14 220
24  78  63  71   8   0   6 0.01  0.0    M  4.1 17 220   M    M   7 18     26 220
25  73  63  68   5   0   3 0.30  0.0    0  4.1 13 220   M    M   7 1       M  M
26  77  57  67   4   0   2 0.00  0.0    0  6.2 18 240   M    M   4 1      23 240
27  72  54  63   1   2   0 0.00  0.0    0  4.8 14 200   M    M   4        18 190
28  71  59  65   3   0   0    T  0.0    0  3.8 12 200   M    M  10 18     16 190
29  75  55  65   3   0   0 0.00  0.0    0  4.3 10 110   M    M   2 1      16 250
================================================================================
SM 2178 1688         9  63  0.41     0.0 129.0          M      167
================================================================================
AV 75.1 58.2                               4.4 FASTST   M    M   6    MAX(MPH)
                                 MISC ---->  # 18 240               # 26  220
================================================================================
NOTES:
# LAST OF SEVERAL OCCURRENCES

COLUMN 17 PEAK WIND IN M.P.H.

PRELIMINARY LOCAL CLIMATOLOGICAL DATA (WS FORM: F-6) , PAGE 2

                                          STATION:  WATSONVILLE AIRPORT
                                          MONTH:    SEPTEMBER
                                          YEAR:     2014
                                          LATITUDE:   36 55 N
                                          LONGITUDE: 121 47 W

[TEMPERATURE DATA]      [PRECIPITATION DATA]       SYMBOLS USED IN COLUMN 16

AVERAGE MONTHLY: 66.7   TOTAL FOR MONTH:   0.41    1 = FOG OR MIST
DPTR FM NORMAL:   3.2   DPTR FM NORMAL:    0.20    2 = FOG REDUCING VISIBILITY
HIGHEST:    84 ON 16,10 GRTST 24HR  0.31 ON 24-25      TO 1/4 MILE OR LESS
LOWEST:     51 ON 11                               3 = THUNDER
                        SNOW, ICE PELLETS, HAIL    4 = ICE PELLETS
                        TOTAL MONTH:   0.0 INCH    5 = HAIL
                        GRTST 24HR     0.0         6 = FREEZING RAIN OR DRIZZLE
                        GRTST DEPTH:   0           7 = DUSTSTORM OR SANDSTORM:
                                                       VSBY 1/2 MILE OR LESS
                                                   8 = SMOKE OR HAZE
[NO. OF DAYS WITH]      [WEATHER - DAYS WITH]      9 = BLOWING SNOW
                                                   X = TORNADO
MAX 32 OR BELOW:   0    0.01 INCH OR MORE:   3
MAX 90 OR ABOVE:   0    0.10 INCH OR MORE:   2
MIN 32 OR BELOW:   0    0.50 INCH OR MORE:   0
MIN  0 OR BELOW:   0    1.00 INCH OR MORE:   0

[HDD (BASE 65) ]
TOTAL THIS MO.     9    CLEAR  (SCALE 0-3)   5
DPTR FM NORMAL   -63    PTCLDY (SCALE 4-7)  17
TOTAL FM JUL 1    24    CLOUDY (SCALE 8-10)  7
DPTR FM NORMAL  -182

[CDD (BASE 65) ]
TOTAL THIS MO.    63
DPTR FM NORMAL    34    [PRESSURE DATA]
TOTAL FM JAN 1   263    HIGHEST SLP M ON M
DPTR FM NORMAL   168    LOWEST  SLP 29.70 ON  3

[REMARKS]




U.S. Dept. of Commerce
NOAA National Weather Service
1325 East West Highway
Silver Spring, MD 20910
E-mail: w-nws.webmaster@noaa.gov
Page last modified: May 16, 2007
NATIONAL WEATHER SERVICE: for Safety, for Work, for Fun - FOR LIFE