077
CXUS56 KMTR 281000
CF6WVI
PRELIMINARY LOCAL CLIMATOLOGICAL DATA (WS FORM: F-6)

                                          STATION:   WATSONVILLE AIRPORT
                                          MONTH:     JULY
                                          YEAR:      2014
                                          LATITUDE:   36 55 N
                                          LONGITUDE: 121 47 W

  TEMPERATURE IN F:       :PCPN:    SNOW:  WIND      :SUNSHINE: SKY     :PK WND
================================================================================
1   2   3   4   5  6A  6B    7    8   9   10  11  12  13   14  15   16   17  18
                                     12Z  AVG MX 2MIN
DY MAX MIN AVG DEP HDD CDD  WTR  SNW DPTH SPD SPD DIR MIN PSBL S-S WX    SPD DR
================================================================================

 1  70  56  63   0   2   0 0.00  0.0    0  6.4 17 210   M    M   8 1      23 210
 2  68  58  63   0   2   0 0.00  0.0    0  4.6 13 220   M    M  10 1      19 170
 3  70  55  63   0   2   0 0.00  0.0    0  5.5 13 180   M    M   5 1      20 240
 4  71  50  61  -2   4   0 0.00  0.0    0  4.9 13 180   M    M   5 18     16 190
 5  75  54  65   2   0   0 0.00  0.0    0  3.6 12 170   M    M   6 18     15 180
 6  77  52  65   2   0   0 0.00  0.0    0  4.1 12 140   M    M   4 12     28 150
 7  75  52  64   1   1   0 0.00  0.0    0  4.3 12 190   M    M   6 18     22  90
 8  70  56  63   0   2   0 0.00  0.0    0  5.6 14 220   M    M   7 1      18 230
 9  69  57  63   0   2   0 0.01  0.0    0  5.5 15 240   M    M  10 18     20 240
10  71  58  65   2   0   0 0.02  0.0    0  7.0 18 220   M    M   9 18     22 230
11  73  58  66   3   0   1 0.02  0.0    0  6.3 16 220   M    M   7 1      23 210
12  76  58  67   4   0   2 0.00  0.0    0  4.9 13 210   M    M   5        16 240
13  77  55  66   3   0   1 0.00  0.0    0  3.8 13 180   M    M   3 12     16 180
14  73  56  65   2   0   0 0.00  0.0    0  4.4 14 210   M    M   0        18 210
15  78  60  69   6   0   4    T  0.0    0  7.2 17 240   M    M   4        22 240
16  73  60  67   4   0   2 0.01  0.0    0  6.5 15 240   M    M   8 18     19 240
17  75  58  67   4   0   2    T  0.0    0  6.1 16 230   M    M   7 1      22 210
18  74  58  66   3   0   1    T  0.0    0  6.4 15 240   M    M   5        29 210
19  74  60  67   4   0   2 0.00  0.0    0  4.5 15 230   M    M   5        20 220
20  77  61  69   6   0   4 0.00  0.0    0  6.1 17 230   M    M   3        23 250
21  77  60  69   6   0   4 0.00  0.0    0  6.5 16 220   M    M   6        21 250
22  78  58  68   5   0   3 0.00  0.0    0  5.6 17 220   M    M   3 8      22 200
23  82  57  70   7   0   5 0.00  0.0    0  6.0 16 240   M    M   1 1      21 230
24  85  58  72   9   0   7 0.00  0.0    0  4.7 12 150   M    M   0        17 170
25  83  55  69   6   0   4 0.00  0.0    0  4.5 14 190   M    M   2 128    23  30
26  81  55  68   5   0   3 0.00  0.0    M  4.0 13 200   M    M   1 128    21 210
27  79  60  70   7   0   5    T  0.0    0  4.6 14 210   M    M   3 18     18 200
================================================================================
SM 2031 1535        15  50  0.06     0.0 143.6          M      133
================================================================================
AV 75.2 56.9                               5.3 FASTST   M    M   5    MAX(MPH)
                                 MISC ---->  # 18 220               # 29  210
================================================================================
NOTES:
# LAST OF SEVERAL OCCURRENCES

COLUMN 17 PEAK WIND IN M.P.H.

PRELIMINARY LOCAL CLIMATOLOGICAL DATA (WS FORM: F-6) , PAGE 2

                                          STATION:  WATSONVILLE AIRPORT
                                          MONTH:    JULY
                                          YEAR:     2014
                                          LATITUDE:   36 55 N
                                          LONGITUDE: 121 47 W

[TEMPERATURE DATA]      [PRECIPITATION DATA]       SYMBOLS USED IN COLUMN 16

AVERAGE MONTHLY: 66.0   TOTAL FOR MONTH:   0.06    1 = FOG OR MIST
DPTR FM NORMAL:   3.0   DPTR FM NORMAL:    0.04    2 = FOG REDUCING VISIBILITY
HIGHEST:    85 ON 24    GRTST 24HR  0.03 ON  9-10      TO 1/4 MILE OR LESS
LOWEST:     50 ON  4                               3 = THUNDER
                        SNOW, ICE PELLETS, HAIL    4 = ICE PELLETS
                        TOTAL MONTH:   0.0 INCH    5 = HAIL
                        GRTST 24HR     0.0         6 = FREEZING RAIN OR DRIZZLE
                        GRTST DEPTH:   0           7 = DUSTSTORM OR SANDSTORM:
                                                       VSBY 1/2 MILE OR LESS
                                                   8 = SMOKE OR HAZE
[NO. OF DAYS WITH]      [WEATHER - DAYS WITH]      9 = BLOWING SNOW
                                                   X = TORNADO
MAX 32 OR BELOW:   0    0.01 INCH OR MORE:   4
MAX 90 OR ABOVE:   0    0.10 INCH OR MORE:   0
MIN 32 OR BELOW:   0    0.50 INCH OR MORE:   0
MIN  0 OR BELOW:   0    1.00 INCH OR MORE:   0

[HDD (BASE 65) ]
TOTAL THIS MO.    15    CLEAR  (SCALE 0-3)   7
DPTR FM NORMAL   -39    PTCLDY (SCALE 4-7)  17
TOTAL FM JUL 1    15    CLOUDY (SCALE 8-10)  3
DPTR FM NORMAL   -39

[CDD (BASE 65) ]
TOTAL THIS MO.    50
DPTR FM NORMAL    36    [PRESSURE DATA]
TOTAL FM JAN 1   107    HIGHEST SLP M ON M
DPTR FM NORMAL    67    LOWEST  SLP 29.80 ON  1

[REMARKS]




U.S. Dept. of Commerce
NOAA National Weather Service
1325 East West Highway
Silver Spring, MD 20910
E-mail: w-nws.webmaster@noaa.gov
Page last modified: May 16, 2007
NATIONAL WEATHER SERVICE: for Safety, for Work, for Fun - FOR LIFE