896
CXUS56 KMTR 231000
CF6WVI
PRELIMINARY LOCAL CLIMATOLOGICAL DATA (WS FORM: F-6)

                                          STATION:   WATSONVILLE AIRPORT
                                          MONTH:     APRIL
                                          YEAR:      2014
                                          LATITUDE:   36 55 N
                                          LONGITUDE: 121 47 W

  TEMPERATURE IN F:       :PCPN:    SNOW:  WIND      :SUNSHINE: SKY     :PK WND
================================================================================
1   2   3   4   5  6A  6B    7    8   9   10  11  12  13   14  15   16   17  18
                                     12Z  AVG MX 2MIN
DY MAX MIN AVG DEP HDD CDD  WTR  SNW DPTH SPD SPD DIR MIN PSBL S-S WX    SPD DR
================================================================================

 1  59  42  51  -3  14   0 0.67  0.0    0  5.6 23 200   M    M   7 1      32 200
 2  61  41  51  -3  14   0 0.01  0.0    0  4.7 16 240   M    M   2        22  30
 3  62  42  52  -2  13   0 0.00  0.0    0  3.8 14 230   M    M   1        20 200
 4  60  45  53  -1  12   0 0.05  0.0    0  5.4 20 230   M    M   7 1      25 230
 5  67  42  55   1  10   0 0.00  0.0    0  2.9 12 190   M    M   0        21  70
 6  71  45  58   4   7   0 0.00  0.0    0  3.2  8 130   M    M   0        23 220
 7  81  49  65  11   0   0 0.00  0.0    0  3.8 12 240   M    M   0        14 110
 8  77  49  63   8   2   0 0.00  0.0    0  1.8 13 190   M    M   2 1      33 170
 9  68  51  60   5   5   0 0.00  0.0    0  3.3 10 190   M    M   7 1      21  90
10  70  48  59   4   6   0 0.00  0.0    0  3.2 13 200   M    M   6 12     22 210
11  61  52  57   2   8   0 0.00  0.0    0  4.0 13 230   M    M   9        16 230
12  61  53  57   2   8   0 0.00  0.0    0  5.4 14 200   M    M   9        17 190
13  63  53  58   3   7   0 0.00  0.0    0  3.5 14 230   M    M   6        18 230
14  68  50  59   4   6   0 0.00  0.0    0  3.7 13 190   M    M   7 1      15 180
15  65  51  58   3   7   0 0.00  0.0    M  3.3 12 120   M    M   5 18     14 110
16  70  48  59   3   6   0 0.00  0.0    0  3.1 12 110   M    M   3 18     16 230
17  62  48  55  -1  10   0 0.00  0.0    0  3.5 10 160   M    M   4 128    14 140
18  61  49  55  -1  10   0 0.00  0.0    0  4.7 13 200   M    M   8        17 200
19  66  50  58   2   7   0 0.00  0.0    0  3.9 12 200   M    M   4        15 110
20  75  48  62   6   3   0 0.00  0.0    0  3.0 10 240   M    M   3 12     20 150
21  72  46  59   3   6   0 0.00  0.0    0  3.6 14 180   M    M   0        23 210
22  69  45  57   1   8   0 0.06    M    0  6.6 18 290   M    M   3 1     128 210
================================================================================
SM 1469 1047       169   0  0.79     0.0  86.0          M       93
================================================================================
AV 66.8 47.6                               3.9 FASTST   M    M   4    MAX(MPH)
                                 MISC ---->  # 23 200               #128  210
================================================================================
NOTES:
# LAST OF SEVERAL OCCURRENCES

COLUMN 17 PEAK WIND IN M.P.H.

PRELIMINARY LOCAL CLIMATOLOGICAL DATA (WS FORM: F-6) , PAGE 2

                                          STATION:  WATSONVILLE AIRPORT
                                          MONTH:    APRIL
                                          YEAR:     2014
                                          LATITUDE:   36 55 N
                                          LONGITUDE: 121 47 W

[TEMPERATURE DATA]      [PRECIPITATION DATA]       SYMBOLS USED IN COLUMN 16

AVERAGE MONTHLY: 57.2   TOTAL FOR MONTH:   0.79    1 = FOG OR MIST
DPTR FM NORMAL:   2.2   DPTR FM NORMAL:   -0.09    2 = FOG REDUCING VISIBILITY
HIGHEST:    81 ON  7    GRTST 24HR  1.19 ON 31- 1      TO 1/4 MILE OR LESS
LOWEST:     41 ON  2                               3 = THUNDER
                        SNOW, ICE PELLETS, HAIL    4 = ICE PELLETS
                        TOTAL MONTH:   0.0 INCH    5 = HAIL
                        GRTST 24HR     0.0         6 = FREEZING RAIN OR DRIZZLE
                        GRTST DEPTH:   0           7 = DUSTSTORM OR SANDSTORM:
                                                       VSBY 1/2 MILE OR LESS
                                                   8 = SMOKE OR HAZE
[NO. OF DAYS WITH]      [WEATHER - DAYS WITH]      9 = BLOWING SNOW
                                                   X = TORNADO
MAX 32 OR BELOW:   0    0.01 INCH OR MORE:   4
MAX 90 OR ABOVE:   0    0.10 INCH OR MORE:   1
MIN 32 OR BELOW:   0    0.50 INCH OR MORE:   1
MIN  0 OR BELOW:   0    1.00 INCH OR MORE:   0

[HDD (BASE 65) ]
TOTAL THIS MO.   169    CLEAR  (SCALE 0-3)  10
DPTR FM NORMAL   -53    PTCLDY (SCALE 4-7)   9
TOTAL FM JUL 1  2151    CLOUDY (SCALE 8-10)  3
DPTR FM NORMAL  -416

[CDD (BASE 65) ]
TOTAL THIS MO.     0
DPTR FM NORMAL     0    [PRESSURE DATA]
TOTAL FM JAN 1     0    HIGHEST SLP M ON M
DPTR FM NORMAL    -1    LOWEST  SLP 29.80 ON 17

[REMARKS]




U.S. Dept. of Commerce
NOAA National Weather Service
1325 East West Highway
Silver Spring, MD 20910
E-mail: w-nws.webmaster@noaa.gov
Page last modified: May 16, 2007
NATIONAL WEATHER SERVICE: for Safety, for Work, for Fun - FOR LIFE