055
CXUS55 KRIW 230901
CF6WRL
PRELIMINARY LOCAL CLIMATOLOGICAL DATA (WS FORM: F-6)

                                          STATION:   WORLAND WY
                                          MONTH:     APRIL
                                          YEAR:      2014
                                          LATITUDE:   43 58 N
                                          LONGITUDE: 107 57 W

  TEMPERATURE IN F:       :PCPN:    SNOW:  WIND      :SUNSHINE: SKY     :PK WND
================================================================================
1   2   3   4   5  6A  6B    7    8   9   10  11  12  13   14  15   16   17  18
                                     12Z  AVG MX 2MIN
DY MAX MIN AVG DEP HDD CDD  WTR  SNW DPTH SPD SPD DIR MIN PSBL S-S WX    SPD DR
================================================================================

 1  50  24  37  -5  28   0    T  0.0    M  4.2 14  20   M    M   4        18  20
 2  41  28  35  -7  30   0 0.03    M    M  5.1 15  20   M    M   9 1      20  30
 3  49  27  38  -4  27   0 0.00  0.0    M  3.9 16 330   M    M   4        20 330
 4  55  27  41  -1  24   0 0.00  0.0    M  4.8 14 150   M    M   0        16 150
 5  58  27  43   0  22   0    T  0.0    M  4.5 25 320   M    M   2        32  10
 6  55  28  42  -1  23   0 0.02    M    M  6.7 26 340   M    M   5        38 350
 7  57  31  44   1  21   0 0.00  0.0    M  5.8 14 340   M    M   4        18 360
 8  69  32  51   8  14   0 0.00  0.0    M  4.4  9 140   M    M   0        13 160
 9  77  37  57  13   8   0    T    M    M  9.9 35 340   M    M   3 38     44 340
10  62  41  52   8  13   0 0.06    M    M  4.5 16 360   M    M   2 1      24 360
11  71  36  54  10  11   0 0.00  0.0    M  5.8 12 340   M    M   0        15 320
12  58  29  44   0  21   0 0.07    M    M 10.0 26 320   M    M   4 1      32 330
13  32  17  25 -20  40   0 0.06    M    M 14.9 28 340   M    M   9 128    35 340
14  45  14  30 -15  35   0 0.00  0.0    M  6.5 15 120   M    M   0        17 130
15  58  27  43  -2  22   0 0.03    M    M  7.7 45 330   M    M   4        56 330
16  51  34  43  -3  22   0 0.00  0.0    M  7.6 16 350   M    M   4        23 320
17  64  30  47   1  18   0 0.00  0.0    M  7.2 15 140   M    M   0        19 150
18  75  36  56  10   9   0 0.00  0.0    0 12.4 35 230   M    M   2        43 250
19  68  29  49   3  16   0 0.00  0.0    0  4.7 13 190   M    M   0        14 140
20  71  33  52   5  13   0 0.00  0.0    0  7.3 18 320   M    M   0        25 320
21  68  36  52   5  13   0 0.00  0.0    0  4.7 13 130   M    M   1         M  M
22  75  37  56   8   9   0 0.00  0.0    0  8.8 40 210   M    M   1 8      52 210
================================================================================
SM 1309  660       439   0  0.27     0.0 151.4          M       58
================================================================================
AV 59.5 30.0                               6.9 FASTST   M    M   3    MAX(MPH)
                                 MISC ---->  # 45 330               # 56  330
================================================================================
NOTES:
# LAST OF SEVERAL OCCURRENCES

COLUMN 17 PEAK WIND IN M.P.H.

PRELIMINARY LOCAL CLIMATOLOGICAL DATA (WS FORM: F-6) , PAGE 2

                                          STATION:  WORLAND WY
                                          MONTH:    APRIL
                                          YEAR:     2014
                                          LATITUDE:   43 58 N
                                          LONGITUDE: 107 57 W

[TEMPERATURE DATA]      [PRECIPITATION DATA]       SYMBOLS USED IN COLUMN 16

AVERAGE MONTHLY: 44.8   TOTAL FOR MONTH:   0.27    1 = FOG OR MIST
DPTR FM NORMAL:   0.3   DPTR FM NORMAL:   -0.26    2 = FOG REDUCING VISIBILITY
HIGHEST:    77 ON  9    GRTST 24HR  0.12 ON 12-13      TO 1/4 MILE OR LESS
LOWEST:     14 ON 14                               3 = THUNDER
                        SNOW, ICE PELLETS, HAIL    4 = ICE PELLETS
                        TOTAL MONTH:   0.0 INCH    5 = HAIL
                        GRTST 24HR     0.0         6 = FREEZING RAIN OR DRIZZLE
                        GRTST DEPTH:   0           7 = DUSTSTORM OR SANDSTORM:
                                                       VSBY 1/2 MILE OR LESS
                                                   8 = SMOKE OR HAZE
[NO. OF DAYS WITH]      [WEATHER - DAYS WITH]      9 = BLOWING SNOW
                                                   X = TORNADO
MAX 32 OR BELOW:   1    0.01 INCH OR MORE:   6
MAX 90 OR ABOVE:   0    0.10 INCH OR MORE:   0
MIN 32 OR BELOW:  14    0.50 INCH OR MORE:   0
MIN  0 OR BELOW:   0    1.00 INCH OR MORE:   0

[HDD (BASE 65) ]
TOTAL THIS MO.   439    CLEAR  (SCALE 0-3)  12
DPTR FM NORMAL   -13    PTCLDY (SCALE 4-7)   8
TOTAL FM JUL 1  7759    CLOUDY (SCALE 8-10)  2
DPTR FM NORMAL   421

[CDD (BASE 65) ]
TOTAL THIS MO.     0
DPTR FM NORMAL     0    [PRESSURE DATA]
TOTAL FM JAN 1     0    HIGHEST SLP M ON M
DPTR FM NORMAL     0    LOWEST  SLP 29.37 ON 22

[REMARKS]




U.S. Dept. of Commerce
NOAA National Weather Service
1325 East West Highway
Silver Spring, MD 20910
E-mail: w-nws.webmaster@noaa.gov
Page last modified: May 16, 2007
NATIONAL WEATHER SERVICE: for Safety, for Work, for Fun - FOR LIFE