564
CXUS55 KRIW 010901
CF6WRL
PRELIMINARY LOCAL CLIMATOLOGICAL DATA (WS FORM: F-6)

                                          STATION:   WORLAND WY
                                          MONTH:     AUGUST
                                          YEAR:      2014
                                          LATITUDE:   43 58 N
                                          LONGITUDE: 107 57 W

  TEMPERATURE IN F:       :PCPN:    SNOW:  WIND      :SUNSHINE: SKY     :PK WND
================================================================================
1   2   3   4   5  6A  6B    7    8   9   10  11  12  13   14  15   16   17  18
                                     12Z  AVG MX 2MIN
DY MAX MIN AVG DEP HDD CDD  WTR  SNW DPTH SPD SPD DIR MIN PSBL S-S WX    SPD DR
================================================================================

 1  92  57  75   2   0  10 0.00  0.0    0  6.1 24 320   M    M   0        31 320
 2  94  61  78   5   0  13    T  0.0    0  6.2 17 190   M    M   1        36 240
 3  91  58  75   2   0  10 0.00  0.0    0  5.9 15  10   M    M   1        22  10
 4  78  61  70  -3   0   5    T  0.0    0  3.6 10  10   M    M   5        13  20
 5  85  57  71  -1   0   6 0.02  0.0    0  6.4 23 340   M    M   3 1      28 340
 6  83  57  70  -2   0   5 0.00  0.0    0  5.0 13 240   M    M   2        15 240
 7  89  54  72   0   0   7    T  0.0    0  5.5 21 320   M    M   1 3      24 330
 8  90  54  72   0   0   7    T  0.0    0  5.6 24 110   M    M   1        29 100
 9  86  58  72   0   0   7 0.00  0.0    0  6.0 18 330   M    M   2        23 330
10  90  55  73   1   0   8 0.00  0.0    0  5.6 14 130   M    M   1        16 130
11  95  54  75   3   0  10 0.00  0.0    0  5.0 14 120   M    M   0        17 130
12  99  56  78   7   0  13 0.00  0.0    0  4.9 16 290   M    M   0        23 290
13  94  64  79   8   0  14 0.00  0.0    0  6.6 14 200   M    M   0 8      17  20
14  79  64  72   1   0   7 0.25  0.0    0  5.2 20 200   M    M   6 1      24 200
15  88  58  73   2   0   8    T  0.0    0  3.9 21 260   M    M   0        26 250
16  90  54  72   2   0   7 0.00  0.0    0  4.6 10  30   M    M   1        14 340
17  87  53  70   0   0   5 0.00  0.0    0  4.6 12  10   M    M   0        15  40
18  86  56  71   1   0   6    T  0.0    0  4.8 22 360   M    M   0 3      31 360
19  92  53  73   3   0   8 0.01  0.0    0  6.7 28 290   M    M   1 8      37 280
20  83  58  71   1   0   6 0.00  0.0    0  5.7 20 320   M    M   4        23 320
21  76  52  64  -5   1   0 0.00  0.0    0  6.7 22 340   M    M   2        28 330
22  75  51  63  -6   2   0 0.06  0.0    0  6.2 18 320   M    M   5        22 320
23  64  49  57 -12   8   0 1.13  0.0    0  8.0 20 330   M    M   9 1      25 340
24  63  48  56 -12   9   0 0.02  0.0    0  5.8 12  10   M    M   8 1      16  70
25  69  49  59  -9   6   0 0.00  0.0    0  4.2  9 350   M    M   5        12  20
26  79  48  64  -4   1   0 0.00  0.0    0  3.3 10 170   M    M   0        12 160
27  75  51  63  -4   2   0 0.00  0.0    M  3.6 10 180   M    M   1        12 170
28  85  51  68   1   0   3 0.00  0.0    0  4.3 13 160   M    M   1        15 170
29  83  53  68   2   0   3    T  0.0    0  7.5 28  10   M    M   2 3      37 340
30  82  53  68   2   0   3 0.02  0.0    0  6.6 37 340   M    M   2 3      46 350
31  72  49  61  -5   4   0    T  0.0    0  5.2 17 330   M    M   6 1      22 330
================================================================================
SM 2594 1696        33 171  1.51     0.0 169.3          M       70
================================================================================
AV 83.7 54.7                               5.5 FASTST   M    M   2    MAX(MPH)
                                 MISC ---->  # 37 340               # 46  350
================================================================================
NOTES:
# LAST OF SEVERAL OCCURRENCES

COLUMN 17 PEAK WIND IN M.P.H.

PRELIMINARY LOCAL CLIMATOLOGICAL DATA (WS FORM: F-6) , PAGE 2

                                          STATION:  WORLAND WY
                                          MONTH:    AUGUST
                                          YEAR:     2014
                                          LATITUDE:   43 58 N
                                          LONGITUDE: 107 57 W

[TEMPERATURE DATA]      [PRECIPITATION DATA]       SYMBOLS USED IN COLUMN 16

AVERAGE MONTHLY: 69.2   TOTAL FOR MONTH:   1.51    1 = FOG OR MIST
DPTR FM NORMAL:  -0.9   DPTR FM NORMAL:    1.08    2 = FOG REDUCING VISIBILITY
HIGHEST:    99 ON 12    GRTST 24HR  1.13 ON 23-23      TO 1/4 MILE OR LESS
LOWEST:     48 ON 26,24                            3 = THUNDER
                        SNOW, ICE PELLETS, HAIL    4 = ICE PELLETS
                        TOTAL MONTH:   0.0 INCH    5 = HAIL
                        GRTST 24HR     0.0         6 = FREEZING RAIN OR DRIZZLE
                        GRTST DEPTH:   0           7 = DUSTSTORM OR SANDSTORM:
                                                       VSBY 1/2 MILE OR LESS
                                                   8 = SMOKE OR HAZE
[NO. OF DAYS WITH]      [WEATHER - DAYS WITH]      9 = BLOWING SNOW
                                                   X = TORNADO
MAX 32 OR BELOW:   0    0.01 INCH OR MORE:   7
MAX 90 OR ABOVE:  10    0.10 INCH OR MORE:   2
MIN 32 OR BELOW:   0    0.50 INCH OR MORE:   1
MIN  0 OR BELOW:   0    1.00 INCH OR MORE:   1

[HDD (BASE 65) ]
TOTAL THIS MO.    33    CLEAR  (SCALE 0-3)  22
DPTR FM NORMAL    10    PTCLDY (SCALE 4-7)   8
TOTAL FM JUL 1    34    CLOUDY (SCALE 8-10)  1
DPTR FM NORMAL    -2

[CDD (BASE 65) ]
TOTAL THIS MO.   171
DPTR FM NORMAL   -10    [PRESSURE DATA]
TOTAL FM JAN 1   509    HIGHEST SLP M ON M
DPTR FM NORMAL     3    LOWEST  SLP 29.84 ON 20

[REMARKS]
#FINAL-08-14#




U.S. Dept. of Commerce
NOAA National Weather Service
1325 East West Highway
Silver Spring, MD 20910
E-mail: w-nws.webmaster@noaa.gov
Page last modified: May 16, 2007
NATIONAL WEATHER SERVICE: for Safety, for Work, for Fun - FOR LIFE