947
CXUS55 KRIW 300901
CF6WRL
PRELIMINARY LOCAL CLIMATOLOGICAL DATA (WS FORM: F-6)

                                          STATION:   WORLAND WY
                                          MONTH:     SEPTEMBER
                                          YEAR:      2014
                                          LATITUDE:   43 58 N
                                          LONGITUDE: 107 57 W

  TEMPERATURE IN F:       :PCPN:    SNOW:  WIND      :SUNSHINE: SKY     :PK WND
================================================================================
1   2   3   4   5  6A  6B    7    8   9   10  11  12  13   14  15   16   17  18
                                     12Z  AVG MX 2MIN
DY MAX MIN AVG DEP HDD CDD  WTR  SNW DPTH SPD SPD DIR MIN PSBL S-S WX    SPD DR
================================================================================

 1  73  48  61  -4   4   0 0.03  0.0    0  4.9 14 170   M    M   3 1      18 160
 2  84  41  63  -2   2   0 0.00  0.0    0  4.6 13 170   M    M   0        14 180
 3  90  47  69   5   0   4 0.00  0.0    0 12.1 35 250   M    M   0        42 260
 4  69  48  59  -5   6   0 0.00  0.0    0  6.3 17 320   M    M   0        22 340
 5  73  39  56  -8   9   0 0.00  0.0    0  3.3  9 120   M    M   1        13  10
 6  82  41  62  -1   3   0 0.00  0.0    0  5.2 12 150   M    M   0        13 350
 7  82  43  63   0   2   0    T  0.0    0  7.8 43 280   M    M   0 38     58 280
 8  89  46  68   6   0   3 0.00  0.0    0  6.2 22 260   M    M   0        27 260
 9  74  48  61  -1   4   0 0.12  0.0    0  8.2 29 330   M    M   2 1      36 350
10  58  40  49 -12  16   0 0.09  0.0    0  8.7 22 340   M    M   8 1      29 330
11  40  32  36 -25  29   0 0.44    M    0  6.9 17 320   M    M   9 1      22 320
12  59  29  44 -16  21   0 0.00  0.0    0  5.7 13 140   M    M   0        16 140
13  64  31  48 -12  17   0 0.00  0.0    0  2.7 10  30   M    M   0        13 280
14  71  35  53  -6  12   0 0.00  0.0    0  3.6 12 350   M    M   0        14 350
15  80  37  59   0   6   0 0.00  0.0    0  3.9 10 170   M    M   0        12  20
16  85  43  64   6   1   0 0.00  0.0    0  3.9 12 210   M    M   0        13 220
17  87  48  68  10   0   3 0.00  0.0    0  4.2 31 230   M    M   0        40 230
18  86  49  68  11   0   3    T  0.0    0  5.5 21 350   M    M   1 38     24 350
19  82  54  68  11   0   3    T  0.0    0  5.3 20 330   M    M   1        24 310
20  77  47  62   6   3   0 0.00  0.0    0  4.3 12 130   M    M   0        14  20
21  79  42  61   5   4   0 0.00  0.0    0  4.3 13 120   M    M   0        16 120
22  78  53  66  11   0   1 0.00  0.0    0  2.9 10 180   M    M   3 8      14 210
23  82  46  64   9   1   0 0.00  0.0    0  4.3 13 160   M    M   0        14 160
24  89  46  68  14   0   3 0.00  0.0    0  4.2 13 120   M    M   0        14 130
25  94  47  71  17   0   6 0.00  0.0    0  6.1 16 180   M    M   0        21 180
26  92  53  73  19   0   8 0.00  0.0    0  7.8 17 190   M    M   0 8      23 190
27  73  50  62   9   3   0 0.00  0.0    0  9.8 18 310   M    M   3        24 330
28  53  47  50  -3  15   0 0.03  0.0    0  7.3 14 340   M    M  10 18     17 340
29  67  47  57   5   8   0 0.30  0.0    0  3.8  9 340   M    M   6 1      13 330
================================================================================
SM 2212 1277       166  34  1.01     0.0 163.8          M       47
================================================================================
AV 76.3 44.0                               5.6 FASTST   M    M   2    MAX(MPH)
                                 MISC ---->  # 43 280               # 58  280
================================================================================
NOTES:
# LAST OF SEVERAL OCCURRENCES

COLUMN 17 PEAK WIND IN M.P.H.

PRELIMINARY LOCAL CLIMATOLOGICAL DATA (WS FORM: F-6) , PAGE 2

                                          STATION:  WORLAND WY
                                          MONTH:    SEPTEMBER
                                          YEAR:     2014
                                          LATITUDE:   43 58 N
                                          LONGITUDE: 107 57 W

[TEMPERATURE DATA]      [PRECIPITATION DATA]       SYMBOLS USED IN COLUMN 16

AVERAGE MONTHLY: 60.2   TOTAL FOR MONTH:   1.01    1 = FOG OR MIST
DPTR FM NORMAL:   1.4   DPTR FM NORMAL:    0.19    2 = FOG REDUCING VISIBILITY
HIGHEST:    94 ON 25    GRTST 24HR  0.52 ON 10-11      TO 1/4 MILE OR LESS
LOWEST:     29 ON 12                               3 = THUNDER
                        SNOW, ICE PELLETS, HAIL    4 = ICE PELLETS
                        TOTAL MONTH:   0.0 INCH    5 = HAIL
                        GRTST 24HR     0.0         6 = FREEZING RAIN OR DRIZZLE
                        GRTST DEPTH:   0           7 = DUSTSTORM OR SANDSTORM:
                                                       VSBY 1/2 MILE OR LESS
                                                   8 = SMOKE OR HAZE
[NO. OF DAYS WITH]      [WEATHER - DAYS WITH]      9 = BLOWING SNOW
                                                   X = TORNADO
MAX 32 OR BELOW:   0    0.01 INCH OR MORE:   6
MAX 90 OR ABOVE:   3    0.10 INCH OR MORE:   3
MIN 32 OR BELOW:   3    0.50 INCH OR MORE:   0
MIN  0 OR BELOW:   0    1.00 INCH OR MORE:   0

[HDD (BASE 65) ]
TOTAL THIS MO.   166    CLEAR  (SCALE 0-3)  25
DPTR FM NORMAL   -42    PTCLDY (SCALE 4-7)   1
TOTAL FM JUL 1   200    CLOUDY (SCALE 8-10)  3
DPTR FM NORMAL   -44

[CDD (BASE 65) ]
TOTAL THIS MO.    34
DPTR FM NORMAL     6    [PRESSURE DATA]
TOTAL FM JAN 1   543    HIGHEST SLP M ON M
DPTR FM NORMAL     9    LOWEST  SLP 29.76 ON  3

[REMARKS]




U.S. Dept. of Commerce
NOAA National Weather Service
1325 East West Highway
Silver Spring, MD 20910
E-mail: w-nws.webmaster@noaa.gov
Page last modified: May 16, 2007
NATIONAL WEATHER SERVICE: for Safety, for Work, for Fun - FOR LIFE