619
CXUS55 KRIW 230901
CF6WRL
PRELIMINARY LOCAL CLIMATOLOGICAL DATA (WS FORM: F-6)

                                          STATION:   WORLAND WY
                                          MONTH:     NOVEMBER
                                          YEAR:      2014
                                          LATITUDE:   43 58 N
                                          LONGITUDE: 107 57 W

  TEMPERATURE IN F:       :PCPN:    SNOW:  WIND      :SUNSHINE: SKY     :PK WND
================================================================================
1   2   3   4   5  6A  6B    7    8   9   10  11  12  13   14  15   16   17  18
                                     12Z  AVG MX 2MIN
DY MAX MIN AVG DEP HDD CDD  WTR  SNW DPTH SPD SPD DIR MIN PSBL S-S WX    SPD DR
================================================================================

 1  75  40  58  19   7   0 0.00  0.0    0  9.0 26 220   M    M   1        35 230
 2  61  37  49  11  16   0 0.00  0.0    0  8.5 20 160   M    M   3        24 330
 3  52  24  38   0  27   0 0.00  0.0    0  4.2 13  10   M    M   4 8      16  20
 4  54  17  36  -1  29   0 0.00  0.0    0  5.4 14 180   M    M   1 8      14 170
 5  58  25  42   5  23   0 0.00  0.0    0  5.1 13 180   M    M   1        13 180
 6  66  24  45   9  20   0 0.00  0.0    0  3.3 12 170   M    M   0        12 170
 7  63  31  47  11  18   0 0.00  0.0    0  8.6 22 350   M    M   5        28 340
 8  60  20  40   5  25   0 0.00  0.0    0  2.7 12 130   M    M   0        13 160
 9  64  27  46  11  19   0    T    M    M  4.8 15 360   M    M   2        18  10
10  49  15  32  -2  33   0 0.27    M    M 14.1 35 310   M    M  10 128    42 310
11  15  -9   3 -30  62   0 0.01    M    M 10.7 21 300   M    M   9 18     26 300
12   3 -21  -9 -42  74   0 0.00  0.0    M  4.3 10 220   M    M   1        11 220
13   5 -28 -11 -43  76   0 0.00  0.0    M  1.5  9 220   M    M   2 1      10 190
14  14  -4   5 -27  60   0 0.08    M    M  4.6 13 340   M    M   7 18     16 340
15   9 -21  -6 -37  71   0 0.01    M    M  5.7 14 300   M    M   5 18     18 290
16  11 -22  -5 -35  70   0    T    M    M  1.2  9 180   M    M   2        10 180
17  10 -19  -4 -34  69   0 0.00  0.0    M  1.7  9 190   M    M   0 1      11 350
18  18 -11   4 -25  61   0 0.00  0.0    M  2.2  8 210   M    M   0         9 220
19  23  -4  10 -18  55   0 0.00  0.0    M  1.7  9 220   M    M   0 1      10 260
20  28   0  14 -14  51   0 0.00  0.0    M  2.4 12 180   M    M   1        12 180
21  34   5  20  -7  45   0 0.00  0.0    M  2.6 13 180   M    M   0        13 180
22  46  10  28   1  37   0    T    M    M  6.7 28 320   M    M   1        36 320
================================================================================
SM  818  136       948   0  0.37     0.0 111.0          M       55
================================================================================
AV 37.2  6.2                               5.0 FASTST   M    M   3    MAX(MPH)
                                 MISC ---->  # 35 310               # 42  310
================================================================================
NOTES:
# LAST OF SEVERAL OCCURRENCES

COLUMN 17 PEAK WIND IN M.P.H.

PRELIMINARY LOCAL CLIMATOLOGICAL DATA (WS FORM: F-6) , PAGE 2

                                          STATION:  WORLAND WY
                                          MONTH:    NOVEMBER
                                          YEAR:     2014
                                          LATITUDE:   43 58 N
                                          LONGITUDE: 107 57 W

[TEMPERATURE DATA]      [PRECIPITATION DATA]       SYMBOLS USED IN COLUMN 16

AVERAGE MONTHLY: 21.7   TOTAL FOR MONTH:   0.37    1 = FOG OR MIST
DPTR FM NORMAL: -11.3   DPTR FM NORMAL:    0.10    2 = FOG REDUCING VISIBILITY
HIGHEST:    75 ON  1    GRTST 24HR  0.28 ON 10-11      TO 1/4 MILE OR LESS
LOWEST:    -28 ON 13                               3 = THUNDER
                        SNOW, ICE PELLETS, HAIL    4 = ICE PELLETS
                        TOTAL MONTH:   0.0 INCH    5 = HAIL
                        GRTST 24HR     0.0         6 = FREEZING RAIN OR DRIZZLE
                        GRTST DEPTH:   0           7 = DUSTSTORM OR SANDSTORM:
                                                       VSBY 1/2 MILE OR LESS
                                                   8 = SMOKE OR HAZE
[NO. OF DAYS WITH]      [WEATHER - DAYS WITH]      9 = BLOWING SNOW
                                                   X = TORNADO
MAX 32 OR BELOW:  10    0.01 INCH OR MORE:   4
MAX 90 OR ABOVE:   0    0.10 INCH OR MORE:   1
MIN 32 OR BELOW:  20    0.50 INCH OR MORE:   0
MIN  0 OR BELOW:  10    1.00 INCH OR MORE:   0

[HDD (BASE 65) ]
TOTAL THIS MO.   948    CLEAR  (SCALE 0-3)  16
DPTR FM NORMAL   244    PTCLDY (SCALE 4-7)   4
TOTAL FM JUL 1  1594    CLOUDY (SCALE 8-10)  2
DPTR FM NORMAL    28

[CDD (BASE 65) ]
TOTAL THIS MO.     0
DPTR FM NORMAL     0    [PRESSURE DATA]
TOTAL FM JAN 1   543    HIGHEST SLP M ON M
DPTR FM NORMAL     8    LOWEST  SLP 29.42 ON  9

[REMARKS]




U.S. Dept. of Commerce
NOAA National Weather Service
1325 East West Highway
Silver Spring, MD 20910
E-mail: w-nws.webmaster@noaa.gov
Page last modified: May 16, 2007
NATIONAL WEATHER SERVICE: for Safety, for Work, for Fun - FOR LIFE