556
CXUS56 KLKN 030340
CF6WMC
PRELIMINARY LOCAL CLIMATOLOGICAL DATA (WS FORM: F-6)

                                          STATION:   WINNEMUCCA AIRPORT NV
                                          MONTH:     NOVEMBER
                                          YEAR:      2014
                                          LATITUDE:   40 54 N
                                          LONGITUDE: 117 48 W

  TEMPERATURE IN F:       :PCPN:    SNOW:  WIND      :SUNSHINE: SKY     :PK WND
================================================================================
1   2   3   4   5  6A  6B    7    8   9   10  11  12  13   14  15   16   17  18
                                     12Z  AVG MX 2MIN
DY MAX MIN AVG DEP HDD CDD  WTR  SNW DPTH SPD SPD DIR MIN PSBL S-S WX    SPD DR
================================================================================

 1  46  35  41  -1  24   0 0.57  0.0    0 10.4 29 250   M    M   9 13     36 250
 2  44  25  35  -7  30   0 0.00  0.0    0  5.1 14 340   M    M   4        18 320
 3  49  21  35  -7  30   0 0.00  0.0    0  3.1  9 130   M    M   0        11 130
 4  54  25  40  -1  25   0 0.00  0.0    0  3.7 13 150   M    M   6        15 150
 5  63  29  46   5  19   0 0.00  0.0    0  4.6 12  50   M    M   0        15  50
 6  67  32  50  10  15   0 0.00  0.0    0  5.1 15 170   M    M   0        19 170
 7  66  34  50  10  15   0 0.00  0.0    0  4.4 10  40   M    M   0        14  50
 8  67  29  48   8  17   0 0.00  0.0    0  4.5 12  40   M    M   0        14  10
 9  70  28  49  10  16   0 0.00  0.0    0  5.6 25 260   M    M   0        36 250
10  54  19  37  -2  28   0 0.00  0.0    0  7.6 20 260   M    M   0        25 270
11  49  14  32  -6  33   0 0.00  0.0    0  8.9 21  20   M    M   0        26  20
12  40  27  34  -4  31   0 0.00  0.0    0 13.1 22  20   M    M   9        25  30
13  50  26  38   0  27   0 0.03  0.1    0  6.8 17 190   M    M   7        23 190
14  54  36  45   8  20   0 0.08  0.0    0 12.7 24 240   M    M   7 1      33 250
15  44  13  29  -8  36   0 0.05  0.4    0  8.4 23 250   M    M   6 12     29 250
16  34   6  20 -17  45   0 0.00  0.0    T  6.0 16  50   M    M   0        23  50
17  43   6  25 -11  40   0 0.00  0.0    0  3.5 12  70   M    M   0        14  60
18  48   7  28  -8  37   0 0.00  0.0    0  1.7  8 130   M    M   0        10  80
19  54  24  39   3  26   0    T  0.0    0  3.1 10  40   M    M   5        12  40
20  51  29  40   5  25   0 0.00  0.0    0  2.6  8  20   M    M   5        10  20
21  51  20  36   1  29   0 0.06  0.0    0  8.2 21 150   M    M   4        26 160
22  58  33  46  12  19   0 0.19    T    0 13.9 37 270   M    M   8 1358   49 270
23  44  23  34   0  31   0 0.00  0.0    0  4.1 14 250   M    M   0        18 250
24  47  18  33  -1  32   0 0.00  0.0    0  4.4 15 170   M    M   1        19 170
25  55  28  42   8  23   0 0.00  0.0    0  6.3 13 180   M    M   2        24  90
26  64  21  43  10  22   0 0.00  0.0    0  3.9 12 190   M    M   0        16 190
27  61  38  50  17  15   0 0.00  0.0    0  8.2 15 170   M    M   0        19 190
28  66  35  51  19  14   0    T  0.0    0 12.2 33 220   M    M   1 8      46 230
29  55  42  49  17  16   0 0.04  0.0    0 15.5 38 220   M    M   5 18     47 220
30  42  28  35   3  30   0 0.30  1.8    T 10.4 22  30   M    M  10 12     28  30
================================================================================
SM 1590  751       770   0  1.32     2.3 208.0          M       89
================================================================================
AV 53.0 25.0                               6.9 FASTST   M    M   3    MAX(MPH)
                                 MISC ---->  # 38 220               # 49  270
================================================================================
NOTES:
# LAST OF SEVERAL OCCURRENCES

COLUMN 17 PEAK WIND IN M.P.H.

PRELIMINARY LOCAL CLIMATOLOGICAL DATA (WS FORM: F-6) , PAGE 2

                                          STATION:  WINNEMUCCA AIRPORT NV
                                          MONTH:    NOVEMBER
                                          YEAR:     2014
                                          LATITUDE:   40 54 N
                                          LONGITUDE: 117 48 W

[TEMPERATURE DATA]      [PRECIPITATION DATA]       SYMBOLS USED IN COLUMN 16

AVERAGE MONTHLY: 39.0   TOTAL FOR MONTH:   1.32    1 = FOG OR MIST
DPTR FM NORMAL:   2.1   DPTR FM NORMAL:    0.44    2 = FOG REDUCING VISIBILITY
HIGHEST:    70 ON  9    GRTST 24HR  0.57 ON  1- 1      TO 1/4 MILE OR LESS
LOWEST:      6 ON 17,16                            3 = THUNDER
                        SNOW, ICE PELLETS, HAIL    4 = ICE PELLETS
                        TOTAL MONTH:   2.3 INCHES  5 = HAIL
                        GRTST 24HR   1.8 ON   M    6 = FREEZING RAIN OR DRIZZLE
                        GRTST DEPTH:   0           7 = DUSTSTORM OR SANDSTORM:
                                                       VSBY 1/2 MILE OR LESS
                                                   8 = SMOKE OR HAZE
[NO. OF DAYS WITH]      [WEATHER - DAYS WITH]      9 = BLOWING SNOW
                                                   X = TORNADO
MAX 32 OR BELOW:   0    0.01 INCH OR MORE:   8
MAX 90 OR ABOVE:   0    0.10 INCH OR MORE:   3
MIN 32 OR BELOW:  23    0.50 INCH OR MORE:   1
MIN  0 OR BELOW:   0    1.00 INCH OR MORE:   0

[HDD (BASE 65) ]
TOTAL THIS MO.   770    CLEAR  (SCALE 0-3)  17
DPTR FM NORMAL   -73    PTCLDY (SCALE 4-7)  10
TOTAL FM JUL 1  1294    CLOUDY (SCALE 8-10)  3
DPTR FM NORMAL  -274

[CDD (BASE 65) ]
TOTAL THIS MO.     0
DPTR FM NORMAL     0    [PRESSURE DATA]
TOTAL FM JAN 1   674    HIGHEST SLP 30.67 ON 16
DPTR FM NORMAL   133    LOWEST  SLP 29.43 ON  1

[REMARKS]
#FINAL-11-14#




U.S. Dept. of Commerce
NOAA National Weather Service
1325 East West Highway
Silver Spring, MD 20910
E-mail: w-nws.webmaster@noaa.gov
Page last modified: May 16, 2007
NATIONAL WEATHER SERVICE: for Safety, for Work, for Fun - FOR LIFE