734
CXUS56 KLKN 011001
CF6WMC
PRELIMINARY LOCAL CLIMATOLOGICAL DATA (WS FORM: F-6)

                                          STATION:   WINNEMUCCA AIRPORT NV
                                          MONTH:     AUGUST
                                          YEAR:      2014
                                          LATITUDE:   40 54 N
                                          LONGITUDE: 117 48 W

  TEMPERATURE IN F:       :PCPN:    SNOW:  WIND      :SUNSHINE: SKY     :PK WND
================================================================================
1   2   3   4   5  6A  6B    7    8   9   10  11  12  13   14  15   16   17  18
                                     12Z  AVG MX 2MIN
DY MAX MIN AVG DEP HDD CDD  WTR  SNW DPTH SPD SPD DIR MIN PSBL S-S WX    SPD DR
================================================================================

 1  96  55  76   3   0  11 0.09  0.0    0  6.4 21 190   M    M   1 3      26 190
 2  97  57  77   4   0  12    T  0.0    0  7.7 20 140   M    M   1        25 140
 3  93  60  77   4   0  12 0.00  0.0    0  5.2 23 160   M    M   0 8      31 170
 4  82  62  72  -1   0   7    T  0.0    0  7.6 20 180   M    M   7 8      23 160
 5  63  59  61 -12   4   0 0.27  0.0    0  5.8 17 160   M    M   8 18     21 150
 6  71  59  65  -7   0   0    T  0.0    0  7.3 20  20   M    M   4 18     23  30
 7  88  57  73   1   0   8 0.00  0.0    0  5.3 17 180   M    M   0        22 180
 8  92  51  72   0   0   7 0.01  0.0    0  5.4 28 240   M    M   2 3      37 240
 9  89  59  74   2   0   9 0.08  0.0    0  8.2 36  10   M    M   1 3      46  10
10  95  52  74   2   0   9 0.00  0.0    0  6.1 16 180   M    M   0        22 150
11  83  53  68  -4   0   3    T  0.0    0  8.6 29 150   M    M   2 3      36 150
12  87  53  70  -1   0   5 0.01  0.0    0  5.5 21 290   M    M   3 138    25 290
13  90  55  73   2   0   8 0.03  0.0    0  7.7 25 260   M    M   4 1      32 260
14  86  48  67  -4   0   2 0.00  0.0    0  6.5 22 230   M    M   0        28 210
15  89  46  68  -3   0   3 0.00  0.0    0  6.1 23 240   M    M   0        27 240
16  93  45  69  -1   0   4 0.00  0.0    0  4.6 20 240   M    M   0        26 250
17  94  44  69  -1   0   4 0.00  0.0    0  7.1 21 250   M    M   0        25 250
18  94  47  71   1   0   6 0.00  0.0    0  4.6 15 260   M    M   0        20 260
19  94  48  71   1   0   6 0.00  0.0    0  8.0 28 310   M    M   0 8      36 310
20  90  49  70   1   0   5 0.00  0.0    0  8.1 22 270   M    M   0        30 270
21  87  59  73   4   0   8    T  0.0    0  8.0 18 270   M    M   3        25 270
22  84  52  68  -1   0   3    T  0.0    0  9.1 23 270   M    M   3        31 270
23  78  44  61  -7   4   0 0.00  0.0    0  6.7 15 310   M    M   0 8      21 320
24  83  39  61  -7   4   0    T  0.0    0  7.6 26  50   M    M   1        34  40
25  76  52  64  -4   1   0    T  0.0    0  9.6 24  30   M    M   3 8      33  50
26  82  42  62  -6   3   0 0.00  0.0    0  7.4 16  30   M    M   1        20  50
27  88  44  66  -1   0   1 0.00  0.0    0  5.4 16 230   M    M   0        25 220
28  93  46  70   3   0   5 0.00  0.0    0  4.3 18 240   M    M   0        25 250
29  91  48  70   3   0   5 0.00  0.0    0  8.6 22 230   M    M   0 8      26 230
30  86  53  70   4   0   5 0.00  0.0    0  9.2 23 290   M    M   0 8      30 280
31  81  42  62  -4   3   0 0.00  0.0    0  5.8 17 270   M    M   0 8      23 280
================================================================================
SM 2695 1580        19 148  0.49     0.0 213.5          M       44
================================================================================
AV 86.9 51.0                               6.9 FASTST   M    M   1    MAX(MPH)
                                 MISC ---->  # 36  10               # 46   10
================================================================================
NOTES:
# LAST OF SEVERAL OCCURRENCES

COLUMN 17 PEAK WIND IN M.P.H.

PRELIMINARY LOCAL CLIMATOLOGICAL DATA (WS FORM: F-6) , PAGE 2

                                          STATION:  WINNEMUCCA AIRPORT NV
                                          MONTH:    AUGUST
                                          YEAR:     2014
                                          LATITUDE:   40 54 N
                                          LONGITUDE: 117 48 W

[TEMPERATURE DATA]      [PRECIPITATION DATA]       SYMBOLS USED IN COLUMN 16

AVERAGE MONTHLY: 69.0   TOTAL FOR MONTH:   0.49    1 = FOG OR MIST
DPTR FM NORMAL:  -1.0   DPTR FM NORMAL:    0.31    2 = FOG REDUCING VISIBILITY
HIGHEST:    97 ON  2    GRTST 24HR  0.27 ON  5- 5      TO 1/4 MILE OR LESS
LOWEST:     39 ON 24                               3 = THUNDER
                        SNOW, ICE PELLETS, HAIL    4 = ICE PELLETS
                        TOTAL MONTH:   0.0 INCH    5 = HAIL
                        GRTST 24HR     0.0         6 = FREEZING RAIN OR DRIZZLE
                        GRTST DEPTH:   0           7 = DUSTSTORM OR SANDSTORM:
                                                       VSBY 1/2 MILE OR LESS
                                                   8 = SMOKE OR HAZE
[NO. OF DAYS WITH]      [WEATHER - DAYS WITH]      9 = BLOWING SNOW
                                                   X = TORNADO
MAX 32 OR BELOW:   0    0.01 INCH OR MORE:   6
MAX 90 OR ABOVE:  13    0.10 INCH OR MORE:   1
MIN 32 OR BELOW:   0    0.50 INCH OR MORE:   0
MIN  0 OR BELOW:   0    1.00 INCH OR MORE:   0

[HDD (BASE 65) ]
TOTAL THIS MO.    19    CLEAR  (SCALE 0-3)  27
DPTR FM NORMAL    -1    PTCLDY (SCALE 4-7)   3
TOTAL FM JUL 1    19    CLOUDY (SCALE 8-10)  1
DPTR FM NORMAL   -11

[CDD (BASE 65) ]
TOTAL THIS MO.   148
DPTR FM NORMAL   -29    [PRESSURE DATA]
TOTAL FM JAN 1   625    HIGHEST SLP M ON M
DPTR FM NORMAL   115    LOWEST  SLP 29.63 ON 19

[REMARKS]
#FINAL-08-14#




U.S. Dept. of Commerce
NOAA National Weather Service
1325 East West Highway
Silver Spring, MD 20910
E-mail: w-nws.webmaster@noaa.gov
Page last modified: May 16, 2007
NATIONAL WEATHER SERVICE: for Safety, for Work, for Fun - FOR LIFE