578
CXUS56 KLKN 221001
CF6WMC
PRELIMINARY LOCAL CLIMATOLOGICAL DATA (WS FORM: F-6)

                                          STATION:   WINNEMUCCA AIRPORT NV
                                          MONTH:     APRIL
                                          YEAR:      2014
                                          LATITUDE:   40 54 N
                                          LONGITUDE: 117 48 W

  TEMPERATURE IN F:       :PCPN:    SNOW:  WIND      :SUNSHINE: SKY     :PK WND
================================================================================
1   2   3   4   5  6A  6B    7    8   9   10  11  12  13   14  15   16   17  18
                                     12Z  AVG MX 2MIN
DY MAX MIN AVG DEP HDD CDD  WTR  SNW DPTH SPD SPD DIR MIN PSBL S-S WX    SPD DR
================================================================================

 1  42  29  36  -8  29   0 0.05  0.3    T 12.0 26 240   M    M   5 18     36 240
 2  48  25  37  -7  28   0 0.06  0.9    T  8.6 22 350   M    M   7 1      28 360
 3  52  20  36  -8  29   0 0.00  0.0    0  4.4 12  90   M    M   2        16 130
 4  54  28  41  -3  24   0 0.00  0.0    0  5.4 17 280   M    M   7        21 140
 5  56  30  43  -1  22   0 0.00  0.0    0  5.7 14 310   M    M   6        21 280
 6  64  27  46   2  19   0 0.00  0.0    0  5.2 17 320   M    M   5        23 310
 7  70  26  48   4  17   0 0.00  0.0    0  4.9 13  30   M    M   0        15  40
 8  77  28  53   8  12   0 0.00  0.0    0  6.1 17 240   M    M   0        21 200
 9  74  35  55  10  10   0 0.00  0.0    0  7.2 22 270   M    M   0        30 280
10  74  32  53   8  12   0 0.00  0.0    0  4.6 16 260   M    M   0        20 290
11  77  28  53   8  12   0 0.00  0.0    0  5.6 15 260   M    M   0        19 260
12  75  40  58  12   7   0    T  0.0    0 11.2 26 340   M    M   2 8      35 350
13  61  30  46   0  19   0 0.00  0.0    0 13.0 22 360   M    M   0        29 360
14  67  19  43  -3  22   0 0.00  0.0    0  5.7 12 190   M    M   0        15 110
15  70  28  49   3  16   0 0.00  0.0    0 10.1 24 280   M    M   0        36 290
16  65  39  52   6  13   0 0.00  0.0    0  7.7 18  20   M    M   1        23  20
17  78  32  55   8  10   0 0.03  0.0    0  9.0 28 180   M    M   2        37 180
18  69  38  54   7  11   0 0.00  0.0    0  6.3 14 290   M    M   2        18 280
19  75  31  53   6  12   0 0.00  0.0    0  9.2 22 230   M    M   0        31 260
20  69  34  52   4  13   0 0.00  0.0    0  5.7 16  60   M    M   0        23  60
21  72  30  51   3  14   0 0.00  0.0    0  8.8 24 270   M    M   1 8      32 260
================================================================================
SM 1389  629       351   0  0.14     1.2 156.4          M       40
================================================================================
AV 66.1 30.0                               7.4 FASTST   M    M   2    MAX(MPH)
                                 MISC ---->  # 28 180               # 37  180
================================================================================
NOTES:
# LAST OF SEVERAL OCCURRENCES

COLUMN 17 PEAK WIND IN M.P.H.

PRELIMINARY LOCAL CLIMATOLOGICAL DATA (WS FORM: F-6) , PAGE 2

                                          STATION:  WINNEMUCCA AIRPORT NV
                                          MONTH:    APRIL
                                          YEAR:     2014
                                          LATITUDE:   40 54 N
                                          LONGITUDE: 117 48 W

[TEMPERATURE DATA]      [PRECIPITATION DATA]       SYMBOLS USED IN COLUMN 16

AVERAGE MONTHLY: 48.0   TOTAL FOR MONTH:   0.14    1 = FOG OR MIST
DPTR FM NORMAL:   2.6   DPTR FM NORMAL:   -0.46    2 = FOG REDUCING VISIBILITY
HIGHEST:    78 ON 17    GRTST 24HR  0.17 ON 31- 1      TO 1/4 MILE OR LESS
LOWEST:     19 ON 14                               3 = THUNDER
                        SNOW, ICE PELLETS, HAIL    4 = ICE PELLETS
                        TOTAL MONTH:   1.2 INCHES  5 = HAIL
                        GRTST 24HR   0.9 ON   M    6 = FREEZING RAIN OR DRIZZLE
                        GRTST DEPTH:   0           7 = DUSTSTORM OR SANDSTORM:
                                                       VSBY 1/2 MILE OR LESS
                                                   8 = SMOKE OR HAZE
[NO. OF DAYS WITH]      [WEATHER - DAYS WITH]      9 = BLOWING SNOW
                                                   X = TORNADO
MAX 32 OR BELOW:   0    0.01 INCH OR MORE:   3
MAX 90 OR ABOVE:   0    0.10 INCH OR MORE:   0
MIN 32 OR BELOW:  16    0.50 INCH OR MORE:   0
MIN  0 OR BELOW:   0    1.00 INCH OR MORE:   0

[HDD (BASE 65) ]
TOTAL THIS MO.   351    CLEAR  (SCALE 0-3)  16
DPTR FM NORMAL   -58    PTCLDY (SCALE 4-7)   5
TOTAL FM JUL 1  5713    CLOUDY (SCALE 8-10)  0
DPTR FM NORMAL   -24

[CDD (BASE 65) ]
TOTAL THIS MO.     0
DPTR FM NORMAL     0    [PRESSURE DATA]
TOTAL FM JAN 1     0    HIGHEST SLP M ON M
DPTR FM NORMAL     0    LOWEST  SLP 29.58 ON  1

[REMARKS]




U.S. Dept. of Commerce
NOAA National Weather Service
1325 East West Highway
Silver Spring, MD 20910
E-mail: w-nws.webmaster@noaa.gov
Page last modified: May 16, 2007
NATIONAL WEATHER SERVICE: for Safety, for Work, for Fun - FOR LIFE