423
CXUS56 KLKN 301009
CF6WMC
PRELIMINARY LOCAL CLIMATOLOGICAL DATA (WS FORM: F-6)

                                          STATION:   WINNEMUCCA AIRPORT NV
                                          MONTH:     JANUARY
                                          YEAR:      2015
                                          LATITUDE:   40 54 N
                                          LONGITUDE: 117 48 W

  TEMPERATURE IN F:       :PCPN:    SNOW:  WIND      :SUNSHINE: SKY     :PK WND
================================================================================
1   2   3   4   5  6A  6B    7    8   9   10  11  12  13   14  15   16   17  18
                                     12Z  AVG MX 2MIN
DY MAX MIN AVG DEP HDD CDD  WTR  SNW DPTH SPD SPD DIR MIN PSBL S-S WX    SPD DR
================================================================================

 1  30   2  16 -13  49   0 0.00  0.0    0  2.4 10 110   M    M   0        22 280
 2  35   3  19 -10  46   0 0.00  0.0    0  2.2  9 170   M    M   0        12 340
 3  42   8  25  -4  40   0 0.00  0.0    0  1.5 10  60   M    M   0        12  50
 4  45  13  29   0  36   0 0.00  0.0    0  3.7 14 180   M    M   5        16 190
 5  54  23  39  10  26   0 0.00  0.0    0  4.8 12  50   M    M   2        14  50
 6  57  23  40  11  25   0 0.00  0.0    0  5.8 14  20   M    M   0        18  30
 7  56  22  39  10  26   0 0.00  0.0    0  2.5  9 150   M    M   0         M  M
 8  54  18  36   7  29   0 0.00  0.0    0  2.3 10 150   M    M   0        14 120
 9  47  19  33   4  32   0 0.00  0.0    0  2.7  7 100   M    M   2 12      8  10
10  42  28  35   6  30   0 0.00  0.0    0  1.7 10  50   M    M   3 18     13  50
11  53  28  41  11  24   0 0.01  0.0    0  4.3 10 270   M    M   6 12     14  40
12  48  33  41  11  24   0 0.12    T    0  6.2 21 310   M    M   7 1      25 300
13  45  22  34   4  31   0 0.00  0.0    0  4.6 12 290   M    M   3        14 330
14  43  17  30   0  35   0 0.00  0.0    0  5.1  9  30   M    M   0        12  20
15  42  18  30   0  35   0 0.00  0.0    0  2.7 10  80   M    M   1        13  80
16  51  30  41  11  24   0    T  0.0    0  4.3 18 240   M    M   7        24 250
17  55  27  41  11  24   0 0.00  0.0    0  6.5 15 180   M    M   5        19  40
18  61  32  47  17  18   0 0.00  0.0    0  6.9 20 230   M    M   3        26 220
19  53  31  42  12  23   0 0.00  0.0    0  6.0 18  30   M    M   4        23  30
20  46  25  36   6  29   0 0.00  0.0    0 12.0 21  30   M    M   0        25  30
21  44  14  29  -2  36   0 0.00  0.0    0  4.7 14  50   M    M   0        17  40
22  46  10  28  -3  37   0 0.00  0.0    0  3.4 10  70   M    M   1        13 190
23  50  14  32   1  33   0 0.00  0.0    0  3.7  9 140   M    M   0        11 140
24  55  16  36   5  29   0 0.00  0.0    0  3.6 10 130   M    M   0        17  30
25  58  19  39   8  26   0 0.00  0.0    0  6.1 18  50   M    M   0        23  50
26  60  25  43  12  22   0 0.00  0.0    0  5.7 16  80   M    M   0        21  80
27  46  28  37   5  28   0 0.27  0.0    0  6.0 16 150   M    M   8 1      21 150
28  54  30  42  10  23   0 0.00  0.0    0  3.8 10 190   M    M   2        13 180
29  51  31  41   9  24   0 0.00  0.0    0 11.2 20  50   M    M   0        24  40
================================================================================
SM 1423  609       864   0  0.40    T    136.4          M       59
================================================================================
AV 49.1 21.0                               4.7 FASTST   M    M   2    MAX(MPH)
                                 MISC ---->  # 21 310               # 26  220
================================================================================
NOTES:
# LAST OF SEVERAL OCCURRENCES

COLUMN 17 PEAK WIND IN M.P.H.

PRELIMINARY LOCAL CLIMATOLOGICAL DATA (WS FORM: F-6) , PAGE 2

                                          STATION:  WINNEMUCCA AIRPORT NV
                                          MONTH:    JANUARY
                                          YEAR:     2015
                                          LATITUDE:   40 54 N
                                          LONGITUDE: 117 48 W

[TEMPERATURE DATA]      [PRECIPITATION DATA]       SYMBOLS USED IN COLUMN 16

AVERAGE MONTHLY: 35.0   TOTAL FOR MONTH:   0.40    1 = FOG OR MIST
DPTR FM NORMAL:   5.0   DPTR FM NORMAL:   -0.42    2 = FOG REDUCING VISIBILITY
HIGHEST:    61 ON 18    GRTST 24HR  0.27 ON 27-27      TO 1/4 MILE OR LESS
LOWEST:      2 ON  1                               3 = THUNDER
                        SNOW, ICE PELLETS, HAIL    4 = ICE PELLETS
                        TOTAL MONTH:    T          5 = HAIL
                        GRTST 24HR    T  ON 12-12  6 = FREEZING RAIN OR DRIZZLE
                        GRTST DEPTH:   0           7 = DUSTSTORM OR SANDSTORM:
                                                       VSBY 1/2 MILE OR LESS
                                                   8 = SMOKE OR HAZE
[NO. OF DAYS WITH]      [WEATHER - DAYS WITH]      9 = BLOWING SNOW
                                                   X = TORNADO
MAX 32 OR BELOW:   1    0.01 INCH OR MORE:   3
MAX 90 OR ABOVE:   0    0.10 INCH OR MORE:   2
MIN 32 OR BELOW:  28    0.50 INCH OR MORE:   0
MIN  0 OR BELOW:   0    1.00 INCH OR MORE:   0

[HDD (BASE 65) ]
TOTAL THIS MO.   864    CLEAR  (SCALE 0-3)  22
DPTR FM NORMAL  -151    PTCLDY (SCALE 4-7)   6
TOTAL FM JUL 1  3043    CLOUDY (SCALE 8-10)  1
DPTR FM NORMAL  -645

[CDD (BASE 65) ]
TOTAL THIS MO.     0
DPTR FM NORMAL     0    [PRESSURE DATA]
TOTAL FM JAN 1     0    HIGHEST SLP M ON M
DPTR FM NORMAL     0    LOWEST  SLP 30.05 ON 10

[REMARKS]




U.S. Dept. of Commerce
NOAA National Weather Service
1325 East West Highway
Silver Spring, MD 20910
E-mail: w-nws.webmaster@noaa.gov
Page last modified: May 16, 2007
NATIONAL WEATHER SERVICE: for Safety, for Work, for Fun - FOR LIFE