321
CXUS55 KLOX 241655
CF6WJF
PRELIMINARY LOCAL CLIMATOLOGICAL DATA (WS FORM: F-6)

                                          STATION:   LANCASTER FOX FIELD CA
                                          MONTH:     NOVEMBER
                                          YEAR:      2014
                                          LATITUDE:   34 43 N
                                          LONGITUDE: 118 13 W

  TEMPERATURE IN F:       :PCPN:    SNOW:  WIND      :SUNSHINE: SKY     :PK WND
================================================================================
1   2   3   4   5  6A  6B    7    8   9   10  11  12  13   14  15   16   17  18
                                     12Z  AVG MX 2MIN
DY MAX MIN AVG DEP HDD CDD  WTR  SNW DPTH SPD SPD DIR MIN PSBL S-S WX    SPD DR
================================================================================

 1  59  46  53  -4  12   0 0.16    M    0 13.9 24 210   M    M   6 1      32 230
 2  61  40  51  -6  14   0 0.00  0.0    0 10.5 21 280   M    M   1        25 260
 3  62  30  46 -10  19   0 0.00  0.0    0  4.9 14  60   M    M   0 1      19  50
 4  67  29  48  -8  17   0 0.00  0.0    0  5.7 17  50   M    M   0        22  50
 5  76  33  55   0  10   0 0.00  0.0    0  5.6 20  50   M    M   0 8      25  50
 6  78  35  57   2   8   0 0.00  0.0    0  3.2 10 300   M    M   0        11 300
 7  78  36  57   2   8   0 0.00  0.0    0  3.5 13 290   M    M   0        14 290
 8  80  37  59   5   6   0 0.00  0.0    0  2.6  9  90   M    M   0        11  80
 9  83  38  61   7   4   0 0.00  0.0    0  5.8 18 220   M    M   0        24 220
10  78  55  67  13   0   2 0.00  0.0    0 17.7 31 240   M    M   0        38 230
11  67  52  60   7   5   0 0.00  0.0    0 19.5 30 230   M    M   0        40 230
12  70  50  60   7   5   0 0.00  0.0    0 14.6 25 250   M    M   0        30 250
13  72  54  63  11   2   0 0.00  0.0    0 19.7 32 270   M    M   0 8      37 270
14  66  52  59   7   6   0 0.00  0.0    0 22.8 35 270   M    M   0 8      40 270
15  66  49  58   6   7   0 0.00  0.0    0 20.3 36 280   M    M   0 8      42 260
16  59  35  47  -4  18   0 0.00  0.0    0 11.4 33 280   M    M   0        40 280
17  63  30  47  -4  18   0 0.00  0.0    0  5.1 17  50   M    M   0        21  50
18  64  28  46  -4  19   0 0.00  0.0    0  4.9 13  50   M    M   0        17  70
19  69  37  53   3  12   0 0.00  0.0    0  6.5 18 260   M    M   4        24 230
20  66  38  52   2  13   0    T    M    0 11.2 28 250   M    M   1        34 250
21  65  39  52   3  13   0 0.00  0.0    0 11.7 25 270   M    M   1        29 260
22  68  34  51   2  14   0 0.00    M    0 18.9 45 270   M    M   1 78     51 270
23  64  38  51   3  14   0 0.00  0.0    0 10.0 35 280   M    M   0        40 250
================================================================================
SM 1581  915       244   2  0.16     0.0 250.0          M       14
================================================================================
AV 68.7 39.8                              10.9 FASTST   M    M   1    MAX(MPH)
                                 MISC ---->  # 45 270               # 51  270
================================================================================
NOTES:
# LAST OF SEVERAL OCCURRENCES

COLUMN 17 PEAK WIND IN M.P.H.

PRELIMINARY LOCAL CLIMATOLOGICAL DATA (WS FORM: F-6) , PAGE 2

                                          STATION:  LANCASTER FOX FIELD CA
                                          MONTH:    NOVEMBER
                                          YEAR:     2014
                                          LATITUDE:   34 43 N
                                          LONGITUDE: 118 13 W

[TEMPERATURE DATA]      [PRECIPITATION DATA]       SYMBOLS USED IN COLUMN 16

AVERAGE MONTHLY: 54.3   TOTAL FOR MONTH:   0.16    1 = FOG OR MIST
DPTR FM NORMAL:   1.5   DPTR FM NORMAL:   -0.23    2 = FOG REDUCING VISIBILITY
HIGHEST:    83 ON  9    GRTST 24HR  0.30 ON 31- 1      TO 1/4 MILE OR LESS
LOWEST:     28 ON 18                               3 = THUNDER
                        SNOW, ICE PELLETS, HAIL    4 = ICE PELLETS
                        TOTAL MONTH:   0.0 INCH    5 = HAIL
                        GRTST 24HR     0.0         6 = FREEZING RAIN OR DRIZZLE
                        GRTST DEPTH:   0           7 = DUSTSTORM OR SANDSTORM:
                                                       VSBY 1/2 MILE OR LESS
                                                   8 = SMOKE OR HAZE
[NO. OF DAYS WITH]      [WEATHER - DAYS WITH]      9 = BLOWING SNOW
                                                   X = TORNADO
MAX 32 OR BELOW:   0    0.01 INCH OR MORE:   1
MAX 90 OR ABOVE:   0    0.10 INCH OR MORE:   1
MIN 32 OR BELOW:   4    0.50 INCH OR MORE:   0
MIN  0 OR BELOW:   0    1.00 INCH OR MORE:   0

[HDD (BASE 65) ]
TOTAL THIS MO.   244    CLEAR  (SCALE 0-3)  21
DPTR FM NORMAL   -40    PTCLDY (SCALE 4-7)   2
TOTAL FM JUL 1   293    CLOUDY (SCALE 8-10)  0
DPTR FM NORMAL  -127

[CDD (BASE 65) ]
TOTAL THIS MO.     2
DPTR FM NORMAL     2    [PRESSURE DATA]
TOTAL FM JAN 1  2055    HIGHEST SLP M ON M
DPTR FM NORMAL   174    LOWEST  SLP 29.77 ON  9

[REMARKS]




U.S. Dept. of Commerce
NOAA National Weather Service
1325 East West Highway
Silver Spring, MD 20910
E-mail: w-nws.webmaster@noaa.gov
Page last modified: May 16, 2007
NATIONAL WEATHER SERVICE: for Safety, for Work, for Fun - FOR LIFE