068
CXUS55 KLOX 231655
CF6WJF
PRELIMINARY LOCAL CLIMATOLOGICAL DATA (WS FORM: F-6)

                                          STATION:   LANCASTER FOX FIELD CA
                                          MONTH:     APRIL
                                          YEAR:      2014
                                          LATITUDE:   34 43 N
                                          LONGITUDE: 118 13 W

  TEMPERATURE IN F:       :PCPN:    SNOW:  WIND      :SUNSHINE: SKY     :PK WND
================================================================================
1   2   3   4   5  6A  6B    7    8   9   10  11  12  13   14  15   16   17  18
                                     12Z  AVG MX 2MIN
DY MAX MIN AVG DEP HDD CDD  WTR  SNW DPTH SPD SPD DIR MIN PSBL S-S WX    SPD DR
================================================================================

 1  56  39  48  -8  17   0 0.09    M    0 15.5 26 210   M    M   6 1      33 220
 2  57  37  47  -9  18   0 0.00  0.0    0 17.0 32 270   M    M   1        37 270
 3  66  30  48  -8  17   0 0.00  0.0    0  6.8 21 220   M    M   0        26 220
 4  62  43  53  -3  12   0 0.00  0.0    0 13.4 24 220   M    M   2        33 240
 5  66  42  54  -2  11   0 0.00  0.0    0 16.5 33 260   M    M   0 8      38 260
 6  74  35  55  -1  10   0 0.00  0.0    0  5.1 18 280   M    M   0        21 280
 7  83  38  61   4   4   0 0.00  0.0    0  3.9 15  70   M    M   0        20  60
 8  86  41  64   7   1   0 0.00  0.0    0  5.2 20 220   M    M   0        25 230
 9  86  45  66   9   0   1 0.00  0.0    0  8.3 22 240   M    M   0        26 240
10  86  42  64   7   1   0 0.00  0.0    0 10.6 21 230   M    M   0        28 220
11  82  52  67   9   0   2 0.00  0.0    0 13.8 28 240   M    M   0        32 210
12  73  53  63   5   2   0 0.00  0.0    0 20.5 32 240   M    M   0        40 230
13  83  52  68  10   0   3 0.00  0.0    0 17.7 31 270   M    M   0        39 280
14  79  39  59   1   6   0 0.00  0.0    0  6.3 23  70   M    M   0        28  60
15  83  46  65   6   0   0 0.00  0.0    M 11.9 28 270   M    M   0        32 270
16  87  60  74  15   0   9 0.00  0.0    0 15.6 30 280   M    M   0        37 280
17  82  46  64   5   1   0 0.00  0.0    0 10.9 30 250   M    M   0        36 250
18  78  53  66   6   0   1 0.00  0.0    0 15.0 26 240   M    M   0        30 240
19  82  48  65   5   0   0 0.00  0.0    0 11.7 29 260   M    M   0        33 260
20  86  55  71  11   0   6 0.00  0.0    0   M   M   M   M    M   0 8       M  M
21  85  44  65   5   0   0 0.00  0.0    0 10.1 24 240   M    M   0        31 240
22  67  51  59  -2   6   0 0.00  0.0    0 21.9 37 290   M    M   0        44 290
================================================================================
SM 1689  991       106  22  0.09     0.0 257.7          M        9
================================================================================
AV 76.8 45.0                              12.3 FASTST   M    M   0    MAX(MPH)
                                 MISC ---->    37   M                 44    M
================================================================================
NOTES:
# LAST OF SEVERAL OCCURRENCES

COLUMN 17 PEAK WIND IN M.P.H.

PRELIMINARY LOCAL CLIMATOLOGICAL DATA (WS FORM: F-6) , PAGE 2

                                          STATION:  LANCASTER FOX FIELD CA
                                          MONTH:    APRIL
                                          YEAR:     2014
                                          LATITUDE:   34 43 N
                                          LONGITUDE: 118 13 W

[TEMPERATURE DATA]      [PRECIPITATION DATA]       SYMBOLS USED IN COLUMN 16

AVERAGE MONTHLY: 60.9   TOTAL FOR MONTH:   0.09    1 = FOG OR MIST
DPTR FM NORMAL:   3.0   DPTR FM NORMAL:   -0.20    2 = FOG REDUCING VISIBILITY
HIGHEST:    87 ON 16    GRTST 24HR  0.09 ON  1- 1      TO 1/4 MILE OR LESS
LOWEST:     30 ON  3                               3 = THUNDER
                        SNOW, ICE PELLETS, HAIL    4 = ICE PELLETS
                        TOTAL MONTH:   0.0 INCH    5 = HAIL
                        GRTST 24HR     0.0         6 = FREEZING RAIN OR DRIZZLE
                        GRTST DEPTH:   0           7 = DUSTSTORM OR SANDSTORM:
                                                       VSBY 1/2 MILE OR LESS
                                                   8 = SMOKE OR HAZE
[NO. OF DAYS WITH]      [WEATHER - DAYS WITH]      9 = BLOWING SNOW
                                                   X = TORNADO
MAX 32 OR BELOW:   0    0.01 INCH OR MORE:   1
MAX 90 OR ABOVE:   0    0.10 INCH OR MORE:   0
MIN 32 OR BELOW:   1    0.50 INCH OR MORE:   0
MIN  0 OR BELOW:   0    1.00 INCH OR MORE:   0

[HDD (BASE 65) ]
TOTAL THIS MO.   106    CLEAR  (SCALE 0-3)  21
DPTR FM NORMAL   -65    PTCLDY (SCALE 4-7)   1
TOTAL FM JUL 1  2630    CLOUDY (SCALE 8-10)  0
DPTR FM NORMAL  -202

[CDD (BASE 65) ]
TOTAL THIS MO.    22
DPTR FM NORMAL     9    [PRESSURE DATA]
TOTAL FM JAN 1    28    HIGHEST SLP M ON M
DPTR FM NORMAL    13    LOWEST  SLP 29.74 ON 16

[REMARKS]




U.S. Dept. of Commerce
NOAA National Weather Service
1325 East West Highway
Silver Spring, MD 20910
E-mail: w-nws.webmaster@noaa.gov
Page last modified: May 16, 2007
NATIONAL WEATHER SERVICE: for Safety, for Work, for Fun - FOR LIFE