497
CXUS55 KLOX 311655
CF6WJF
PRELIMINARY LOCAL CLIMATOLOGICAL DATA (WS FORM: F-6)

                                          STATION:   LANCASTER FOX FIELD CA
                                          MONTH:     JULY
                                          YEAR:      2014
                                          LATITUDE:   34 43 N
                                          LONGITUDE: 118 13 W

  TEMPERATURE IN F:       :PCPN:    SNOW:  WIND      :SUNSHINE: SKY     :PK WND
================================================================================
1   2   3   4   5  6A  6B    7    8   9   10  11  12  13   14  15   16   17  18
                                     12Z  AVG MX 2MIN
DY MAX MIN AVG DEP HDD CDD  WTR  SNW DPTH SPD SPD DIR MIN PSBL S-S WX    SPD DR
================================================================================

 1 101  68  85   5   0  20 0.00  0.0    0 14.5 26 240   M    M   0        32 250
 2 100  68  84   4   0  19 0.00  0.0    0 14.6 26 240   M    M   0        32 210
 3 100  72  86   5   0  21 0.00  0.0    0 13.6 23 240   M    M   0        32 250
 4  98  63  81   0   0  16 0.00  0.0    0 11.9 28 250   M    M   0        36 250
 5 100  74  87   6   0  22 0.00  0.0    0 14.2 26 220   M    M   0        32 220
 6 102  76  89   8   0  24 0.00  0.0    0 12.7 28 260   M    M   0        35 240
 7 102  68  85   3   0  20 0.00  0.0    0 10.4 26 250   M    M   0        35 260
 8 101  73  87   5   0  22 0.00  0.0    0 13.5 28 240   M    M   0        33 240
 9 100  72  86   4   0  21 0.00  0.0    0 14.3 28 220   M    M   0        35 220
10  92  70  81  -1   0  16 0.00  0.0    0 18.2 30 220   M    M   0        37 220
11  92  66  79  -3   0  14 0.00  0.0    0 12.5 26 240   M    M   0        32 250
12 101  68  85   3   0  20 0.00  0.0    0  8.4 26 270   M    M   0        31 280
13 106  67  87   5   0  22 0.00  0.0    0  8.6 29 240   M    M   0        32 240
14  96  77  87   4   0  22 0.00  0.0    0 10.3 23 230   M    M   0        29 240
15  94  72  83   0   0  18 0.00  0.0    0 11.6 25 240   M    M   0        37 230
16  91  67  79  -4   0  14 0.00  0.0    0 19.1 29 230   M    M   0        36 220
17  88  64  76  -7   0  11 0.00  0.0    0 18.6 28 240   M    M   0        35 240
18  92  63  78  -5   0  13 0.00  0.0    0 15.2 25 250   M    M   0        30 250
19  88  67  78  -5   0  13    T  0.0    0  5.9 18 240   M    M   2        22 240
20  94  61  78  -5   0  13    T  0.0    0 12.7 30 250   M    M   0        37 240
21  92  67  80  -3   0  15 0.00  0.0    0 14.8 24 240   M    M   0        35 200
22  96  66  81  -2   0  16 0.00  0.0    0 11.4 24 230   M    M   0        29 210
23 102  67  85   2   0  20 0.00  0.0    0 13.3 28 270   M    M   0        31 270
24 106  67  87   4   0  22 0.00  0.0    0 10.9 25 280   M    M   0        30 280
25 100  73  87   4   0  22 0.00  0.0    0 16.4 31 240   M    M   0        37 230
26 100  76  88   5   0  23 0.00  0.0    M 15.5 26 240   M    M   0        32 230
27  98  76  87   4   0  22 0.00  0.0    0 12.4 29 230   M    M   0        36 230
28  94  75  85   2   0  20 0.00  0.0    0  5.8 15 220   M    M   1        18 220
29 101  67  84   1   0  19 0.00  0.0    0  6.5 23 250   M    M   0        30 290
30 102  79  91   8   0  26 0.00  0.0    0 11.7 26 260   M    M   0        31 250
================================================================================
SM 2929 2089         0 566    T      0.0 379.7          M        3
================================================================================
AV 97.6 69.6                              12.7 FASTST   M    M   0    MAX(MPH)
                                 MISC ---->  # 31 240               # 37  220
================================================================================
NOTES:
# LAST OF SEVERAL OCCURRENCES

COLUMN 17 PEAK WIND IN M.P.H.

PRELIMINARY LOCAL CLIMATOLOGICAL DATA (WS FORM: F-6) , PAGE 2

                                          STATION:  LANCASTER FOX FIELD CA
                                          MONTH:    JULY
                                          YEAR:     2014
                                          LATITUDE:   34 43 N
                                          LONGITUDE: 118 13 W

[TEMPERATURE DATA]      [PRECIPITATION DATA]       SYMBOLS USED IN COLUMN 16

AVERAGE MONTHLY: 83.6   TOTAL FOR MONTH:      T    1 = FOG OR MIST
DPTR FM NORMAL:   1.3   DPTR FM NORMAL:   -0.09    2 = FOG REDUCING VISIBILITY
HIGHEST:   106 ON 24,13 GRTST 24HR    T  ON 20-20      TO 1/4 MILE OR LESS
LOWEST:     61 ON 20                               3 = THUNDER
                        SNOW, ICE PELLETS, HAIL    4 = ICE PELLETS
                        TOTAL MONTH:   0.0 INCH    5 = HAIL
                        GRTST 24HR     0.0         6 = FREEZING RAIN OR DRIZZLE
                        GRTST DEPTH:   0           7 = DUSTSTORM OR SANDSTORM:
                                                       VSBY 1/2 MILE OR LESS
                                                   8 = SMOKE OR HAZE
[NO. OF DAYS WITH]      [WEATHER - DAYS WITH]      9 = BLOWING SNOW
                                                   X = TORNADO
MAX 32 OR BELOW:   0    0.01 INCH OR MORE:   0
MAX 90 OR ABOVE:  28    0.10 INCH OR MORE:   0
MIN 32 OR BELOW:   0    0.50 INCH OR MORE:   0
MIN  0 OR BELOW:   0    1.00 INCH OR MORE:   0

[HDD (BASE 65) ]
TOTAL THIS MO.     0    CLEAR  (SCALE 0-3)  30
DPTR FM NORMAL     0    PTCLDY (SCALE 4-7)   0
TOTAL FM JUL 1     0    CLOUDY (SCALE 8-10)  0
DPTR FM NORMAL     0

[CDD (BASE 65) ]
TOTAL THIS MO.   566
DPTR FM NORMAL    46    [PRESSURE DATA]
TOTAL FM JAN 1  1166    HIGHEST SLP M ON M
DPTR FM NORMAL   116    LOWEST  SLP 29.69 ON 24

[REMARKS]




U.S. Dept. of Commerce
NOAA National Weather Service
1325 East West Highway
Silver Spring, MD 20910
E-mail: w-nws.webmaster@noaa.gov
Page last modified: May 16, 2007
NATIONAL WEATHER SERVICE: for Safety, for Work, for Fun - FOR LIFE