338
CXUS51 KAKQ 301011
CF6WAL
PRELIMINARY LOCAL CLIMATOLOGICAL DATA (WS FORM: F-6)

                                          STATION:   WALLOPS ISLAND VA
                                          MONTH:     JANUARY
                                          YEAR:      2015
                                          LATITUDE:   37 55 N
                                          LONGITUDE:  75 28 W

  TEMPERATURE IN F:       :PCPN:    SNOW:  WIND      :SUNSHINE: SKY     :PK WND
================================================================================
1   2   3   4   5  6A  6B    7    8   9   10  11  12  13   14  15   16   17  18
                                     12Z  AVG MX 2MIN
DY MAX MIN AVG DEP HDD CDD  WTR  SNW DPTH SPD SPD DIR MIN PSBL S-S WX    SPD DR
================================================================================

 1  44  22  33  -4  32   0 0.00  0.0    0  6.6 17 260   M    M   0        24 270
 2  48  34  41   4  24   0 0.00  0.0    0  3.6 13 270   M    M   5        19 250
 3  53  34  44   7  21   0 0.06  0.0    0  6.8 13  70   M    M   9 128    16  60
 4  70  48  59  22   6   0 0.33  0.0    0 13.5 32 310   M    M   8 12     42 320
 5  53  29  41   4  24   0 0.00  0.0    0 10.3 22 340   M    M   0        28 340
 6  41  25  33  -4  32   0 0.00  0.0    0  5.4 12 190   M    M   4        14  10
 7  33  16  25 -12  40   0 0.00  0.0    0 13.3 30 340   M    M   3        42 330
 8  24  12  18 -19  47   0 0.00  0.0    0 11.6 26 340   M    M   0        38 340
 9  41  24  33  -3  32   0    T    T    0 10.2 22 250   M    M   3        31 230
10  31  14  23 -13  42   0 0.00  0.0    0  6.2 18 320   M    M   0        25 350
11  41  13  27  -9  38   0 0.00  0.0    0  2.1 12 160   M    M   1        14 150
12  55  30  43   7  22   0 0.81  0.0    0  5.5 20 210   M    M  10 12     26 220
13  40  30  35  -1  30   0 0.01  0.0    0 13.2 21  20   M    M  10 1      26  30
14  37  30  34  -2  31   0 0.60    T    0 11.4 17  50   M    M  10 146    24  30
15  40  29  35  -1  30   0 0.00  0.0    0  6.2 13 330   M    M   8 1      16 340
16  47  28  38   2  27   0 0.00  0.0    0  8.1 22 330   M    M   2 12     29 330
17  41  24  33  -3  32   0 0.00  0.0    0  7.6 14 180   M    M   1        18 180
18  53  38  46  10  19   0 0.81    M    0 10.1 23 190   M    M   9 1      36 180
19  47  28  38   2  27   0 0.00  0.0    0  5.7 22 330   M    M   4 1      29 330
20  48  28  38   2  27   0 0.00  0.0    0  6.7 13  80   M    M   2        15  80
21  41  32  37   1  28   0 0.04  0.0    0  9.0 20  60   M    M   7 12     24  60
22  44  29  37   1  28   0 0.00  0.0    0  5.3 13 330   M    M   6 12     22 360
23  40  25  33  -3  32   0 0.24  0.0    0  5.2 16 100   M    M   5 1      20 100
24  49  35  42   6  23   0 1.62    M    0  9.8 21 310   M    M   8 1      29 300
25  50  34  42   6  23   0 0.00  0.0    0  7.1 16 250   M    M   1        22 250
26  49  32  41   5  24   0 0.18  0.0    0 11.9 24  20   M    M   8 1      31  20
27  34  28  31  -6  34   0 0.01    T    0 11.8 18 330   M    M   7 1      27 350
28  37  23  30  -7  35   0 0.00  0.0    0 12.6 20 320   M    M   0        28 330
29  39  20  30  -7  35   0    T  0.0    0  8.5 17 220   M    M   4        24 210
================================================================================
SM 1270  794       845   0  4.71    T    245.3          M      135
================================================================================
AV 43.8 27.4                               8.5 FASTST   M    M   5    MAX(MPH)
                                 MISC ---->  # 32 310               # 42  320
================================================================================
NOTES:
# LAST OF SEVERAL OCCURRENCES

COLUMN 17 PEAK WIND IN M.P.H.

PRELIMINARY LOCAL CLIMATOLOGICAL DATA (WS FORM: F-6) , PAGE 2

                                          STATION:  WALLOPS ISLAND VA
                                          MONTH:    JANUARY
                                          YEAR:     2015
                                          LATITUDE:   37 55 N
                                          LONGITUDE:  75 28 W

[TEMPERATURE DATA]      [PRECIPITATION DATA]       SYMBOLS USED IN COLUMN 16

AVERAGE MONTHLY: 35.6   TOTAL FOR MONTH:   4.71    1 = FOG OR MIST
DPTR FM NORMAL:  -0.8   DPTR FM NORMAL:    1.87    2 = FOG REDUCING VISIBILITY
HIGHEST:    70 ON  4    GRTST 24HR  1.86 ON 23-24      TO 1/4 MILE OR LESS
LOWEST:     12 ON  8                               3 = THUNDER
                        SNOW, ICE PELLETS, HAIL    4 = ICE PELLETS
                        TOTAL MONTH:    T          5 = HAIL
                        GRTST 24HR    T  ON 27-27  6 = FREEZING RAIN OR DRIZZLE
                        GRTST DEPTH:   0           7 = DUSTSTORM OR SANDSTORM:
                                                       VSBY 1/2 MILE OR LESS
                                                   8 = SMOKE OR HAZE
[NO. OF DAYS WITH]      [WEATHER - DAYS WITH]      9 = BLOWING SNOW
                                                   X = TORNADO
MAX 32 OR BELOW:   2    0.01 INCH OR MORE:  11
MAX 90 OR ABOVE:   0    0.10 INCH OR MORE:   7
MIN 32 OR BELOW:  23    0.50 INCH OR MORE:   4
MIN  0 OR BELOW:   0    1.00 INCH OR MORE:   1

[HDD (BASE 65) ]
TOTAL THIS MO.   845    CLEAR  (SCALE 0-3)  12
DPTR FM NORMAL    17    PTCLDY (SCALE 4-7)  10
TOTAL FM JUL 1  2217    CLOUDY (SCALE 8-10)  7
DPTR FM NORMAL   -73

[CDD (BASE 65) ]
TOTAL THIS MO.     0
DPTR FM NORMAL     0    [PRESSURE DATA]
TOTAL FM JAN 1     0    HIGHEST SLP M ON M
DPTR FM NORMAL     0    LOWEST  SLP 29.39 ON 24

[REMARKS]




U.S. Dept. of Commerce
NOAA National Weather Service
1325 East West Highway
Silver Spring, MD 20910
E-mail: w-nws.webmaster@noaa.gov
Page last modified: May 16, 2007
NATIONAL WEATHER SERVICE: for Safety, for Work, for Fun - FOR LIFE