121
CXUS51 KAKQ 261010
CF6WAL
PRELIMINARY LOCAL CLIMATOLOGICAL DATA (WS FORM: F-6)

                                          STATION:   WALLOPS ISLAND VA
                                          MONTH:     NOVEMBER
                                          YEAR:      2014
                                          LATITUDE:   37 55 N
                                          LONGITUDE:  75 28 W

  TEMPERATURE IN F:       :PCPN:    SNOW:  WIND      :SUNSHINE: SKY     :PK WND
================================================================================
1   2   3   4   5  6A  6B    7    8   9   10  11  12  13   14  15   16   17  18
                                     12Z  AVG MX 2MIN
DY MAX MIN AVG DEP HDD CDD  WTR  SNW DPTH SPD SPD DIR MIN PSBL S-S WX    SPD DR
================================================================================

 1  53  46  50  -4  15   0 0.04    M    0 16.3 28 360   M    M  10        39 340
 2  51  39  45  -9  20   0    T    M    0 17.5 32 350   M    M   4        44 330
 3  59  37  48  -6  17   0 0.00  0.0    0  9.5 16 330   M    M   3        22 300
 4  65  50  58   5   7   0 0.00  0.0    0  7.3 13 200   M    M   2        17 290
 5  62  49  56   3   9   0 0.00  0.0    0  6.2 15 300   M    M   2        21 260
 6  62  49  56   3   9   0 0.33  0.0    0  9.2 18 330   M    M   8 13     32 260
 7  58  38  48  -4  17   0 0.02    M    0 11.2 30 320   M    M   3        39 310
 8  51  30  41 -11  24   0 0.00  0.0    0  6.4 16 180   M    M   0        29 250
 9  60  40  50  -2  15   0 0.00  0.0    0  4.9 10 230   M    M   0        14 240
10  61  35  48  -4  17   0 0.00  0.0    0  4.6 13  90   M    M   0        15  80
11  65  47  56   5   9   0 0.02  0.0    0  5.2 10 100   M    M   6 12     40 140
12  71  48  60   9   5   0 0.02  0.0    0  7.0 16 350   M    M   6 12     23  10
13  48  39  44  -7  21   0 0.02  0.0    0  9.6 15 350   M    M   7 1      24 350
14  44  29  37 -13  28   0 0.01  0.0    0  9.6 20 350   M    M   5 1      26 330
15  46  27  37 -13  28   0 0.00  0.0    0  6.0 15  10   M    M   0        23 230
16  51  27  39 -11  26   0 0.10  0.0    0  2.5 31 150   M    M   8 1      43 150
17  65  46  56   7   9   0 0.39    M    0 12.1 28 220   M    M  10 12     35 220
18  46  25  36 -13  29   0 0.00  0.0    0 10.7 24 330   M    M   4        34 320
19  37  21  29 -20  36   0 0.00  0.0    0  7.5 15 210   M    M   0        20 240
20  53  34  44  -4  21   0 0.00  0.0    0 10.3 22 260   M    M   0        30 270
21  38  21  30 -18  35   0 0.00  0.0    0  9.0 26 330   M    M   0        33 340
22  48  19  34 -14  31   0 0.00  0.0    0  6.9 18 210   M    M   0        27 310
23  59  38  49   2  16   0 0.01  0.0    0  6.4 15 160   M    M   2 1      20 170
24  67  57  62  15   3   0 0.75  0.0    0 16.8 29 210   M    M   6 123    36 210
25  67  49  58  11   7   0 0.02  0.0    0  7.0 18 250   M    M   4 1      25 250
================================================================================
SM 1387  940       454   0  1.73     0.0 219.7          M       90
================================================================================
AV 55.5 37.6                               8.8 FASTST   M    M   4    MAX(MPH)
                                 MISC ---->  # 32 350               # 44  330
================================================================================
NOTES:
# LAST OF SEVERAL OCCURRENCES

COLUMN 17 PEAK WIND IN M.P.H.

PRELIMINARY LOCAL CLIMATOLOGICAL DATA (WS FORM: F-6) , PAGE 2

                                          STATION:  WALLOPS ISLAND VA
                                          MONTH:    NOVEMBER
                                          YEAR:     2014
                                          LATITUDE:   37 55 N
                                          LONGITUDE:  75 28 W

[TEMPERATURE DATA]      [PRECIPITATION DATA]       SYMBOLS USED IN COLUMN 16

AVERAGE MONTHLY: 46.5   TOTAL FOR MONTH:   1.73    1 = FOG OR MIST
DPTR FM NORMAL:  -4.0   DPTR FM NORMAL:   -0.63    2 = FOG REDUCING VISIBILITY
HIGHEST:    71 ON 12    GRTST 24HR  0.75 ON 24-24      TO 1/4 MILE OR LESS
LOWEST:     19 ON 22                               3 = THUNDER
                        SNOW, ICE PELLETS, HAIL    4 = ICE PELLETS
                        TOTAL MONTH:   0.0 INCH    5 = HAIL
                        GRTST 24HR     0.0         6 = FREEZING RAIN OR DRIZZLE
                        GRTST DEPTH:   0           7 = DUSTSTORM OR SANDSTORM:
                                                       VSBY 1/2 MILE OR LESS
                                                   8 = SMOKE OR HAZE
[NO. OF DAYS WITH]      [WEATHER - DAYS WITH]      9 = BLOWING SNOW
                                                   X = TORNADO
MAX 32 OR BELOW:   0    0.01 INCH OR MORE:  12
MAX 90 OR ABOVE:   0    0.10 INCH OR MORE:   4
MIN 32 OR BELOW:   8    0.50 INCH OR MORE:   1
MIN  0 OR BELOW:   0    1.00 INCH OR MORE:   0

[HDD (BASE 65) ]
TOTAL THIS MO.   454    CLEAR  (SCALE 0-3)  12
DPTR FM NORMAL    90    PTCLDY (SCALE 4-7)  11
TOTAL FM JUL 1   573    CLOUDY (SCALE 8-10)  2
DPTR FM NORMAL   -34

[CDD (BASE 65) ]
TOTAL THIS MO.     0
DPTR FM NORMAL     0    [PRESSURE DATA]
TOTAL FM JAN 1  1352    HIGHEST SLP M ON M
DPTR FM NORMAL   157    LOWEST  SLP 29.53 ON 17

[REMARKS]




U.S. Dept. of Commerce
NOAA National Weather Service
1325 East West Highway
Silver Spring, MD 20910
E-mail: w-nws.webmaster@noaa.gov
Page last modified: May 16, 2007
NATIONAL WEATHER SERVICE: for Safety, for Work, for Fun - FOR LIFE