865
CXUS55 KPQR 241230
CF6VUO
PRELIMINARY LOCAL CLIMATOLOGICAL DATA (WS FORM: F-6)

                                          STATION:   VANCOUVER WA
                                          MONTH:     APRIL
                                          YEAR:      2014
                                          LATITUDE:   45 37 N
                                          LONGITUDE: 122 39 W

  TEMPERATURE IN F:       :PCPN:    SNOW:  WIND      :SUNSHINE: SKY     :PK WND
================================================================================
1   2   3   4   5  6A  6B    7    8   9   10  11  12  13   14  15   16   17  18
                                     12Z  AVG MX 2MIN
DY MAX MIN AVG DEP HDD CDD  WTR  SNW DPTH SPD SPD DIR MIN PSBL S-S WX    SPD DR
================================================================================

 1  51  45  48  -2  17   0 0.16    M    0  1.2  7 190   M    M  10 1      10 200
 2  59  40  50   0  15   0 0.00  0.0    0  1.6 12 320   M    M   6        15 320
 3  57  44  51   1  14   0 0.09    M    0  7.1 20 210   M    M   6        27 200
 4  57  46  52   1  13   0 0.02    M    0  3.3 13 290   M    M   8        15 270
 5  55  47  51   0  14   0 0.14    M    0  4.6 12 200   M    M  10 1      18 210
 6  65  46  56   5   9   0    T    M    0  2.7 10 230   M    M   7        14 210
 7  74  43  59   8   6   0 0.00    M    M  1.8 10 320   M    M   4 1      14 330
 8  69  46  58   7   7   0 0.37    M    M  2.7 15 280   M    M   6 1      20 290
 9  62  45  54   3  11   0 0.01    M    0  6.2 13 320   M    M   2 1      19 320
10  66  42  54   3  11   0 0.00  0.0    0  5.3 13 320   M    M   0        19 330
11  68  40  54   3  11   0 0.00  0.0    0  6.1 15 320   M    M   1        23 310
12  64  44  54   3  11   0 0.00  0.0    0  6.7 16 300   M    M   4        24 290
13  71  36  54   2  11   0 0.00  0.0    0  6.6 17  60   M    M   0        23  90
14  72  38  55   3  10   0 0.00  0.0    0  4.8 17 310   M    M   0        24 320
15  60  45  53   1  12   0 0.00  0.0    0  3.5  9 330   M    M   8        13 300
16  58  48  53   1  12   0 0.14    M    0  3.5  8 240   M    M  10 1      13 260
17  55  43  49  -3  16   0 0.31    M    0  5.7 15 280   M    M   9 1      20 170
18  59  36  48  -4  17   0 0.00  0.0    0  3.1 12 270   M    M   1 1      14 280
19  58  39  49  -3  16   0 0.07    M    0  5.6 18 260   M    M   5        26 270
20  64  41  53   1  12   0 0.00  0.0    0  1.7  9 360   M    M   3 8      13 360
21  65  48  57   4   8   0 0.31    M    0  3.3  9 270   M    M   4 1      13 200
22  53  43  48  -5  17   0 0.35    M    0  4.8 17 260   M    M   8 8      24 280
23  54  46  50  -3  15   0 0.39    M    0  7.2 13 170   M    M  10 1      22 140
================================================================================
SM 1416  991       285   0  2.36     0.0  99.1          M      122
================================================================================
AV 61.6 43.1                               4.3 FASTST   M    M   5    MAX(MPH)
                                 MISC ---->  # 20 210               # 27  200
================================================================================
NOTES:
# LAST OF SEVERAL OCCURRENCES

COLUMN 17 PEAK WIND IN M.P.H.

PRELIMINARY LOCAL CLIMATOLOGICAL DATA (WS FORM: F-6) , PAGE 2

                                          STATION:  VANCOUVER WA
                                          MONTH:    APRIL
                                          YEAR:     2014
                                          LATITUDE:   45 37 N
                                          LONGITUDE: 122 39 W

[TEMPERATURE DATA]      [PRECIPITATION DATA]       SYMBOLS USED IN COLUMN 16

AVERAGE MONTHLY: 52.3   TOTAL FOR MONTH:   2.36    1 = FOG OR MIST
DPTR FM NORMAL:   0.8   DPTR FM NORMAL:   -0.02    2 = FOG REDUCING VISIBILITY
HIGHEST:    74 ON  7    GRTST 24HR  0.54 ON 21-22      TO 1/4 MILE OR LESS
LOWEST:     36 ON 18,13                            3 = THUNDER
                        SNOW, ICE PELLETS, HAIL    4 = ICE PELLETS
                        TOTAL MONTH:   0.0 INCH    5 = HAIL
                        GRTST 24HR     0.0         6 = FREEZING RAIN OR DRIZZLE
                        GRTST DEPTH:   0           7 = DUSTSTORM OR SANDSTORM:
                                                       VSBY 1/2 MILE OR LESS
                                                   8 = SMOKE OR HAZE
[NO. OF DAYS WITH]      [WEATHER - DAYS WITH]      9 = BLOWING SNOW
                                                   X = TORNADO
MAX 32 OR BELOW:   0    0.01 INCH OR MORE:  12
MAX 90 OR ABOVE:   0    0.10 INCH OR MORE:   8
MIN 32 OR BELOW:   0    0.50 INCH OR MORE:   0
MIN  0 OR BELOW:   0    1.00 INCH OR MORE:   0

[HDD (BASE 65) ]
TOTAL THIS MO.   285    CLEAR  (SCALE 0-3)   7
DPTR FM NORMAL   -25    PTCLDY (SCALE 4-7)  10
TOTAL FM JUL 1  4267    CLOUDY (SCALE 8-10)  6
DPTR FM NORMAL   316

[CDD (BASE 65) ]
TOTAL THIS MO.     0
DPTR FM NORMAL     0    [PRESSURE DATA]
TOTAL FM JAN 1     0    HIGHEST SLP M ON M
DPTR FM NORMAL     0    LOWEST  SLP 29.74 ON  1

[REMARKS]




U.S. Dept. of Commerce
NOAA National Weather Service
1325 East West Highway
Silver Spring, MD 20910
E-mail: w-nws.webmaster@noaa.gov
Page last modified: May 16, 2007
NATIONAL WEATHER SERVICE: for Safety, for Work, for Fun - FOR LIFE