275
CXUS56 KPQR 301330
CF6VUO
PRELIMINARY LOCAL CLIMATOLOGICAL DATA (WS FORM: F-6)

                                          STATION:   VANCOUVER WA
                                          MONTH:     JANUARY
                                          YEAR:      2015
                                          LATITUDE:   45 37 N
                                          LONGITUDE: 122 39 W

  TEMPERATURE IN F:       :PCPN:    SNOW:  WIND      :SUNSHINE: SKY     :PK WND
================================================================================
1   2   3   4   5  6A  6B    7    8   9   10  11  12  13   14  15   16   17  18
                                     12Z  AVG MX 2MIN
DY MAX MIN AVG DEP HDD CDD  WTR  SNW DPTH SPD SPD DIR MIN PSBL S-S WX    SPD DR
================================================================================

 1  39  20  30 -10  35   0 0.00  0.0    0  1.8  9 130   M    M   0 18     13 130
 2  41  23  32  -8  33   0 0.00  0.0    0  1.0  8 140   M    M   4        10 140
 3  41  35  38  -2  27   0 0.00  0.0    0  2.2  8 120   M    M  10 18      9 110
 4  52  38  45   4  20   0 0.26    M    0  8.8 14 190   M    M  10 1      21 190
 5  56  38  47   6  18   0 0.01    M    0  4.4 17 180   M    M   6 1      25 190
 6  47  37  42   1  23   0 0.00  0.0    0  0.6  6 300   M    M   8 12      7 330
 7  51  32  42   1  23   0 0.00  0.0    0  1.6  7 270   M    M   6 128     8 320
 8  45  34  40  -1  25   0 0.00  0.0    0  2.8 13 120   M    M   6 128    17 120
 9  50  32  41   0  24   0 0.00  0.0    0  2.0  7 120   M    M   1        10 120
10  42  34  38  -3  27   0 0.12    M    0  1.7  6 120   M    M   9 18     23 160
11  44  41  43   2  22   0 0.06    M    0  2.8  8 110   M    M  10 1      10 130
12  49  35  42   1  23   0 0.00  0.0    0  1.3  7 100   M    M  10         9 110
13  51  29  40  -1  25   0 0.00  0.0    0  2.2 13 130   M    M   0 128    16 120
14  48  26  37  -5  28   0 0.00  0.0    0  4.8 17 110   M    M   0        23 110
15  45  26  36  -6  29   0 0.61    M    0  4.8 15 120   M    M   7 1      19 120
16  54  36  45   3  20   0 0.19    M    0  2.7 12 320   M    M   4 1      15 330
17  59  36  48   6  17   0 1.73    M    0  7.7 16 200   M    M   8 1      30 210
18  60  46  53  11  12   0 0.23    M    0  5.7 20 250   M    M   7 1      35 240
19  52  35  44   2  21   0    T    M    0  1.3  9 270   M    M   6 12     10 260
20  50  31  41  -1  24   0 0.00  0.0    0  2.8  7 310   M    M   5 1       M  M
21  49  28  39  -3  26   0 0.00  0.0    0  2.7  8 120   M    M   3 12     10 120
22  45  39  42   0  23   0 0.01    M    0  2.5 10 110   M    M   9        13 100
23  46  41  44   2  21   0 0.08    M    0  5.1 16 120   M    M  10 1      22 120
24  59  42  51   9  14   0 0.01    M    0  1.7  9 260   M    M   7 12     10 260
25  50  38  44   2  21   0 0.00  0.0    0  1.4  8 270   M    M  10 12     10 260
26  57  38  48   6  17   0 0.00  0.0    0  2.9 10 110   M    M   5 12     13 120
27  50  42  46   4  19   0 0.04    M    0  2.5  8 120   M    M  10 18     11 120
28  56  43  50   8  15   0 0.00  0.0    0  1.7  8 300   M    M   7 1      11 270
29  50  33  42   0  23   0 0.00  0.0    0  2.4  9 250   M    M   4 1      12 120
================================================================================
SM 1438 1008       655   0  3.35     0.0  85.9          M      182
================================================================================
AV 49.6 34.8                               3.0 FASTST   M    M   6    MAX(MPH)
                                 MISC ---->  # 20 250               # 35  240
================================================================================
NOTES:
# LAST OF SEVERAL OCCURRENCES

COLUMN 17 PEAK WIND IN M.P.H.

PRELIMINARY LOCAL CLIMATOLOGICAL DATA (WS FORM: F-6) , PAGE 2

                                          STATION:  VANCOUVER WA
                                          MONTH:    JANUARY
                                          YEAR:     2015
                                          LATITUDE:   45 37 N
                                          LONGITUDE: 122 39 W

[TEMPERATURE DATA]      [PRECIPITATION DATA]       SYMBOLS USED IN COLUMN 16

AVERAGE MONTHLY: 42.2   TOTAL FOR MONTH:   3.35    1 = FOG OR MIST
DPTR FM NORMAL:   0.7   DPTR FM NORMAL:   -1.85    2 = FOG REDUCING VISIBILITY
HIGHEST:    60 ON 18    GRTST 24HR  1.79 ON 17-18      TO 1/4 MILE OR LESS
LOWEST:     20 ON  1                               3 = THUNDER
                        SNOW, ICE PELLETS, HAIL    4 = ICE PELLETS
                        TOTAL MONTH:   0.0 INCH    5 = HAIL
                        GRTST 24HR     0.0         6 = FREEZING RAIN OR DRIZZLE
                        GRTST DEPTH:   0           7 = DUSTSTORM OR SANDSTORM:
                                                       VSBY 1/2 MILE OR LESS
                                                   8 = SMOKE OR HAZE
[NO. OF DAYS WITH]      [WEATHER - DAYS WITH]      9 = BLOWING SNOW
                                                   X = TORNADO
MAX 32 OR BELOW:   0    0.01 INCH OR MORE:  12
MAX 90 OR ABOVE:   0    0.10 INCH OR MORE:   6
MIN 32 OR BELOW:   9    0.50 INCH OR MORE:   2
MIN  0 OR BELOW:   0    1.00 INCH OR MORE:   1

[HDD (BASE 65) ]
TOTAL THIS MO.   655    CLEAR  (SCALE 0-3)   5
DPTR FM NORMAL   -30    PTCLDY (SCALE 4-7)  14
TOTAL FM JUL 1  2128    CLOUDY (SCALE 8-10) 10
DPTR FM NORMAL  -342

[CDD (BASE 65) ]
TOTAL THIS MO.     0
DPTR FM NORMAL     0    [PRESSURE DATA]
TOTAL FM JAN 1     0    HIGHEST SLP M ON M
DPTR FM NORMAL     0    LOWEST  SLP 29.73 ON 17

[REMARKS]




U.S. Dept. of Commerce
NOAA National Weather Service
1325 East West Highway
Silver Spring, MD 20910
E-mail: w-nws.webmaster@noaa.gov
Page last modified: May 16, 2007
NATIONAL WEATHER SERVICE: for Safety, for Work, for Fun - FOR LIFE