907
CXUS56 KPQR 291230
CF6VUO
PRELIMINARY LOCAL CLIMATOLOGICAL DATA (WS FORM: F-6)

                                          STATION:   VANCOUVER WA
                                          MONTH:     JULY
                                          YEAR:      2014
                                          LATITUDE:   45 37 N
                                          LONGITUDE: 122 39 W

  TEMPERATURE IN F:       :PCPN:    SNOW:  WIND      :SUNSHINE: SKY     :PK WND
================================================================================
1   2   3   4   5  6A  6B    7    8   9   10  11  12  13   14  15   16   17  18
                                     12Z  AVG MX 2MIN
DY MAX MIN AVG DEP HDD CDD  WTR  SNW DPTH SPD SPD DIR MIN PSBL S-S WX    SPD DR
================================================================================

 1  98  55  77  11   0  12 0.00  0.0    0  4.8 15  90   M    M   0        24  80
 2  82  61  72   6   0   7 0.00  0.0    0  5.3 14 320   M    M   1        23 330
 3  74  61  68   2   0   3 0.00  0.0    0  5.8 15 310   M    M   5        19 310
 4  78  56  67   0   0   2 0.00  0.0    0  4.8 13 300   M    M   1        17 280
 5  83  60  72   5   0   7 0.00  0.0    0  4.0 12 320   M    M   0        16 330
 6  88  59  74   7   0   9 0.00  0.0    0  4.6 14 330   M    M   0        20 320
 7  85  64  75   8   0  10 0.00  0.0    0  8.1 16 330   M    M   1        25 320
 8  88  63  76   9   0  11 0.00  0.0    0  7.5 17 300   M    M   1        27 300
 9  83  59  71   3   0   6 0.00  0.0    0  6.5 14 330   M    M   0        20 310
10  85  56  71   3   0   6 0.00  0.0    0  4.7 15 310   M    M   2        21 320
11  87  58  73   5   0   8 0.00  0.0    0  3.3  9 130   M    M   1        17 270
12  93  60  77   9   0  12 0.00  0.0    0  4.6 13 310   M    M   0        18 300
13  74  62  68   0   0   3 0.05  0.0    0  3.0 15 280   M    M   2 3      17 270
14  85  61  73   5   0   8 0.00  0.0    0  4.5 13 310   M    M   5        18 310
15  91  60  76   7   0  11 0.00  0.0    0  7.0 14 310   M    M   2        21 320
16  91  61  76   7   0  11 0.00    M    M  5.2 13 330   M    M   0        18 330
17  83  57  70   1   0   5 0.00    M    M  5.7 13 330   M    M   0        19 320
18  80  53  67  -2   0   2 0.00  0.0    0  3.8 13 290   M    M   2        17 310
19  87  61  74   5   0   9 0.00  0.0    0  3.6 12 340   M    M   5        17 360
20  72  60  66  -3   0   1 0.00  0.0    0  6.7 13 320   M    M  10        18 320
21  77  55  66  -3   0   1 0.00  0.0    0  3.5 10 250   M    M   2        17 270
22  75  59  67  -3   0   2 0.24  0.0    0  3.6 13 110   M    M   8 1      16 120
23  67  59  63  -7   2   0 0.52  0.0    0  5.4 16 250   M    M   8 1      25 250
24  71  58  65  -5   0   0 0.01  0.0    0  5.8 13 280   M    M   8        21 210
25  78  50  64  -6   1   0 0.00  0.0    0  4.5 13 300   M    M   1        19 280
26  84  54  69  -1   0   4 0.00  0.0    0  6.0 15 300   M    M   0        23 300
27  87  60  74   4   0   9 0.00  0.0    0  6.8 14 330   M    M   0        22 320
28  91  60  76   6   0  11 0.00  0.0    0  5.2 14 320   M    M   0        24 300
================================================================================
SM 2317 1642         3 170  0.82     0.0 144.3          M       65
================================================================================
AV 82.8 58.6                               5.2 FASTST   M    M   2    MAX(MPH)
                                 MISC ---->  # 17 300               # 27  300
================================================================================
NOTES:
# LAST OF SEVERAL OCCURRENCES

COLUMN 17 PEAK WIND IN M.P.H.

PRELIMINARY LOCAL CLIMATOLOGICAL DATA (WS FORM: F-6) , PAGE 2

                                          STATION:  VANCOUVER WA
                                          MONTH:    JULY
                                          YEAR:     2014
                                          LATITUDE:   45 37 N
                                          LONGITUDE: 122 39 W

[TEMPERATURE DATA]      [PRECIPITATION DATA]       SYMBOLS USED IN COLUMN 16

AVERAGE MONTHLY: 70.7   TOTAL FOR MONTH:   0.82    1 = FOG OR MIST
DPTR FM NORMAL:   2.3   DPTR FM NORMAL:    0.17    2 = FOG REDUCING VISIBILITY
HIGHEST:    98 ON  1    GRTST 24HR  0.53 ON 23-24      TO 1/4 MILE OR LESS
LOWEST:     50 ON 25                               3 = THUNDER
                        SNOW, ICE PELLETS, HAIL    4 = ICE PELLETS
                        TOTAL MONTH:   0.0 INCH    5 = HAIL
                        GRTST 24HR     0.0         6 = FREEZING RAIN OR DRIZZLE
                        GRTST DEPTH:   0           7 = DUSTSTORM OR SANDSTORM:
                                                       VSBY 1/2 MILE OR LESS
                                                   8 = SMOKE OR HAZE
[NO. OF DAYS WITH]      [WEATHER - DAYS WITH]      9 = BLOWING SNOW
                                                   X = TORNADO
MAX 32 OR BELOW:   0    0.01 INCH OR MORE:   4
MAX 90 OR ABOVE:   5    0.10 INCH OR MORE:   2
MIN 32 OR BELOW:   0    0.50 INCH OR MORE:   1
MIN  0 OR BELOW:   0    1.00 INCH OR MORE:   0

[HDD (BASE 65) ]
TOTAL THIS MO.     3    CLEAR  (SCALE 0-3)  21
DPTR FM NORMAL   -14    PTCLDY (SCALE 4-7)   5
TOTAL FM JUL 1     3    CLOUDY (SCALE 8-10)  2
DPTR FM NORMAL   -14

[CDD (BASE 65) ]
TOTAL THIS MO.   170
DPTR FM NORMAL    57    [PRESSURE DATA]
TOTAL FM JAN 1   201    HIGHEST SLP M ON M
DPTR FM NORMAL    33    LOWEST  SLP 29.68 ON  1

[REMARKS]




U.S. Dept. of Commerce
NOAA National Weather Service
1325 East West Highway
Silver Spring, MD 20910
E-mail: w-nws.webmaster@noaa.gov
Page last modified: May 16, 2007
NATIONAL WEATHER SERVICE: for Safety, for Work, for Fun - FOR LIFE