600
CXUS56 KPQR 221230
CF6VUO
PRELIMINARY LOCAL CLIMATOLOGICAL DATA (WS FORM: F-6)

                                          STATION:   VANCOUVER WA
                                          MONTH:     AUGUST
                                          YEAR:      2014
                                          LATITUDE:   45 37 N
                                          LONGITUDE: 122 39 W

  TEMPERATURE IN F:       :PCPN:    SNOW:  WIND      :SUNSHINE: SKY     :PK WND
================================================================================
1   2   3   4   5  6A  6B    7    8   9   10  11  12  13   14  15   16   17  18
                                     12Z  AVG MX 2MIN
DY MAX MIN AVG DEP HDD CDD  WTR  SNW DPTH SPD SPD DIR MIN PSBL S-S WX    SPD DR
================================================================================

 1  90  66  78   8   0  13    T  0.0    0  6.6 14 320   M    M   1 3      21 150
 2  87  61  74   4   0   9 0.00  0.0    0  4.9 14 300   M    M   0        18 290
 3  90  60  75   5   0  10 0.00  0.0    0  6.4 14 310   M    M   0        22 320
 4  93  63  78   8   0  13 0.00  0.0    0  5.6 16 320   M    M   0        22 290
 5  82  57  70   0   0   5 0.00  0.0    0  5.0 14 310   M    M   1        18 310
 6  83  63  73   3   0   8 0.00  0.0    0  5.4 13 310   M    M   4        18 300
 7  82  55  69  -1   0   4 0.00  0.0    0  6.2 14 300   M    M   0        19 300
 8  79  55  67  -3   0   2 0.00  0.0    0  5.3 14 320   M    M   1        20 310
 9  85  52  69  -1   0   4 0.00  0.0    0  7.0 16 300   M    M   0        23 300
10  94  61  78   8   0  13 0.00  0.0    0  6.1 17 320   M    M   0        26 310
11  98  68  83  13   0  18 0.00  0.0    0  3.6 12 320   M    M   0        17 330
12  79  66  73   3   0   8 0.01  0.0    0  4.1 14 260   M    M   3 3      16 240
13  78  62  70   0   0   5 0.01  0.0    0  3.8 15 320   M    M   6        20 320
14  79  61  70   0   0   5 0.00  0.0    0  3.5  9 330   M    M   6        13 330
15  80  66  73   3   0   8 0.00  0.0    0  4.4 12 320   M    M   5        15 340
16  84  59  72   3   0   7 0.00  0.0    0  4.8 12 330   M    M   1        19 300
17  87  62  75   6   0  10 0.00  0.0    0  6.5 17 310   M    M   1        24 310
18  90  61  76   7   0  11 0.00  0.0    0  6.0 15 330   M    M   0        24 330
19  84  62  73   4   0   8 0.00  0.0    0  5.5 17 310   M    M   0        24 300
20  77  59  68  -1   0   3 0.00  0.0    0  5.2 13 320   M    M   4        18 300
21  79  50  65  -4   0   0 0.00  0.0    0  3.5  9 340   M    M   2        15 350
================================================================================
SM 1780 1269         0 164  0.02     0.0 109.4          M       35
================================================================================
AV 84.8 60.4                               5.2 FASTST   M    M   2    MAX(MPH)
                                 MISC ---->  # 17 320               # 26  310
================================================================================
NOTES:
# LAST OF SEVERAL OCCURRENCES

COLUMN 17 PEAK WIND IN M.P.H.

PRELIMINARY LOCAL CLIMATOLOGICAL DATA (WS FORM: F-6) , PAGE 2

                                          STATION:  VANCOUVER WA
                                          MONTH:    AUGUST
                                          YEAR:     2014
                                          LATITUDE:   45 37 N
                                          LONGITUDE: 122 39 W

[TEMPERATURE DATA]      [PRECIPITATION DATA]       SYMBOLS USED IN COLUMN 16

AVERAGE MONTHLY: 72.6   TOTAL FOR MONTH:   0.02    1 = FOG OR MIST
DPTR FM NORMAL:   2.9   DPTR FM NORMAL:   -0.40    2 = FOG REDUCING VISIBILITY
HIGHEST:    98 ON 11    GRTST 24HR  0.02 ON 12-13      TO 1/4 MILE OR LESS
LOWEST:     50 ON 21                               3 = THUNDER
                        SNOW, ICE PELLETS, HAIL    4 = ICE PELLETS
                        TOTAL MONTH:   0.0 INCH    5 = HAIL
                        GRTST 24HR     0.0         6 = FREEZING RAIN OR DRIZZLE
                        GRTST DEPTH:   0           7 = DUSTSTORM OR SANDSTORM:
                                                       VSBY 1/2 MILE OR LESS
                                                   8 = SMOKE OR HAZE
[NO. OF DAYS WITH]      [WEATHER - DAYS WITH]      9 = BLOWING SNOW
                                                   X = TORNADO
MAX 32 OR BELOW:   0    0.01 INCH OR MORE:   2
MAX 90 OR ABOVE:   6    0.10 INCH OR MORE:   0
MIN 32 OR BELOW:   0    0.50 INCH OR MORE:   0
MIN  0 OR BELOW:   0    1.00 INCH OR MORE:   0

[HDD (BASE 65) ]
TOTAL THIS MO.     0    CLEAR  (SCALE 0-3)  15
DPTR FM NORMAL     0    PTCLDY (SCALE 4-7)   6
TOTAL FM JUL 1     3    CLOUDY (SCALE 8-10)  0
DPTR FM NORMAL   -17

[CDD (BASE 65) ]
TOTAL THIS MO.   164
DPTR FM NORMAL    61    [PRESSURE DATA]
TOTAL FM JAN 1   396    HIGHEST SLP M ON M
DPTR FM NORMAL   111    LOWEST  SLP 29.77 ON M

[REMARKS]




U.S. Dept. of Commerce
NOAA National Weather Service
1325 East West Highway
Silver Spring, MD 20910
E-mail: w-nws.webmaster@noaa.gov
Page last modified: May 16, 2007
NATIONAL WEATHER SERVICE: for Safety, for Work, for Fun - FOR LIFE