080
CXUS56 KPQR 011330
CF6VUO
PRELIMINARY LOCAL CLIMATOLOGICAL DATA (WS FORM: F-6)

                                          STATION:   VANCOUVER WA
                                          MONTH:     NOVEMBER
                                          YEAR:      2014
                                          LATITUDE:   45 37 N
                                          LONGITUDE: 122 39 W

  TEMPERATURE IN F:       :PCPN:    SNOW:  WIND      :SUNSHINE: SKY     :PK WND
================================================================================
1   2   3   4   5  6A  6B    7    8   9   10  11  12  13   14  15   16   17  18
                                     12Z  AVG MX 2MIN
DY MAX MIN AVG DEP HDD CDD  WTR  SNW DPTH SPD SPD DIR MIN PSBL S-S WX    SPD DR
================================================================================

 1  53  41  47  -3  18   0 0.00  0.0    0  1.1  8 260   M    M   9 1      11 250
 2  54  45  50   1  15   0 0.16    M    0  3.6 10 180   M    M  10 1      16 180
 3  57  53  55   6  10   0 0.22  0.0    0  4.6 10 210   M    M  10 1      16 200
 4  61  52  57   8   8   0 0.20  0.0    0  4.2 17 200   M    M  10 1      23 160
 5  62  53  58   9   7   0 0.02  0.0    0  0.8  6 130   M    M   8 1       8 110
 6  60  46  53   4  12   0 0.10    M    0  4.2 13 180   M    M   6 1      18 180
 7  57  37  47  -1  18   0 0.00  0.0    0  2.1  9 310   M    M   5 1      12 280
 8  57  36  47  -1  18   0 0.00  0.0    0  0.4  6 260   M    M   4 12      9 280
 9  57  42  50   2  15   0 0.05    M    0  4.6 13 270   M    M   8 18     16 270
10  58  35  47  -1  18   0 0.01    M    0  3.7 13  90   M    M   5 1      19  90
11  47  33  40  -8  25   0 0.00  0.0    0 19.4 32  90   M    M   0        48  90
12  41  32  37 -10  28   0 0.00  0.0    0 17.7 26 100   M    M   0        39  90
13  38  33  36 -11  29   0 0.17    M    0  8.9 23 100   M    M   9 1      36  90
14  46  24  35 -12  30   0 0.00  0.0    0  2.1 12  80   M    M   4        15  80
15  44  19  32 -15  33   0 0.00  0.0    0  6.4 24  80   M    M   0        33 100
16  44  19  32 -14  33   0 0.00  0.0    0  3.7 14 120   M    M   0        19 130
17  46  21  34 -12  31   0 0.00  0.0    0  4.6 15 120   M    M   0        19 120
18  42  23  33 -13  32   0 0.00  0.0    0  5.3 12 140   M    M   0        16 140
19  47  36  42  -4  23   0 0.03    M    0  5.6 17 120   M    M   4 8      23 120
20  45  37  41  -5  24   0 0.01    M    0  4.6 12 130   M    M   8 18     16 120
21  56  41  49   4  16   0 0.62    M    0  7.3 17 200   M    M  10 1      26 180
22  52  37  45   0  20   0 0.12    M    0  2.7 16 310   M    M   6 1      20 330
23  53  44  49   4  16   0 0.43    M    0  4.8 17 200   M    M   9 13     29 170
24  55  47  51   7  14   0 0.01    M    0  4.5 12 190   M    M   9 1      20 200
25  63  54  59  15   6   0    T  0.0    0  6.0 12 210   M    M  10        20 230
26  62  56  59  15   6   0    T  0.0    0  4.9 13 100   M    M   6        17  90
27  59  54  57  13   8   0 0.03  0.0    0  8.1 16 180   M    M  10        25 170
28  56  42  49   5  16   0 0.52    M    0  7.2 20 190   M    M  10 1      31 180
29  44  30  37  -6  28   0 0.22    M    0  4.9 14 310   M    M   6 18     20 320
30  40  22  31 -12  34   0 0.00  0.0    0  7.1 24 120   M    M   0        35  80
================================================================================
SM 1556 1144       591   0  2.92     0.0 165.1          M      176
================================================================================
AV 51.9 38.1                               5.5 FASTST   M    M   6    MAX(MPH)
                                 MISC ---->  # 32  90               # 48   90
================================================================================
NOTES:
# LAST OF SEVERAL OCCURRENCES

COLUMN 17 PEAK WIND IN M.P.H.

PRELIMINARY LOCAL CLIMATOLOGICAL DATA (WS FORM: F-6) , PAGE 2

                                          STATION:  VANCOUVER WA
                                          MONTH:    NOVEMBER
                                          YEAR:     2014
                                          LATITUDE:   45 37 N
                                          LONGITUDE: 122 39 W

[TEMPERATURE DATA]      [PRECIPITATION DATA]       SYMBOLS USED IN COLUMN 16

AVERAGE MONTHLY: 45.0   TOTAL FOR MONTH:   2.92    1 = FOG OR MIST
DPTR FM NORMAL:  -1.4   DPTR FM NORMAL:   -2.99    2 = FOG REDUCING VISIBILITY
HIGHEST:    63 ON 25    GRTST 24HR  0.91 ON 31- 1      TO 1/4 MILE OR LESS
LOWEST:     19 ON 16,15                            3 = THUNDER
                        SNOW, ICE PELLETS, HAIL    4 = ICE PELLETS
                        TOTAL MONTH:   0.0 INCH    5 = HAIL
                        GRTST 24HR     0.0         6 = FREEZING RAIN OR DRIZZLE
                        GRTST DEPTH:   0           7 = DUSTSTORM OR SANDSTORM:
                                                       VSBY 1/2 MILE OR LESS
                                                   8 = SMOKE OR HAZE
[NO. OF DAYS WITH]      [WEATHER - DAYS WITH]      9 = BLOWING SNOW
                                                   X = TORNADO
MAX 32 OR BELOW:   0    0.01 INCH OR MORE:  17
MAX 90 OR ABOVE:   0    0.10 INCH OR MORE:  10
MIN 32 OR BELOW:   8    0.50 INCH OR MORE:   2
MIN  0 OR BELOW:   0    1.00 INCH OR MORE:   0

[HDD (BASE 65) ]
TOTAL THIS MO.   591    CLEAR  (SCALE 0-3)   7
DPTR FM NORMAL    34    PTCLDY (SCALE 4-7)  12
TOTAL FM JUL 1   808    CLOUDY (SCALE 8-10) 11
DPTR FM NORMAL  -221

[CDD (BASE 65) ]
TOTAL THIS MO.     0
DPTR FM NORMAL     0    [PRESSURE DATA]
TOTAL FM JAN 1   531    HIGHEST SLP 30.53 ON 15
DPTR FM NORMAL   157    LOWEST  SLP 29.42 ON 21

[REMARKS]
#FINAL-11-14#




U.S. Dept. of Commerce
NOAA National Weather Service
1325 East West Highway
Silver Spring, MD 20910
E-mail: w-nws.webmaster@noaa.gov
Page last modified: May 16, 2007
NATIONAL WEATHER SERVICE: for Safety, for Work, for Fun - FOR LIFE