861
CXUS55 KLBF 311200
CF6VTN
PRELIMINARY LOCAL CLIMATOLOGICAL DATA (WS FORM: F-6)

                                          STATION:   VALENTINE NE
                                          MONTH:     JANUARY
                                          YEAR:      2015
                                          LATITUDE:   42 52 N
                                          LONGITUDE: 100 33 W

  TEMPERATURE IN F:       :PCPN:    SNOW:  WIND      :SUNSHINE: SKY     :PK WND
================================================================================
1   2   3   4   5  6A  6B    7    8   9   10  11  12  13   14  15   16   17  18
                                     12Z  AVG MX 2MIN
DY MAX MIN AVG DEP HDD CDD  WTR  SNW DPTH SPD SPD DIR MIN PSBL S-S WX    SPD DR
================================================================================

 1  27   6  17  -6  48   0 0.00  0.0    3 10.2 13 230   M    M   0        17 260
 2  36   2  19  -4  46   0 0.00  0.0    3  5.8 14 240   M    M   3 8      16 240
 3  33   1  17  -6  48   0 0.03  1.2    3 18.6 35 340   M    M   6 128    44 350
 4   7 -15  -4 -27  69   0 0.03  0.3    4  6.2 13 320   M    M   5 8      16 320
 5  38   4  21  -2  44   0    T    T    4 17.1 33 330   M    M   8 8      42 330
 6  20   0  10 -13  55   0    T    T    4 11.0 26 340   M    M   9 8      37 360
 7  16  -5   6 -17  59   0 0.00  0.0    4 13.8 30 210   M    M   3 8      38 210
 8  38   7  23   0  42   0    T    T    4 21.8 39 340   M    M   6 89     55 310
 9  14  -8   3 -20  62   0 0.00  0.0    3 10.1 21 290   M    M   0        25 310
10  36  -5  16  -7  49   0 0.00  0.0    3  8.0 20 200   M    M   0        22 200
11  19  -1   9 -14  56   0    T    T    3  7.6 18 360   M    M   4        23  10
12  14  -6   4 -19  61   0 0.00  0.0    3  5.0 13 170   M    M   1        16 180
13  30  11  21  -3  44   0 0.00  0.0    3 12.2 24 220   M    M   5        30 220
14  35   3  19  -5  46   0 0.00  0.0    3  8.2 14 240   M    M   0        16 240
15  42  15  29   5  36   0 0.00  0.0    3  9.1 15 280   M    M   0        19 300
16  43  21  32   8  33   0 0.00  0.0    2  9.4 17 250   M    M   1        20 270
17  43  28  36  12  29   0 0.00  0.0    1 14.5 28 290   M    M   2        40 280
18  49  20  35  11  30   0 0.00  0.0    1  8.1 16 290   M    M   1        20 290
19  50  27  39  15  26   0 0.00  0.0    1  9.6 21 310   M    M   3        26 290
20  44  25  35  11  30   0 0.00  0.0    T 12.4 28 290   M    M   2        38 300
21  33  17  25   1  40   0    T    T    T 11.0 21 330   M    M   8        29 320
22  43  13  28   4  37   0 0.00  0.0    T  8.5 23 240   M    M   0        28 240
23  49  18  34  10  31   0 0.00  0.0    T 11.2 23 320   M    M   2        29 320
24  50  26  38  14  27   0 0.02  0.0    T 16.2 36 310   M    M   5        48 320
25  46  30  38  14  27   0 0.00  0.0    T 12.9 33 320   M    M   4        49 310
26  62  30  46  22  19   0 0.00  0.0    T  9.2 21 320   M    M   0        27 330
27  72  27  50  26  15   0 0.00  0.0    T  6.8 13 220   M    M   0        15 230
28  62  33  48  24  17   0 0.00  0.0    0 17.9 35 340   M    M   3        46 320
29  45  20  33   9  32   0 0.00  0.0    0 12.2 29 330   M    M   5        41 330
30  53  18  36  12  29   0 0.00  0.0    0  6.8 24 210   M    M   0        29 210
================================================================================
SM 1149  362      1187   0  0.08     1.5 331.4          M       86
================================================================================
AV 38.3 12.1                              11.0 FASTST   M    M   3    MAX(MPH)
                                 MISC ---->  # 39 340               # 55  310
================================================================================
NOTES:
# LAST OF SEVERAL OCCURRENCES

COLUMN 17 PEAK WIND IN M.P.H.

PRELIMINARY LOCAL CLIMATOLOGICAL DATA (WS FORM: F-6) , PAGE 2

                                          STATION:  VALENTINE NE
                                          MONTH:    JANUARY
                                          YEAR:     2015
                                          LATITUDE:   42 52 N
                                          LONGITUDE: 100 33 W

[TEMPERATURE DATA]      [PRECIPITATION DATA]       SYMBOLS USED IN COLUMN 16

AVERAGE MONTHLY: 25.2   TOTAL FOR MONTH:   0.08    1 = FOG OR MIST
DPTR FM NORMAL:   1.6   DPTR FM NORMAL:   -0.17    2 = FOG REDUCING VISIBILITY
HIGHEST:    72 ON 27    GRTST 24HR  0.03 ON  4- 4      TO 1/4 MILE OR LESS
LOWEST:    -15 ON  4                               3 = THUNDER
                        SNOW, ICE PELLETS, HAIL    4 = ICE PELLETS
                        TOTAL MONTH:   1.5 INCHES  5 = HAIL
                        GRTST 24HR   1.2 ON   M    6 = FREEZING RAIN OR DRIZZLE
                        GRTST DEPTH:   4 ON  8, 7  7 = DUSTSTORM OR SANDSTORM:
                                                       VSBY 1/2 MILE OR LESS
                                                   8 = SMOKE OR HAZE
[NO. OF DAYS WITH]      [WEATHER - DAYS WITH]      9 = BLOWING SNOW
                                                   X = TORNADO
MAX 32 OR BELOW:   8    0.01 INCH OR MORE:   3
MAX 90 OR ABOVE:   0    0.10 INCH OR MORE:   0
MIN 32 OR BELOW:  29    0.50 INCH OR MORE:   0
MIN  0 OR BELOW:   7    1.00 INCH OR MORE:   0

[HDD (BASE 65) ]
TOTAL THIS MO.  1187    CLEAR  (SCALE 0-3)  19
DPTR FM NORMAL   -56    PTCLDY (SCALE 4-7)   9
TOTAL FM JUL 1  3993    CLOUDY (SCALE 8-10)  2
DPTR FM NORMAL  -145

[CDD (BASE 65) ]
TOTAL THIS MO.     0
DPTR FM NORMAL     0    [PRESSURE DATA]
TOTAL FM JAN 1     0    HIGHEST SLP M ON M
DPTR FM NORMAL     0    LOWEST  SLP 29.78 ON 17

[REMARKS]




U.S. Dept. of Commerce
NOAA National Weather Service
1325 East West Highway
Silver Spring, MD 20910
E-mail: w-nws.webmaster@noaa.gov
Page last modified: May 16, 2007
NATIONAL WEATHER SERVICE: for Safety, for Work, for Fun - FOR LIFE