862
CXUS55 KLBF 281200
CF6VTN
PRELIMINARY LOCAL CLIMATOLOGICAL DATA (WS FORM: F-6)

                                          STATION:   VALENTINE NE
                                          MONTH:     NOVEMBER
                                          YEAR:      2014
                                          LATITUDE:   42 52 N
                                          LONGITUDE: 100 33 W

  TEMPERATURE IN F:       :PCPN:    SNOW:  WIND      :SUNSHINE: SKY     :PK WND
================================================================================
1   2   3   4   5  6A  6B    7    8   9   10  11  12  13   14  15   16   17  18
                                     12Z  AVG MX 2MIN
DY MAX MIN AVG DEP HDD CDD  WTR  SNW DPTH SPD SPD DIR MIN PSBL S-S WX    SPD DR
================================================================================

 1  53  32  43   1  22   0 0.00  0.0    0 19.3 31 190   M    M   0        37 190
 2  73  36  55  14  10   0 0.00  0.0    0  6.1 15 200   M    M   0        21 200
 3  55  31  43   2  22   0 0.10  0.0    0 13.0 26 350   M    M   7 1      33 360
 4  60  26  43   3  22   0 0.00  0.0    0  9.5 22 290   M    M   M        28 260
 5  61  37  49   9  16   0 0.00  0.0    0 13.6 33 320   M    M   M        45 310
 6  63  25  44   5  21   0 0.00  0.0    0  8.8 20 190   M    M   1        26 210
 7  66  40  53  14  12   0 0.00  0.0    0 15.9 36 310   M    M   2        48 330
 8  62  26  44   6  21   0 0.00  0.0    0  7.6 20 250   M    M   0 8      24 250
 9  59  29  44   6  21   0 0.00  0.0    0  9.1 16  80   M    M   1        20  90
10  42  11  27 -10  38   0    T    T    0 17.9 30 350   M    M   8 18     38 350
11  13   3   8 -29  57   0    T    T    T 14.4 23 320   M    M   7 8      31 340
12  16   0   8 -28  57   0    T    T    T 16.4 26 320   M    M   5 8      34 320
13  21 -10   6 -30  59   0 0.00  0.0    T  7.2 17 320   M    M   1        23 310
14  28   3  16 -19  49   0 0.01    T    T 11.5 23 170   M    M   6 1      28 170
15  21 -13   4 -31  61   0 0.43  6.4    2 12.7 25 330   M    M   7 1      33 320
16  26 -13   7 -27  58   0    T    T    6 16.0 32 330   M    M   4 8      41 330
17  15  -5   5 -29  60   0    T    T    4 13.1 26 330   M    M   8 8      36 320
18  39 -14  13 -20  52   0 0.00  0.0    4 10.2 26 340   M    M   4        35 330
19  35  17  26  -6  39   0 0.00  0.0    4  9.8 28 330   M    M   8        37 320
20  34  12  23  -9  42   0 0.00  0.0    2  5.2 13 190   M    M   4        17 190
21  52  24  38   6  27   0 0.00  0.0    1  7.0 15 210   M    M   0        20 200
22  66  21  44  13  21   0 0.01  0.0    T 10.5 31 260   M    M   2        39 250
23  47  31  39   9  26   0    T    T    T 21.0 39 320   M    M   5        51 320
24  35  16  26  -4  39   0 0.00  0.0    T 12.5 23 330   M    M   1 1      31 320
25  44  19  32   2  33   0    T    T    0 10.6 25 300   M    M   6        37 310
26  36  21  29   0  36   0    T    T    0 12.5 36 330   M    M   8 1      45 330
27  45  20  33   4  32   0 0.00  0.0    0 10.0 18 160   M    M   5        22 160
================================================================================
SM 1167  425       953   0  0.55     6.4 321.4          M      100
================================================================================
AV 43.2 15.7                              11.9 FASTST   M    M   4    MAX(MPH)
                                 MISC ---->  # 39 320               # 51  320
================================================================================
NOTES:
# LAST OF SEVERAL OCCURRENCES

COLUMN 17 PEAK WIND IN M.P.H.

PRELIMINARY LOCAL CLIMATOLOGICAL DATA (WS FORM: F-6) , PAGE 2

                                          STATION:  VALENTINE NE
                                          MONTH:    NOVEMBER
                                          YEAR:     2014
                                          LATITUDE:   42 52 N
                                          LONGITUDE: 100 33 W

[TEMPERATURE DATA]      [PRECIPITATION DATA]       SYMBOLS USED IN COLUMN 16

AVERAGE MONTHLY: 29.5   TOTAL FOR MONTH:   0.55    1 = FOG OR MIST
DPTR FM NORMAL:  -5.7   DPTR FM NORMAL:   -0.06    2 = FOG REDUCING VISIBILITY
HIGHEST:    73 ON  2    GRTST 24HR  0.44 ON 14-15      TO 1/4 MILE OR LESS
LOWEST:    -14 ON 18                               3 = THUNDER
                        SNOW, ICE PELLETS, HAIL    4 = ICE PELLETS
                        TOTAL MONTH:   6.4 INCHES  5 = HAIL
                        GRTST 24HR   6.4 ON   M    6 = FREEZING RAIN OR DRIZZLE
                        GRTST DEPTH:   6 ON 16     7 = DUSTSTORM OR SANDSTORM:
                                                       VSBY 1/2 MILE OR LESS
                                                   8 = SMOKE OR HAZE
[NO. OF DAYS WITH]      [WEATHER - DAYS WITH]      9 = BLOWING SNOW
                                                   X = TORNADO
MAX 32 OR BELOW:   7    0.01 INCH OR MORE:   4
MAX 90 OR ABOVE:   0    0.10 INCH OR MORE:   2
MIN 32 OR BELOW:  24    0.50 INCH OR MORE:   0
MIN  0 OR BELOW:   6    1.00 INCH OR MORE:   0

[HDD (BASE 65) ]
TOTAL THIS MO.   953    CLEAR  (SCALE 0-3)  10
DPTR FM NORMAL   149    PTCLDY (SCALE 4-7)  14
TOTAL FM JUL 1  1508    CLOUDY (SCALE 8-10)  1
DPTR FM NORMAL     2

[CDD (BASE 65) ]
TOTAL THIS MO.     0
DPTR FM NORMAL     0    [PRESSURE DATA]
TOTAL FM JAN 1   724    HIGHEST SLP M ON M
DPTR FM NORMAL   -97    LOWEST  SLP 29.31 ON 10

[REMARKS]




U.S. Dept. of Commerce
NOAA National Weather Service
1325 East West Highway
Silver Spring, MD 20910
E-mail: w-nws.webmaster@noaa.gov
Page last modified: May 16, 2007
NATIONAL WEATHER SERVICE: for Safety, for Work, for Fun - FOR LIFE