311
CXUS55 KLBF 011306
CF6VTN
PRELIMINARY LOCAL CLIMATOLOGICAL DATA (WS FORM: F-6)

                                          STATION:   VALENTINE NE
                                          MONTH:     AUGUST
                                          YEAR:      2014
                                          LATITUDE:   42 52 N
                                          LONGITUDE: 100 33 W

  TEMPERATURE IN F:       :PCPN:    SNOW:  WIND      :SUNSHINE: SKY     :PK WND
================================================================================
1   2   3   4   5  6A  6B    7    8   9   10  11  12  13   14  15   16   17  18
                                     12Z  AVG MX 2MIN
DY MAX MIN AVG DEP HDD CDD  WTR  SNW DPTH SPD SPD DIR MIN PSBL S-S WX    SPD DR
================================================================================

 1  94  53  74  -1   0   9 0.29  0.0    0  6.3 24 310   M    M   1 13     38 310
 2  91  64  78   3   0  13    T  0.0    0  9.7 21 200   M    M   0        26 200
 3  91  56  74  -1   0   9 0.00  0.0    0  7.5 17 120   M    M   0 1      25 120
 4  88  66  77   2   0  12 0.14  0.0    0 12.5 23 110   M    M   2 13     29 100
 5  85  66  76   1   0  11 0.05  0.0    0 15.3 24  90   M    M   9 13     30 100
 6  79  65  72  -3   0   7 0.24  0.0    0  8.7 18 120   M    M   9 13     21 120
 7  85  65  75   1   0  10 0.00  0.0    0  5.8 16 110   M    M   6 8      20  90
 8  82  54  68  -6   0   3 0.76  0.0    0  5.0 33 270   M    M   4 13     46 280
 9  82  57  70  -4   0   5 0.00  0.0    0  5.8 15 100   M    M   5 12     19 110
10  82  63  73  -1   0   8    T  0.0    0  8.8 21 360   M    M   2 1      26 360
11  80  51  66  -8   0   1 0.00  0.0    0  6.4 16  30   M    M   0        21  10
12  87  51  69  -5   0   4 0.00  0.0    0  6.0 13 110   M    M   0        16 140
13  90  62  76   2   0  11 0.00  0.0    0 12.4 24 160   M    M   1        30 170
14  93  64  79   5   0  14 0.07  0.0    0 11.8 29 180   M    M   1        35 190
15  87  65  76   3   0  11    T  0.0    0  6.2 16 290   M    M   3        21 310
16  90  62  76   3   0  11 0.00  0.0    0  9.1 21 290   M    M   0        29 330
17  89  57  73   0   0   8    T  0.0    0  7.6 29 100   M    M   2 3      36  90
18  89  55  72  -1   0   7 0.00  0.0    0  7.9 20 310   M    M   0        24 330
19  92  56  74   1   0   9 0.00  0.0    0  8.9 20 160   M    M   1 3      24 140
20  92  62  77   5   0  12 0.00  0.0    0  7.6 21 190   M    M   0 3      25 190
21  90  63  77   5   0  12 0.00  0.0    0  7.7 17  20   M    M   0        21 360
22  82  63  73   1   0   8 0.01  0.0    0  4.6 16 160   M    M   2 13     17 160
23  82  63  73   1   0   8 0.50  0.0    0  9.8 22 160   M    M   6 13     25 170
24  84  56  70  -2   0   5 0.00  0.0    0  9.4 24 290   M    M   1        29 360
25  76  49  63  -8   2   0 0.00  0.0    0  6.0 14 350   M    M   0        18 340
26  82  52  67  -4   0   2 0.00  0.0    0  8.8 21 150   M    M   2        25 150
27  79  66  73   2   0   8 0.14  0.0    0  8.2 21 160   M    M   8 13     25 150
28  78  62  70   0   0   5 0.21  0.0    0  7.2 28 340   M    M   8 13     35 330
29  84  56  70   0   0   5 0.00  0.0    0  9.0 24 340   M    M   1        31 320
30  86  51  69  -1   0   4 0.00  0.0    0 10.4 33 200   M    M   2 12     41 240
31  76  55  66  -3   0   1 0.21  0.0    0  7.5 24 300   M    M   2 13     31 290
================================================================================
SM 2647 1830         2 233  2.62     0.0 257.9          M       78
================================================================================
AV 85.4 59.0                               8.3 FASTST   M    M   3    MAX(MPH)
                                 MISC ---->  # 33 270               # 46  280
================================================================================
NOTES:
# LAST OF SEVERAL OCCURRENCES

COLUMN 17 PEAK WIND IN M.P.H.

PRELIMINARY LOCAL CLIMATOLOGICAL DATA (WS FORM: F-6) , PAGE 2

                                          STATION:  VALENTINE NE
                                          MONTH:    AUGUST
                                          YEAR:     2014
                                          LATITUDE:   42 52 N
                                          LONGITUDE: 100 33 W

[TEMPERATURE DATA]      [PRECIPITATION DATA]       SYMBOLS USED IN COLUMN 16

AVERAGE MONTHLY: 72.2   TOTAL FOR MONTH:   2.62    1 = FOG OR MIST
DPTR FM NORMAL:  -0.6   DPTR FM NORMAL:    0.44    2 = FOG REDUCING VISIBILITY
HIGHEST:    94 ON  1    GRTST 24HR  0.76 ON  7- 8      TO 1/4 MILE OR LESS
LOWEST:     49 ON 25                               3 = THUNDER
                        SNOW, ICE PELLETS, HAIL    4 = ICE PELLETS
                        TOTAL MONTH:   0.0 INCH    5 = HAIL
                        GRTST 24HR     0.0         6 = FREEZING RAIN OR DRIZZLE
                        GRTST DEPTH:   0           7 = DUSTSTORM OR SANDSTORM:
                                                       VSBY 1/2 MILE OR LESS
                                                   8 = SMOKE OR HAZE
[NO. OF DAYS WITH]      [WEATHER - DAYS WITH]      9 = BLOWING SNOW
                                                   X = TORNADO
MAX 32 OR BELOW:   0    0.01 INCH OR MORE:  11
MAX 90 OR ABOVE:   9    0.10 INCH OR MORE:   8
MIN 32 OR BELOW:   0    0.50 INCH OR MORE:   2
MIN  0 OR BELOW:   0    1.00 INCH OR MORE:   0

[HDD (BASE 65) ]
TOTAL THIS MO.     2    CLEAR  (SCALE 0-3)  23
DPTR FM NORMAL   -15    PTCLDY (SCALE 4-7)   6
TOTAL FM JUL 1    21    CLOUDY (SCALE 8-10)  2
DPTR FM NORMAL    -4

[CDD (BASE 65) ]
TOTAL THIS MO.   233
DPTR FM NORMAL   -28    [PRESSURE DATA]
TOTAL FM JAN 1   635    HIGHEST SLP 30.26 ON 11
DPTR FM NORMAL  -101    LOWEST  SLP 29.63 ON 31

[REMARKS]
#FINAL-08-14#




U.S. Dept. of Commerce
NOAA National Weather Service
1325 East West Highway
Silver Spring, MD 20910
E-mail: w-nws.webmaster@noaa.gov
Page last modified: May 16, 2007
NATIONAL WEATHER SERVICE: for Safety, for Work, for Fun - FOR LIFE