821
CXUS51 KBTV 010700
CF6VSF
PRELIMINARY LOCAL CLIMATOLOGICAL DATA (WS FORM: F-6)

                                          STATION:   SPRINGFIELD VT
                                          MONTH:     NOVEMBER
                                          YEAR:      2014
                                          LATITUDE:   43 19 N
                                          LONGITUDE:  72 31 W

  TEMPERATURE IN F:       :PCPN:    SNOW:  WIND      :SUNSHINE: SKY     :PK WND
================================================================================
1   2   3   4   5  6A  6B    7    8   9   10  11  12  13   14  15   16   17  18
                                     12Z  AVG MX 2MIN
DY MAX MIN AVG DEP HDD CDD  WTR  SNW DPTH SPD SPD DIR MIN PSBL S-S WX    SPD DR
================================================================================

 1  42  31  37  -5  28   0 0.02    M    0  3.8 12  20   M    M   7        17 350
 2  42  35  39  -3  26   0 0.00  0.0    M 10.7 24 320   M    M   4        35 290
 3  50  27  39  -3  26   0 0.00  0.0    0  6.8 21 290   M    M   1        32 350
 4  57  27  42   1  23   0 0.00  0.0    0  1.2  9 150   M    M   5 8      12 160
 5  58  30  44   3  21   0 0.00  0.0    0  3.8 21 250   M    M   3 1      27 260
 6  46  30  38  -3  27   0 0.34    M    0  0.8  8  10   M    M   7 1      13  20
 7  41  35  38  -2  27   0    T    M    0  6.8 17 310   M    M  10        25 320
 8  44  31  38  -2  27   0 0.00  0.0    0  4.4 15 300   M    M   5        21 290
 9  50  27  39  -1  26   0 0.00  0.0    0  3.1 17 280   M    M   6 1      25 280
10  52  25  39   0  26   0 0.00  0.0    0  0.6  9 170   M    M   2 1      11 150
11  58  26  42   3  23   0 0.00  0.0    0  3.6 16 160   M    M   3 1      24 170
12  60  36  48   9  17   0 0.00  0.0    0  4.7 20 260   M    M   6 12     27 250
13  42  28  35  -3  30   0    T    M    0  3.2 12 330   M    M   5        16 330
14  39  27  33  -5  32   0    T    M    0  5.8 18 270   M    M   6        27 270
15  37  20  29  -9  36   0    T    M    0  4.6 15 270   M    M   3        25 280
16  39  19  29  -8  36   0 0.00  0.0    0  2.9 13 180   M    M   7        17 170
17  34  28  31  -6  34   0 1.03    M    0  0.3  7 170   M    M   9 126    11 180
18  37  21  29  -7  36   0    T    M    0 10.6 22 250   M    M   5        31 250
19  30  16  23 -13  42   0 0.00  0.0    0  6.2 21 260   M    M   5        32 250
20  38  18  28  -8  37   0 0.00  0.0    0  4.8 21 270   M    M   6        26 260
21  30  16  23 -12  42   0    T    M    0  7.6 17 280   M    M   3        26 310
22  43  14  29  -6  36   0    T    M    0  3.9 13 140   M    M   5 18     17 130
23  56  31  44  10  21   0 0.02    M    0  3.5 10 200   M    M   7 1      14 180
24  62  32  47  13  18   0 0.49    M    0  2.1 14 180   M    M   6 1      20 180
25  58  29  44  10  21   0 0.00  0.0    0  5.0 20 240   M    M   2 12     29 250
26  41  30  36   3  29   0 0.62    M    0  3.9 10  20   M    M   7 12     22 360
27   M   M   M   M   M   M    M    M    M   M   M   M   M    M   M         M  M
28   M   M   M   M   M   M    M    M    M   M   M   M   M    M   M         M  M
29   M   M   M   M   M   M    M    M    M   M   M   M   M    M   M         M  M
30   M   M   M   M   M   M    M    M    M   M   M   M   M    M   M         M  M
================================================================================
SM 1186  689       747   0  2.52     0.0 114.7          M      135
================================================================================
AV 45.6 26.5                               4.4 FASTST   M    M   5    MAX(MPH)
                                 MISC ---->  # 24 320               # 35  290
================================================================================
NOTES:
# LAST OF SEVERAL OCCURRENCES

COLUMN 17 PEAK WIND IN M.P.H.

PRELIMINARY LOCAL CLIMATOLOGICAL DATA (WS FORM: F-6) , PAGE 2

                                          STATION:  SPRINGFIELD VT
                                          MONTH:    NOVEMBER
                                          YEAR:     2014
                                          LATITUDE:   43 19 N
                                          LONGITUDE:  72 31 W

[TEMPERATURE DATA]      [PRECIPITATION DATA]       SYMBOLS USED IN COLUMN 16

AVERAGE MONTHLY: 36.1   TOTAL FOR MONTH:   2.52    1 = FOG OR MIST
DPTR FM NORMAL:  -1.1   DPTR FM NORMAL:   -1.51    2 = FOG REDUCING VISIBILITY
HIGHEST:    62 ON 24    GRTST 24HR  1.03 ON 17-17      TO 1/4 MILE OR LESS
LOWEST:     14 ON 22                               3 = THUNDER
                        SNOW, ICE PELLETS, HAIL    4 = ICE PELLETS
                        TOTAL MONTH:   0.0 INCH    5 = HAIL
                        GRTST 24HR     0.0         6 = FREEZING RAIN OR DRIZZLE
                        GRTST DEPTH:   0           7 = DUSTSTORM OR SANDSTORM:
                                                       VSBY 1/2 MILE OR LESS
                                                   8 = SMOKE OR HAZE
[NO. OF DAYS WITH]      [WEATHER - DAYS WITH]      9 = BLOWING SNOW
                                                   X = TORNADO
MAX 32 OR BELOW:   2    0.01 INCH OR MORE:   6
MAX 90 OR ABOVE:   0    0.10 INCH OR MORE:   4
MIN 32 OR BELOW:  23    0.50 INCH OR MORE:   2
MIN  0 OR BELOW:   0    1.00 INCH OR MORE:   1

[HDD (BASE 65) ]
TOTAL THIS MO.   747    CLEAR  (SCALE 0-3)   6
DPTR FM NORMAL   -87    PTCLDY (SCALE 4-7)  18
TOTAL FM JUL 1  1403    CLOUDY (SCALE 8-10)  2
DPTR FM NORMAL  -240

[CDD (BASE 65) ]
TOTAL THIS MO.     0
DPTR FM NORMAL     0    [PRESSURE DATA]
TOTAL FM JAN 1   282    HIGHEST SLP M ON M
DPTR FM NORMAL   -63    LOWEST  SLP 29.46 ON 17

[REMARKS]
#FINAL-11-14#




U.S. Dept. of Commerce
NOAA National Weather Service
1325 East West Highway
Silver Spring, MD 20910
E-mail: w-nws.webmaster@noaa.gov
Page last modified: May 16, 2007
NATIONAL WEATHER SERVICE: for Safety, for Work, for Fun - FOR LIFE