550
CXUS52 KMLB 271245
CF6VRB
PRELIMINARY LOCAL CLIMATOLOGICAL DATA (WS FORM: F-6)

                                          STATION:   VERO BEACH
                                          MONTH:     NOVEMBER
                                          YEAR:      2014
                                          LATITUDE:   27 39 N
                                          LONGITUDE:  80 25 W

  TEMPERATURE IN F:       :PCPN:    SNOW:  WIND      :SUNSHINE: SKY     :PK WND
================================================================================
1   2   3   4   5  6A  6B    7    8   9   10  11  12  13   14  15   16   17  18
                                     12Z  AVG MX 2MIN
DY MAX MIN AVG DEP HDD CDD  WTR  SNW DPTH SPD SPD DIR MIN PSBL S-S WX    SPD DR
================================================================================

 1  66  45  56 -17   9   0 0.00  0.0    0 12.3 32 290   M    M   0        41 280
 2  65  41  53 -20  12   0 0.00  0.0    0 10.1 18 340   M    M   0        24 340
 3  74  47  61 -12   4   0 0.00  0.0    0  9.5 20  60   M    M   6        24  50
 4  79  66  73   1   0   8    T  0.0    0 11.6 24  90   M    M   5        25 100
 5  80  70  75   3   0  10    T  0.0    0  9.6 17  80   M    M   5        23  70
 6  80  62  71  -1   0   6    T  0.0    0   M   M   M   M    M   4         M  M
 7  76  60  68  -4   0   3 0.00  0.0    0  7.0 16  30   M    M   2        22  10
 8  79  54  67  -5   0   2 0.23  0.0    0  6.0 20 280   M    M   5 18     25 270
 9  65  59  62  -9   3   0 0.59  0.0    0  7.3 13 330   M    M   9 1      17 310
10  75  59  67  -4   0   2 0.02  0.0    0  7.9 16 330   M    M   5 13     22 320
11  78  54  66  -5   0   1 0.00  0.0    0  8.8 17 310   M    M   2        24 300
12  78  55  67  -4   0   2 0.00  0.0    0  8.4 16 360   M    M   0        22 340
13  78  52  65  -6   0   0 0.00  0.0    0  3.0  9  50   M    M   0 1      16  40
14  74  56  65  -5   0   0 0.00  0.0    0  6.1 14 330   M    M   5 128    17  10
15  75  56  66  -4   0   1 0.00  0.0    0  5.8 12  10   M    M   2 8      16  20
16  79  54  67  -3   0   2 0.00  0.0    0  5.7 16 120   M    M   0 12     19 120
17  86  64  75   5   0  10 0.01  0.0    0 11.3 35 290   M    M   5 1      44 270
18  68  48  58 -12   7   0 0.02  0.0    0 11.9 21 350   M    M   8 1      26 350
19  65  45  55 -15  10   0 0.00  0.0    0 12.0 24 350   M    M   6        28 350
20  70  51  61  -8   4   0 0.00  0.0    0 10.0 22 350   M    M   0 1      28 350
21  74  51  63  -6   2   0 0.00  0.0    0 11.8 22  60   M    M   6        26  60
22  73  70  72   3   0   7 0.23  0.0    0 15.3 23 110   M    M  10 18     28 100
23  83  71  77   8   0  12 0.02  0.0    0 13.6 24 160   M    M   7 18     31 120
24  86  71  79  10   0  14 0.00  0.0    0  7.5 16 240   M    M   4 1      22 200
25  84  73  79  11   0  14 0.10  0.0    0  9.6 21 140   M    M   7 13     26 140
26  76  45  61  -7   4   0 1.38  0.0    0 10.4 30 290   M    M   6 13     37 290
================================================================================
SM 1966 1479        55  94  2.60     0.0 232.5          M      109
================================================================================
AV 75.6 56.9                               9.3 FASTST   M    M   4    MAX(MPH)
                                 MISC ---->  # 35 290               # 44  270
================================================================================
NOTES:
# LAST OF SEVERAL OCCURRENCES

COLUMN 17 PEAK WIND IN M.P.H.

PRELIMINARY LOCAL CLIMATOLOGICAL DATA (WS FORM: F-6) , PAGE 2

                                          STATION:  VERO BEACH
                                          MONTH:    NOVEMBER
                                          YEAR:     2014
                                          LATITUDE:   27 39 N
                                          LONGITUDE:  80 25 W

[TEMPERATURE DATA]      [PRECIPITATION DATA]       SYMBOLS USED IN COLUMN 16

AVERAGE MONTHLY: 66.2   TOTAL FOR MONTH:   2.60    1 = FOG OR MIST
DPTR FM NORMAL:  -4.3   DPTR FM NORMAL:   -0.29    2 = FOG REDUCING VISIBILITY
HIGHEST:    86 ON 24,17 GRTST 24HR  1.48 ON 25-26      TO 1/4 MILE OR LESS
LOWEST:     41 ON  2                               3 = THUNDER
                        SNOW, ICE PELLETS, HAIL    4 = ICE PELLETS
                        TOTAL MONTH:   0.0 INCH    5 = HAIL
                        GRTST 24HR     0.0         6 = FREEZING RAIN OR DRIZZLE
                        GRTST DEPTH:   0           7 = DUSTSTORM OR SANDSTORM:
                                                       VSBY 1/2 MILE OR LESS
                                                   8 = SMOKE OR HAZE
[NO. OF DAYS WITH]      [WEATHER - DAYS WITH]      9 = BLOWING SNOW
                                                   X = TORNADO
MAX 32 OR BELOW:   0    0.01 INCH OR MORE:   9
MAX 90 OR ABOVE:   0    0.10 INCH OR MORE:   5
MIN 32 OR BELOW:   0    0.50 INCH OR MORE:   2
MIN  0 OR BELOW:   0    1.00 INCH OR MORE:   1

[HDD (BASE 65) ]
TOTAL THIS MO.    55    CLEAR  (SCALE 0-3)   9
DPTR FM NORMAL    36    PTCLDY (SCALE 4-7)  14
TOTAL FM JUL 1    55    CLOUDY (SCALE 8-10)  3
DPTR FM NORMAL    33

[CDD (BASE 65) ]
TOTAL THIS MO.    94
DPTR FM NORMAL   -70    [PRESSURE DATA]
TOTAL FM JAN 1  3154    HIGHEST SLP M ON M
DPTR FM NORMAL  -138    LOWEST  SLP 29.82 ON 26

[REMARKS]




U.S. Dept. of Commerce
NOAA National Weather Service
1325 East West Highway
Silver Spring, MD 20910
E-mail: w-nws.webmaster@noaa.gov
Page last modified: May 16, 2007
NATIONAL WEATHER SERVICE: for Safety, for Work, for Fun - FOR LIFE