724
CXUS52 KMLB 301224
CF6VRB
PRELIMINARY LOCAL CLIMATOLOGICAL DATA (WS FORM: F-6)

                                          STATION:   VERO BEACH
                                          MONTH:     JULY
                                          YEAR:      2014
                                          LATITUDE:   27 39 N
                                          LONGITUDE:  80 25 W

  TEMPERATURE IN F:       :PCPN:    SNOW:  WIND      :SUNSHINE: SKY     :PK WND
================================================================================
1   2   3   4   5  6A  6B    7    8   9   10  11  12  13   14  15   16   17  18
                                     12Z  AVG MX 2MIN
DY MAX MIN AVG DEP HDD CDD  WTR  SNW DPTH SPD SPD DIR MIN PSBL S-S WX    SPD DR
================================================================================

 1  84  73  79  -2   0  14 0.10  0.0    0 13.1 25 340   M    M   7 18     33 340
 2  92  73  83   2   0  18    T  0.0    0 11.2 30 200   M    M   2 3      40 200
 3  93  74  84   3   0  19 0.00  0.0    0  9.9 18 230   M    M   2 13     23 200
 4  91  72  82   1   0  17 0.22  0.0    0  5.2 20 140   M    M   2 13     27 150
 5  88  70  79  -2   0  14 0.00  0.0    0  5.0 26 180   M    M   1 13     33 180
 6  84  72  78  -3   0  13 0.78  0.0    0  4.6 17 130   M    M   3 13     21 130
 7  85  70  78  -3   0  13    T  0.0    0  3.0 16 150   M    M   2 3      21 150
 8  88  71  80  -1   0  15 0.50  0.0    0  3.5 25 290   M    M   3 13     30 290
 9  87  69  78  -4   0  13 0.16  0.0    0  5.0 18 160   M    M   2 13     22 160
10  86  72  79  -3   0  14    T  0.0    0  5.6 16 160   M    M   1 3      21 130
11  88  70  79  -3   0  14 0.00  0.0    0  6.8 15 120   M    M   1 3      19 120
12  88  73  81  -1   0  16 0.00  0.0    0  7.1 18 120   M    M   2        23 130
13  88  73  81  -1   0  16 0.11  0.0    0  5.7 18 110   M    M   2 38     25 100
14  88  71  80  -2   0  15 0.00  0.0    0  6.4 17 130   M    M   2 13     21 130
15  88  72  80  -2   0  15 0.06  0.0    0  5.0 23 140   M    M   2 13     30 130
16  88  71  80  -2   0  15 0.31  0.0    0  7.2 22 270   M    M   2 13     30 240
17  89  74  82   0   0  17 0.04  0.0    0  7.2 23 230   M    M   2 13     28 260
18  88  71  80  -2   0  15 0.04  0.0    0  4.4 14  60   M    M   2 18     17  60
19  87  71  79  -3   0  14 0.27  0.0    0  5.7 13  90   M    M   2 12     16 100
20  89  74  82   0   0  17 0.00  0.0    0  5.0 13  90   M    M   2 13     17 120
21  87  72  80  -2   0  15 2.12  0.0    0  5.0 18 320   M    M   4 13     23 320
22  88  72  80  -2   0  15 0.37  0.0    0  3.5 14  90   M    M   3 13     17  90
23  86  71  79  -3   0  14 0.01  0.0    0  5.1 15 120   M    M   1 13     17 120
24  90  74  82   0   0  17 0.98  0.0    0  6.8 22 300   M    M   3 13     27 300
25  89  72  81  -1   0  16 0.01  0.0    0  5.4 16 140   M    M   3 3      22 130
26  91  72  82   0   0  17 0.01  0.0    0  5.6 23 140   M    M   2 3      28 190
27  91  74  83   1   0  18 0.00  0.0    0  6.0 15 150   M    M   2 3      19 140
28  94  75  85   3   0  20 0.00  0.0    0  8.2 16 250   M    M   2        24 240
29  93  74  84   2   0  19 0.05  0.0    0  7.8 35 260   M    M   2 13     44 260
================================================================================
SM 2568 2092         0 455  6.14     0.0 180.0          M       66
================================================================================
AV 88.6 72.1                               6.2 FASTST   M    M   2    MAX(MPH)
                                 MISC ---->  # 35 260               # 44  260
================================================================================
NOTES:
# LAST OF SEVERAL OCCURRENCES

COLUMN 17 PEAK WIND IN M.P.H.

PRELIMINARY LOCAL CLIMATOLOGICAL DATA (WS FORM: F-6) , PAGE 2

                                          STATION:  VERO BEACH
                                          MONTH:    JULY
                                          YEAR:     2014
                                          LATITUDE:   27 39 N
                                          LONGITUDE:  80 25 W

[TEMPERATURE DATA]      [PRECIPITATION DATA]       SYMBOLS USED IN COLUMN 16

AVERAGE MONTHLY: 80.3   TOTAL FOR MONTH:   6.14    1 = FOG OR MIST
DPTR FM NORMAL:  -1.4   DPTR FM NORMAL:    0.86    2 = FOG REDUCING VISIBILITY
HIGHEST:    94 ON 28    GRTST 24HR  2.28 ON 21-22      TO 1/4 MILE OR LESS
LOWEST:     69 ON  9                               3 = THUNDER
                        SNOW, ICE PELLETS, HAIL    4 = ICE PELLETS
                        TOTAL MONTH:   0.0 INCH    5 = HAIL
                        GRTST 24HR     0.0         6 = FREEZING RAIN OR DRIZZLE
                        GRTST DEPTH:   0           7 = DUSTSTORM OR SANDSTORM:
                                                       VSBY 1/2 MILE OR LESS
                                                   8 = SMOKE OR HAZE
[NO. OF DAYS WITH]      [WEATHER - DAYS WITH]      9 = BLOWING SNOW
                                                   X = TORNADO
MAX 32 OR BELOW:   0    0.01 INCH OR MORE:  18
MAX 90 OR ABOVE:   8    0.10 INCH OR MORE:  11
MIN 32 OR BELOW:   0    0.50 INCH OR MORE:   4
MIN  0 OR BELOW:   0    1.00 INCH OR MORE:   1

[HDD (BASE 65) ]
TOTAL THIS MO.     0    CLEAR  (SCALE 0-3)  27
DPTR FM NORMAL     0    PTCLDY (SCALE 4-7)   2
TOTAL FM JUL 1     0    CLOUDY (SCALE 8-10)  0
DPTR FM NORMAL     0

[CDD (BASE 65) ]
TOTAL THIS MO.   455
DPTR FM NORMAL   -29    [PRESSURE DATA]
TOTAL FM JAN 1  1815    HIGHEST SLP M ON M
DPTR FM NORMAL    69    LOWEST  SLP 29.86 ON  2

[REMARKS]




U.S. Dept. of Commerce
NOAA National Weather Service
1325 East West Highway
Silver Spring, MD 20910
E-mail: w-nws.webmaster@noaa.gov
Page last modified: May 16, 2007
NATIONAL WEATHER SERVICE: for Safety, for Work, for Fun - FOR LIFE