070
CXUS52 KMLB 221108
CF6VRB
PRELIMINARY LOCAL CLIMATOLOGICAL DATA (WS FORM: F-6)

                                          STATION:   VERO BEACH
                                          MONTH:     SEPTEMBER
                                          YEAR:      2014
                                          LATITUDE:   27 39 N
                                          LONGITUDE:  80 25 W

  TEMPERATURE IN F:       :PCPN:    SNOW:  WIND      :SUNSHINE: SKY     :PK WND
================================================================================
1   2   3   4   5  6A  6B    7    8   9   10  11  12  13   14  15   16   17  18
                                     12Z  AVG MX 2MIN
DY MAX MIN AVG DEP HDD CDD  WTR  SNW DPTH SPD SPD DIR MIN PSBL S-S WX    SPD DR
================================================================================

 1  88  72  80  -1   0  15 0.01  0.0    0  5.9 14  80   M    M   1        19 110
 2  89  72  81   0   0  16 0.00  0.0    0  6.1 16 110   M    M   2        21 100
 3  87  70  79  -2   0  14 0.20  0.0    0  6.9 20 180   M    M   3 18     24 130
 4  85  71  78  -3   0  13 0.12  0.0    0  4.1 17 210   M    M   3 13     21 220
 5  88  72  80  -1   0  15 0.05  0.0    0  3.3 14 200   M    M   3 13     17 200
 6  88  71  80  -1   0  15 0.43  0.0    0  4.3 17 120   M    M   2 13     22 120
 7  87  72  80  -1   0  15 0.01  0.0    0  5.4 21 240   M    M   1 13     25 250
 8  88  70  79  -2   0  14    T  0.0    0  5.6 20 170   M    M   2 3      24 160
 9  87  72  80  -1   0  15 0.00  0.0    0  6.4 16 120   M    M   1 3      20 130
10  86  72  79  -2   0  14 0.05  0.0    0  5.9 14 120   M    M   2 18     19  90
11  85  72  79  -2   0  14 0.23  0.0    0  5.6 18  50   M    M   4 138    25  60
12  86  77  82   1   0  17 0.00  0.0    0 10.7 18 120   M    M   4        23 130
13  85  72  79  -2   0  14 0.18  0.0    0  6.8 18 160   M    M   1 1      24 150
14  86  69  78  -3   0  13 1.50  0.0    0  5.5 21 240   M    M   2 13     27 230
15  88  68  78  -3   0  13 0.03  0.0    0  4.6 13  50   M    M   1 1      16  40
16  87  71  79  -2   0  14 0.14  0.0    0  4.8 23 280   M    M   3 13     27 290
17  84  71  78  -3   0  13 0.00  0.0    0  7.7 17 280   M    M   2        22 260
18  86  71  79  -2   0  14 0.00  0.0    0  5.7 12  60   M    M   5 18     15  30
19  86  71  79  -2   0  14 0.54  0.0    0  4.6 17 150   M    M   5 1      20 150
20  81  71  76  -4   0  11 0.36  0.0    0  6.7 22 230   M    M   6 1      27 240
21  84  68  76  -4   0  11 1.43  0.0    0  3.8 23 350   M    M   5 1238   28 350
================================================================================
SM 1811 1495         0 294  5.28     0.0 120.4          M       58
================================================================================
AV 86.2 71.2                               5.7 FASTST   M    M   3    MAX(MPH)
                                 MISC ---->  # 23 280               # 28  350
================================================================================
NOTES:
# LAST OF SEVERAL OCCURRENCES

COLUMN 17 PEAK WIND IN M.P.H.

PRELIMINARY LOCAL CLIMATOLOGICAL DATA (WS FORM: F-6) , PAGE 2

                                          STATION:  VERO BEACH
                                          MONTH:    SEPTEMBER
                                          YEAR:     2014
                                          LATITUDE:   27 39 N
                                          LONGITUDE:  80 25 W

[TEMPERATURE DATA]      [PRECIPITATION DATA]       SYMBOLS USED IN COLUMN 16

AVERAGE MONTHLY: 78.7   TOTAL FOR MONTH:   5.28    1 = FOG OR MIST
DPTR FM NORMAL:  -2.2   DPTR FM NORMAL:    0.52    2 = FOG REDUCING VISIBILITY
HIGHEST:    89 ON  2    GRTST 24HR  1.50 ON 14-14      TO 1/4 MILE OR LESS
LOWEST:     68 ON 21,15                            3 = THUNDER
                        SNOW, ICE PELLETS, HAIL    4 = ICE PELLETS
                        TOTAL MONTH:   0.0 INCH    5 = HAIL
                        GRTST 24HR     0.0         6 = FREEZING RAIN OR DRIZZLE
                        GRTST DEPTH:   0           7 = DUSTSTORM OR SANDSTORM:
                                                       VSBY 1/2 MILE OR LESS
                                                   8 = SMOKE OR HAZE
[NO. OF DAYS WITH]      [WEATHER - DAYS WITH]      9 = BLOWING SNOW
                                                   X = TORNADO
MAX 32 OR BELOW:   0    0.01 INCH OR MORE:  15
MAX 90 OR ABOVE:   0    0.10 INCH OR MORE:  10
MIN 32 OR BELOW:   0    0.50 INCH OR MORE:   3
MIN  0 OR BELOW:   0    1.00 INCH OR MORE:   2

[HDD (BASE 65) ]
TOTAL THIS MO.     0    CLEAR  (SCALE 0-3)  14
DPTR FM NORMAL     0    PTCLDY (SCALE 4-7)   7
TOTAL FM JUL 1     0    CLOUDY (SCALE 8-10)  0
DPTR FM NORMAL     0

[CDD (BASE 65) ]
TOTAL THIS MO.   294
DPTR FM NORMAL   -41    [PRESSURE DATA]
TOTAL FM JAN 1  2661    HIGHEST SLP M ON M
DPTR FM NORMAL    28    LOWEST  SLP 29.86 ON 17

[REMARKS]




U.S. Dept. of Commerce
NOAA National Weather Service
1325 East West Highway
Silver Spring, MD 20910
E-mail: w-nws.webmaster@noaa.gov
Page last modified: May 16, 2007
NATIONAL WEATHER SERVICE: for Safety, for Work, for Fun - FOR LIFE