419
CXUS52 KFFC 191110
CF6VPC
PRELIMINARY LOCAL CLIMATOLOGICAL DATA (WS FORM: F-6)

                                          STATION:   CARTERSVILLE
                                          MONTH:     APRIL
                                          YEAR:      2014
                                          LATITUDE:   34  7 N
                                          LONGITUDE:  84 51 W

  TEMPERATURE IN F:       :PCPN:    SNOW:  WIND      :SUNSHINE: SKY     :PK WND
================================================================================
1   2   3   4   5  6A  6B    7    8   9   10  11  12  13   14  15   16   17  18
                                     12Z  AVG MX 2MIN
DY MAX MIN AVG DEP HDD CDD  WTR  SNW DPTH SPD SPD DIR MIN PSBL S-S WX    SPD DR
================================================================================

 1  82  40  61   5   4   0 0.00    M    M  1.8  8 340   M    M   1        12 320
 2  81  43  62   6   3   0 0.00    M    M  0.9 10 180   M    M   2        14 190
 3  81  55  68  12   0   3 0.00    M    M  3.7 13 190   M    M   2        21 170
 4  72  56  64   8   1   0 0.01    M    M  3.0 17 180   M    M   7        23 190
 5  64  45  55  -1  10   0 0.00    M    M  3.6 14 360   M    M   1        21 350
 6  61  46  54  -3  11   0 0.51    M    M  4.6 15 120   M    M   7 1      26 120
 7  61  49  55  -2  10   0 2.90    M    M  6.9 16  90   M    M   9 13     27 110
 8  64  44  54  -3  11   0 0.01    M    M  3.2 17  10   M    M   8        27 360
 9  68  42  55  -2  10   0 0.00    M    M  2.1 15 360   M    M   3        25 360
10  75  34  55  -3  10   0 0.00  0.0    M  4.2 15 180   M    M   1        19 180
11  74  43  59   1   6   0    T  0.0    M  2.6  9 170   M    M   0        17 240
12  81  44  63   5   2   0 0.00  0.0    M  3.4 14 180   M    M   1        19 170
13  81  51  66   8   0   1 0.00  0.0    M  6.4 16 180   M    M   4 1      24 150
14  70  60  65   6   0   0 0.81  0.0    M  3.8 15 170   M    M   7 1      24 160
15  62  36  49 -10  16   0 0.47  0.0    M  6.8 16 350   M    M   8 1      29 310
16  63  28  46 -13  19   0 0.00    M    M  5.0 14  50   M    M   0        22 140
17  66  42  54  -6  11   0 0.00    M    M  7.0 17  80   M    M   2        25 110
18  59  50  55  -5  10   0 0.67    M    M  4.2 12  60   M    M   8 1      16  70
================================================================================
SM 1265  808       134   4  5.38     0.0  73.2          M       71
================================================================================
AV 70.3 44.9                               4.1 FASTST   M    M   4    MAX(MPH)
                                 MISC ---->  # 17 180               # 29  310
================================================================================
NOTES:
# LAST OF SEVERAL OCCURRENCES

COLUMN 17 PEAK WIND IN M.P.H.

PRELIMINARY LOCAL CLIMATOLOGICAL DATA (WS FORM: F-6) , PAGE 2

                                          STATION:  CARTERSVILLE
                                          MONTH:    APRIL
                                          YEAR:     2014
                                          LATITUDE:   34  7 N
                                          LONGITUDE:  84 51 W

[TEMPERATURE DATA]      [PRECIPITATION DATA]       SYMBOLS USED IN COLUMN 16

AVERAGE MONTHLY: 57.6   TOTAL FOR MONTH:   5.38    1 = FOG OR MIST
DPTR FM NORMAL:  -0.0   DPTR FM NORMAL:    3.22    2 = FOG REDUCING VISIBILITY
HIGHEST:    82 ON  1    GRTST 24HR  3.38 ON  6- 7      TO 1/4 MILE OR LESS
LOWEST:     28 ON 16                               3 = THUNDER
                        SNOW, ICE PELLETS, HAIL    4 = ICE PELLETS
                        TOTAL MONTH:   0.0 INCH    5 = HAIL
                        GRTST 24HR     0.0         6 = FREEZING RAIN OR DRIZZLE
                        GRTST DEPTH:  M  ON   M    7 = DUSTSTORM OR SANDSTORM:
                                                       VSBY 1/2 MILE OR LESS
                                                   8 = SMOKE OR HAZE
[NO. OF DAYS WITH]      [WEATHER - DAYS WITH]      9 = BLOWING SNOW
                                                   X = TORNADO
MAX 32 OR BELOW:   0    0.01 INCH OR MORE:   7
MAX 90 OR ABOVE:   0    0.10 INCH OR MORE:   5
MIN 32 OR BELOW:   1    0.50 INCH OR MORE:   4
MIN  0 OR BELOW:   0    1.00 INCH OR MORE:   1

[HDD (BASE 65) ]
TOTAL THIS MO.   134    CLEAR  (SCALE 0-3)  10
DPTR FM NORMAL    -8    PTCLDY (SCALE 4-7)   7
TOTAL FM JUL 1  3398    CLOUDY (SCALE 8-10)  1
DPTR FM NORMAL   228

[CDD (BASE 65) ]
TOTAL THIS MO.     4
DPTR FM NORMAL    -3    [PRESSURE DATA]
TOTAL FM JAN 1     4    HIGHEST SLP  0.00 ON 15
DPTR FM NORMAL    -7    LOWEST  SLP 29.65 ON  8

[REMARKS]




U.S. Dept. of Commerce
NOAA National Weather Service
1325 East West Highway
Silver Spring, MD 20910
E-mail: w-nws.webmaster@noaa.gov
Page last modified: May 16, 2007
NATIONAL WEATHER SERVICE: for Safety, for Work, for Fun - FOR LIFE