044
CXUS52 KFFC 011110
CF6VPC
PRELIMINARY LOCAL CLIMATOLOGICAL DATA (WS FORM: F-6)

                                          STATION:   CARTERSVILLE
                                          MONTH:     NOVEMBER
                                          YEAR:      2014
                                          LATITUDE:   34  7 N
                                          LONGITUDE:  84 51 W

  TEMPERATURE IN F:       :PCPN:    SNOW:  WIND      :SUNSHINE: SKY     :PK WND
================================================================================
1   2   3   4   5  6A  6B    7    8   9   10  11  12  13   14  15   16   17  18
                                     12Z  AVG MX 2MIN
DY MAX MIN AVG DEP HDD CDD  WTR  SNW DPTH SPD SPD DIR MIN PSBL S-S WX    SPD DR
================================================================================

 1  44  38  41 -15  24   0 0.00    M    M  7.0 18 340   M    M  10        28 350
 2  55  30  43 -13  22   0 0.00    M    M  3.6 13 360   M    M   0        17 360
 3  67  27  47  -9  18   0 0.00    M    M  1.4  8 160   M    M   0        11 110
 4  71  35  53  -2  12   0 0.00    M    M  2.1 10 180   M    M   0        14 180
 5  67  44  56   1   9   0 0.00  0.0    M  1.1  9 170   M    M   0        14 160
 6  71  47  59   4   6   0 0.04  0.0    0  3.7 14 340   M    M   5 1      23 360
 7  58  38  48  -6  17   0 0.00  0.0    0  5.2 17 350   M    M   2        27  10
 8  62  29  46  -8  19   0 0.00  0.0    0  0.7  8 190   M    M   0 18     12 140
 9  65  32  49  -5  16   0 0.00  0.0    0  1.1  8 350   M    M   0 1      12 350
10  70  31  51  -2  14   0 0.00  0.0    0  2.1 10 150   M    M   0 1      14 150
11  72  36  54   1  11   0 0.00  0.0    0  0.9  9 160   M    M   0 1      13 150
12  57  42  50  -3  15   0 0.00  0.0    0  3.6 12 350   M    M   9 1      18 350
13  44  31  38 -14  27   0 0.00    M    M  6.9 14 350   M    M   9        22 350
14  42  25  34 -18  31   0 0.00  0.0    M  7.1 16 360   M    M   0        23  10
15  49  22  36 -16  29   0 0.00  0.0    M  4.2 13 130   M    M   2        18 140
16  54  39  47  -4  18   0 0.64  0.0    M  6.1 14 140   M    M   8 1      21 130
17  51  30  41 -10  24   0 1.49  0.0    M  4.4 13 140   M    M   9 1      20 130
18  36  21  29 -22  36   0 0.00  0.0    M  2.4 10 340   M    M   2        19 300
19  51  14  33 -17  32   0 0.00  0.0    M  1.3  8 190   M    M   0        14 230
20  59  25  42  -8  23   0 0.00  0.0    M  1.2  9 340   M    M   1        16 340
21  61  28  45  -4  20   0 0.00    M    M  1.2  7 350   M    M   0 1      10 340
22  61  29  45  -4  20   0 0.00    M    M  6.2 15 140   M    M   2        21 120
23  61  45  53   4  12   0 1.50    M    M  8.9 16 120   M    M  10 13     28  90
24  74  50  62  14   3   0 0.00    M    M  2.5 12 210   M    M   3 1      21 230
25  59  43  51   3  14   0 0.00    M    M  1.8 12  10   M    M   0        16 340
26  55  37  46  -2  19   0 0.00    M    M  1.7  9 340   M    M   4        14 330
27  49  32  41  -6  24   0 0.00  0.0    M  3.8 14 340   M    M   6        23 360
28  47  25  36 -11  29   0 0.00  0.0    M  1.6  9 340   M    M   0        14 310
29  60  24  42  -5  23   0 0.00    M    M  4.5 14 170   M    M   5        21 160
30  69  44  57  11   8   0 0.00    M    M  3.5 12 190   M    M   6        15 190
================================================================================
SM 1741  993       575   0  3.67     0.0 101.8          M       93
================================================================================
AV 58.0 33.1                               3.4 FASTST   M    M   3    MAX(MPH)
                                 MISC ---->  # 18 340               # 28  350
================================================================================
NOTES:
# LAST OF SEVERAL OCCURRENCES

COLUMN 17 PEAK WIND IN M.P.H.

PRELIMINARY LOCAL CLIMATOLOGICAL DATA (WS FORM: F-6) , PAGE 2

                                          STATION:  CARTERSVILLE
                                          MONTH:    NOVEMBER
                                          YEAR:     2014
                                          LATITUDE:   34  7 N
                                          LONGITUDE:  84 51 W

[TEMPERATURE DATA]      [PRECIPITATION DATA]       SYMBOLS USED IN COLUMN 16

AVERAGE MONTHLY: 45.6   TOTAL FOR MONTH:   3.67    1 = FOG OR MIST
DPTR FM NORMAL:  -5.8   DPTR FM NORMAL:   -0.41    2 = FOG REDUCING VISIBILITY
HIGHEST:    74 ON 24    GRTST 24HR  2.13 ON 16-17      TO 1/4 MILE OR LESS
LOWEST:     14 ON 19                               3 = THUNDER
                        SNOW, ICE PELLETS, HAIL    4 = ICE PELLETS
                        TOTAL MONTH:   0.0 INCH    5 = HAIL
                        GRTST 24HR     0.0         6 = FREEZING RAIN OR DRIZZLE
                        GRTST DEPTH:   0           7 = DUSTSTORM OR SANDSTORM:
                                                       VSBY 1/2 MILE OR LESS
                                                   8 = SMOKE OR HAZE
[NO. OF DAYS WITH]      [WEATHER - DAYS WITH]      9 = BLOWING SNOW
                                                   X = TORNADO
MAX 32 OR BELOW:   0    0.01 INCH OR MORE:   4
MAX 90 OR ABOVE:   0    0.10 INCH OR MORE:   3
MIN 32 OR BELOW:  17    0.50 INCH OR MORE:   3
MIN  0 OR BELOW:   0    1.00 INCH OR MORE:   2

[HDD (BASE 65) ]
TOTAL THIS MO.   575    CLEAR  (SCALE 0-3)  19
DPTR FM NORMAL   158    PTCLDY (SCALE 4-7)   6
TOTAL FM JUL 1   719    CLOUDY (SCALE 8-10)  5
DPTR FM NORMAL   110

[CDD (BASE 65) ]
TOTAL THIS MO.     0
DPTR FM NORMAL    -6    [PRESSURE DATA]
TOTAL FM JAN 1  1625    HIGHEST SLP 30.49 ON  3
DPTR FM NORMAL   111    LOWEST  SLP 29.58 ON 23

[REMARKS]
#FINAL-11-14#




U.S. Dept. of Commerce
NOAA National Weather Service
1325 East West Highway
Silver Spring, MD 20910
E-mail: w-nws.webmaster@noaa.gov
Page last modified: May 16, 2007
NATIONAL WEATHER SERVICE: for Safety, for Work, for Fun - FOR LIFE