331
CXUS52 KFFC 311110
CF6VPC
PRELIMINARY LOCAL CLIMATOLOGICAL DATA (WS FORM: F-6)

                                          STATION:   CARTERSVILLE
                                          MONTH:     JULY
                                          YEAR:      2014
                                          LATITUDE:   34  7 N
                                          LONGITUDE:  84 51 W

  TEMPERATURE IN F:       :PCPN:    SNOW:  WIND      :SUNSHINE: SKY     :PK WND
================================================================================
1   2   3   4   5  6A  6B    7    8   9   10  11  12  13   14  15   16   17  18
                                     12Z  AVG MX 2MIN
DY MAX MIN AVG DEP HDD CDD  WTR  SNW DPTH SPD SPD DIR MIN PSBL S-S WX    SPD DR
================================================================================

 1  90  66  78   1   0  13 0.00  0.0    M  1.2  8 340   M    M   2 1      13 200
 2  93  70  82   4   0  17 0.00    M    M  1.0  8 210   M    M   0 1      12 220
 3  86  65  76  -2   0  11 0.00  0.0    0  3.5 13 360   M    M   1        17 360
 4  84  61  73  -5   0   8 0.00  0.0    0  4.7 14 350   M    M   0        19 350
 5  87  58  73  -5   0   8 0.00  0.0    0  3.3 13 110   M    M   2        20  60
 6  87  62  75  -3   0  10 0.00  0.0    M  2.3 10 140   M    M   3        16 130
 7  90  65  78   0   0  13 0.00  0.0    M  1.2  8 200   M    M   1 1      14 220
 8  90  64  77  -1   0  12 0.01  0.0    M  2.0 10 210   0    0   0        17 200
 9  86  72  79   1   0  14 0.01    M    M  1.1  8 210   M    M   3 1      14 220
10  89  68  79   1   0  14 0.09    M    M  1.6  8 320   M    M   4 13     11 310
11  91  68  80   2   0  15 0.00    M    M  2.9 15 150   M    M   4 13     21 170
12  90  69  80   2   0  15 0.00    M    M  3.5 13 160   M    M   2        18 140
13  92  67  80   2   0  15 0.00    M    M  2.3  8 180   M    M   1        12 140
14  93  72  83   5   0  18    T    M    M  1.8  8 210   M    M   4        14 210
15  85  68  77  -1   0  12 0.01  0.0    M  1.0 10 330   M    M   4 1      17 340
16  83  60  72  -6   0   7 0.00  0.0    M  3.1 13  10   M    M   1 1      17 330
17  86  55  71  -8   0   6 0.00  0.0    M  1.6  9 360   M    M   2        12 110
18  80  65  73  -6   0   8    T    M    M  2.5  9 100   M    M   6        13  80
19  78  68  73  -6   0   8 0.10  0.0    M  5.7 13  90   M    M  10 1      19  50
20  81  67  74  -5   0   9 0.00  0.0    M  5.0 10 130   M    M  10        15 130
21  84  71  78  -1   0  13 0.09    M    M  2.5  9 100   M    M   7 13     16 220
22  87  71  79   0   0  14 0.01    M    M  3.1 12 170   M    M   5 1      15 170
23  89  69  79   0   0  14 0.13    M    M  0.8  9 140   M    M   6 123    13 140
24  91  70  81   2   0  16 0.40  0.0    M  1.5  9 200   M    M   2 13     17 350
25  90  65  78  -1   0  13 0.00  0.0    M  1.9  8  20   M    M   1 1      11 320
26  90  62  76  -3   0  11 0.00  0.0    M  1.3  9 180   M    M   0 1      13 190
27  94  66  80   1   0  15 0.00  0.0    M  1.4 10 230   M    M   2        18 230
28  90  66  78  -1   0  13 0.00  0.0    M  3.2 13 340   M    M   2        20 360
29  84  58  71  -8   0   6 0.00  0.0    M  3.2 14 360   M    M   1        22 360
30  86  54  70  -9   0   5 0.00    M    M  2.1 12  20   M    M   2        15  40
================================================================================
SM 2626 1962         0 353  0.85     0.0  72.3            0     88
================================================================================
AV 87.5 65.4                               2.4 FASTST    0   0   3    MAX(MPH)
                                 MISC ---->  # 15 150               # 22  360
================================================================================
NOTES:
# LAST OF SEVERAL OCCURRENCES

COLUMN 17 PEAK WIND IN M.P.H.

PRELIMINARY LOCAL CLIMATOLOGICAL DATA (WS FORM: F-6) , PAGE 2

                                          STATION:  CARTERSVILLE
                                          MONTH:    JULY
                                          YEAR:     2014
                                          LATITUDE:   34  7 N
                                          LONGITUDE:  84 51 W

[TEMPERATURE DATA]      [PRECIPITATION DATA]       SYMBOLS USED IN COLUMN 16

AVERAGE MONTHLY: 76.5   TOTAL FOR MONTH:   0.85    1 = FOG OR MIST
DPTR FM NORMAL:  -2.0   DPTR FM NORMAL:   -3.71    2 = FOG REDUCING VISIBILITY
HIGHEST:    94 ON 27    GRTST 24HR  0.40 ON 24-24      TO 1/4 MILE OR LESS
LOWEST:     54 ON 30                               3 = THUNDER
                        SNOW, ICE PELLETS, HAIL    4 = ICE PELLETS
                        TOTAL MONTH:   0.0 INCH    5 = HAIL
                        GRTST 24HR     0.0         6 = FREEZING RAIN OR DRIZZLE
                        GRTST DEPTH:   0           7 = DUSTSTORM OR SANDSTORM:
                                                       VSBY 1/2 MILE OR LESS
                                                   8 = SMOKE OR HAZE
[NO. OF DAYS WITH]      [WEATHER - DAYS WITH]      9 = BLOWING SNOW
                                                   X = TORNADO
MAX 32 OR BELOW:   0    0.01 INCH OR MORE:   9
MAX 90 OR ABOVE:  13    0.10 INCH OR MORE:   3
MIN 32 OR BELOW:   0    0.50 INCH OR MORE:   0
MIN  0 OR BELOW:   0    1.00 INCH OR MORE:   0

[HDD (BASE 65) ]
TOTAL THIS MO.     0    CLEAR  (SCALE 0-3)  20
DPTR FM NORMAL     0    PTCLDY (SCALE 4-7)   8
TOTAL FM JUL 1     0    CLOUDY (SCALE 8-10)  2
DPTR FM NORMAL     0

[CDD (BASE 65) ]
TOTAL THIS MO.   353
DPTR FM NORMAL   -47    [PRESSURE DATA]
TOTAL FM JAN 1   877    HIGHEST SLP  0.00 ON M
DPTR FM NORMAL    33    LOWEST  SLP 29.79 ON 15

[REMARKS]




U.S. Dept. of Commerce
NOAA National Weather Service
1325 East West Highway
Silver Spring, MD 20910
E-mail: w-nws.webmaster@noaa.gov
Page last modified: May 16, 2007
NATIONAL WEATHER SERVICE: for Safety, for Work, for Fun - FOR LIFE