177
CXUS52 KTAE 230800
CF6VLD
PRELIMINARY LOCAL CLIMATOLOGICAL DATA (WS FORM: F-6)

                                          STATION:   VALDOSTA
                                          MONTH:     SEPTEMBER
                                          YEAR:      2014
                                          LATITUDE:   30 46 N
                                          LONGITUDE:  83 17 W

  TEMPERATURE IN F:       :PCPN:    SNOW:  WIND      :SUNSHINE: SKY     :PK WND
================================================================================
1   2   3   4   5  6A  6B    7    8   9   10  11  12  13   14  15   16   17  18
                                     12Z  AVG MX 2MIN
DY MAX MIN AVG DEP HDD CDD  WTR  SNW DPTH SPD SPD DIR MIN PSBL S-S WX    SPD DR
================================================================================

 1  95  72  84   4   0  19 0.11  0.0    0  1.7 14 360   M    M   2 13     20  10
 2  96  71  84   4   0  19 0.30  0.0    0  2.2 23  80   M    M   4 138    41 220
 3  92  72  82   2   0  17 2.02  0.0    0  2.5 24 190   M    M   4 1238   31 190
 4  91  70  81   1   0  16 0.00  0.0    0  2.5 10 110   M    M   3 1      15 110
 5  94  72  83   3   0  18 0.03  0.0    0  1.7 12  90   M    M   3 1      21  70
 6  83  73  78  -2   0  13 0.13  0.0    0  2.4 12 140   M    M   9 1      22  30
 7  86  72  79   0   0  14 1.71  0.0    0  1.8 15 150   M    M   8 123    22 180
 8  86  72  79   0   0  14 0.97  0.0    0  3.1 13 180   M    M   6 1238   17 180
 9  87  72  80   1   0  15 0.12  0.0    0  2.8 12  10   M    M   7 13     14  10
10  90  70  80   1   0  15 0.00  0.0    0  2.6  9 140   M    M   6 12     14 140
11  93  72  83   4   0  18 0.00  0.0    0  1.2  8 170   M    M   2 1      10 170
12  93  72  83   5   0  18 0.00  0.0    0  1.9  9 170   M    M   2 13     14  40
13  92  72  82   4   0  17 0.00  0.0    0  3.0 15  10   M    M   1 1      20 360
14  94  73  84   6   0  19 0.01  0.0    0  3.8 14 160   M    M   3 3      17 160
15  91  72  82   4   0  17 0.11  0.0    0  1.9 14 200   M    M   3 13     22 200
16  87  73  80   2   0  15 0.67  0.0    0  1.2  8 120   M    M   7 13     17 330
17  90  69  80   3   0  15 0.00  0.0    0  1.2 12 170   M    M   3 1      16 170
18  91  69  80   3   0  15 0.00  0.0    0  1.4  7  30   M    M   1 18     13  20
19  85  69  77   0   0  12 0.01  0.0    0  3.5 22 150   M    M   3 1      28 160
20  83  66  75  -1   0  10    T  0.0    0  6.7 18  10   M    M   5        23  30
21  89  61  75  -1   0  10 0.00  0.0    0  1.0  8  30   M    M   0 1      12  10
22  90  61  76   0   0  11    T  0.0    0  3.0 21  10   M    M   2 1      26  10
================================================================================
SM 1978 1545         0 337  6.19     0.0  53.1          M       84
================================================================================
AV 89.9 70.2                               2.4 FASTST   M    M   4    MAX(MPH)
                                 MISC ---->  # 24 190               # 41  220
================================================================================
NOTES:
# LAST OF SEVERAL OCCURRENCES

COLUMN 17 PEAK WIND IN M.P.H.

PRELIMINARY LOCAL CLIMATOLOGICAL DATA (WS FORM: F-6) , PAGE 2

                                          STATION:  VALDOSTA
                                          MONTH:    SEPTEMBER
                                          YEAR:     2014
                                          LATITUDE:   30 46 N
                                          LONGITUDE:  83 17 W

[TEMPERATURE DATA]      [PRECIPITATION DATA]       SYMBOLS USED IN COLUMN 16

AVERAGE MONTHLY: 80.1   TOTAL FOR MONTH:   6.19    1 = FOG OR MIST
DPTR FM NORMAL:   1.7   DPTR FM NORMAL:    2.52    2 = FOG REDUCING VISIBILITY
HIGHEST:    96 ON  2    GRTST 24HR  2.04 ON  2- 3      TO 1/4 MILE OR LESS
LOWEST:     61 ON 22,21                            3 = THUNDER
                        SNOW, ICE PELLETS, HAIL    4 = ICE PELLETS
                        TOTAL MONTH:   0.0 INCH    5 = HAIL
                        GRTST 24HR     0.0         6 = FREEZING RAIN OR DRIZZLE
                        GRTST DEPTH:   0           7 = DUSTSTORM OR SANDSTORM:
                                                       VSBY 1/2 MILE OR LESS
                                                   8 = SMOKE OR HAZE
[NO. OF DAYS WITH]      [WEATHER - DAYS WITH]      9 = BLOWING SNOW
                                                   X = TORNADO
MAX 32 OR BELOW:   0    0.01 INCH OR MORE:  12
MAX 90 OR ABOVE:  14    0.10 INCH OR MORE:   9
MIN 32 OR BELOW:   0    0.50 INCH OR MORE:   4
MIN  0 OR BELOW:   0    1.00 INCH OR MORE:   2

[HDD (BASE 65) ]
TOTAL THIS MO.     0    CLEAR  (SCALE 0-3)  10
DPTR FM NORMAL     0    PTCLDY (SCALE 4-7)  11
TOTAL FM JUL 1     0    CLOUDY (SCALE 8-10)  1
DPTR FM NORMAL     0

[CDD (BASE 65) ]
TOTAL THIS MO.   337
DPTR FM NORMAL    45    [PRESSURE DATA]
TOTAL FM JAN 1  2698    HIGHEST SLP M ON M
DPTR FM NORMAL   552    LOWEST  SLP 29.88 ON 17

[REMARKS]




U.S. Dept. of Commerce
NOAA National Weather Service
1325 East West Highway
Silver Spring, MD 20910
E-mail: w-nws.webmaster@noaa.gov
Page last modified: May 16, 2007
NATIONAL WEATHER SERVICE: for Safety, for Work, for Fun - FOR LIFE