588
CXUS52 KTAE 280800
CF6VLD
PRELIMINARY LOCAL CLIMATOLOGICAL DATA (WS FORM: F-6)

                                          STATION:   VALDOSTA
                                          MONTH:     JULY
                                          YEAR:      2014
                                          LATITUDE:   30 46 N
                                          LONGITUDE:  83 17 W

  TEMPERATURE IN F:       :PCPN:    SNOW:  WIND      :SUNSHINE: SKY     :PK WND
================================================================================
1   2   3   4   5  6A  6B    7    8   9   10  11  12  13   14  15   16   17  18
                                     12Z  AVG MX 2MIN
DY MAX MIN AVG DEP HDD CDD  WTR  SNW DPTH SPD SPD DIR MIN PSBL S-S WX    SPD DR
================================================================================

 1 101  76  89   8   0  24 0.00  0.0    0  2.8 12 140   M    M   3 18     15 140
 2 101  75  88   7   0  23 0.04  0.0    0  2.3 12  20   M    M   2        14  10
 3 103  74  89   8   0  24 1.60  0.0    0  4.0 23 140   M    M   2 38     38 160
 4  94  69  82   1   0  17 0.00  0.0    0  1.4  7 280   M    M   0 18     16 280
 5  96  67  82   1   0  17 0.00  0.0    0  2.9 15 140   M    M   1 18     23 140
 6  96  73  85   4   0  20 0.00  0.0    0  3.1 17 180   M    M   3 138    22 180
 7  95  70  83   2   0  18 0.00  0.0    0  4.3 13 190   M    M   0 18     20 210
 8  97  72  85   4   0  20 0.00  0.0    0  2.9  8 170   M    M   1 8       M  M
 9  98  73  86   5   0  21 0.01  0.0    0  2.0 14 160   M    M   2 38     29 250
10  94  73  84   3   0  19 0.03  0.0    0  2.5 16 180   M    M   3 138    23 180
11  94  74  84   3   0  19 0.60  0.0    0  1.8 18 150   M    M   4 138    22 140
12  91  74  83   2   0  18 0.61  0.0    0  2.9 20 140   M    M   5 18     30 140
13  94  73  84   3   0  19 0.00  0.0    0  1.3  8 160   M    M   4        10 160
14  97  75  86   5   0  21    T  0.0    0  2.2  8 220   M    M   2 38     16 200
15  93  76  85   3   0  20 0.51  0.0    0  3.1 16 190   M    M   4 138    23 240
16  91  75  83   1   0  18    T  0.0    0  1.3  7 190   M    M   5 18     12 310
17  95  71  83   1   0  18 0.00  0.0    0  0.8  8 210   M    M   3 128    12 200
18  95  70  83   1   0  18 0.00  0.0    0  3.5 12 150   M    M   3        14 140
19  88  76  82   0   0  17 0.06  0.0    0  3.2 10 130   M    M   3 8      15 290
20  91  72  82   0   0  17 0.16  0.0    0  1.7  9 220   M    M   2 8      18 270
21  85  74  80  -2   0  15 0.07  0.0    0  0.5 10 230   M    M   4        20 210
22  93  72  83   1   0  18    T  0.0    0  1.4 12 160   M    M   4 8      15 170
23  97  72  85   3   0  20 0.00  0.0    0  1.3  8 180   M    M   2 128    12 250
24  96  73  85   3   0  20 0.00  0.0    0  2.2 10 210   M    M   3 138    18 190
25  96  74  85   3   0  20    T  0.0    0  2.9 13 220   M    M   2 18     21 210
26  95  77  86   4   0  21 0.15  0.0    0  2.1 10 190   M    M   2 138    15 220
27  97  78  88   6   0  23 0.00  0.0    0  2.6  8 230   M    M   3 18     14 230
================================================================================
SM 2563 1978         0 525  3.84     0.0  63.0          M       72
================================================================================
AV 94.9 73.3                               2.3 FASTST   M    M   3    MAX(MPH)
                                 MISC ---->  # 23 140               # 38  160
================================================================================
NOTES:
# LAST OF SEVERAL OCCURRENCES

COLUMN 17 PEAK WIND IN M.P.H.

PRELIMINARY LOCAL CLIMATOLOGICAL DATA (WS FORM: F-6) , PAGE 2

                                          STATION:  VALDOSTA
                                          MONTH:    JULY
                                          YEAR:     2014
                                          LATITUDE:   30 46 N
                                          LONGITUDE:  83 17 W

[TEMPERATURE DATA]      [PRECIPITATION DATA]       SYMBOLS USED IN COLUMN 16

AVERAGE MONTHLY: 84.1   TOTAL FOR MONTH:   3.84    1 = FOG OR MIST
DPTR FM NORMAL:   2.6   DPTR FM NORMAL:   -1.92    2 = FOG REDUCING VISIBILITY
HIGHEST:   103 ON  3    GRTST 24HR  1.64 ON  2- 3      TO 1/4 MILE OR LESS
LOWEST:     67 ON  5                               3 = THUNDER
                        SNOW, ICE PELLETS, HAIL    4 = ICE PELLETS
                        TOTAL MONTH:   0.0 INCH    5 = HAIL
                        GRTST 24HR     0.0         6 = FREEZING RAIN OR DRIZZLE
                        GRTST DEPTH:   0           7 = DUSTSTORM OR SANDSTORM:
                                                       VSBY 1/2 MILE OR LESS
                                                   8 = SMOKE OR HAZE
[NO. OF DAYS WITH]      [WEATHER - DAYS WITH]      9 = BLOWING SNOW
                                                   X = TORNADO
MAX 32 OR BELOW:   0    0.01 INCH OR MORE:  11
MAX 90 OR ABOVE:  25    0.10 INCH OR MORE:   6
MIN 32 OR BELOW:   0    0.50 INCH OR MORE:   4
MIN  0 OR BELOW:   0    1.00 INCH OR MORE:   1

[HDD (BASE 65) ]
TOTAL THIS MO.     0    CLEAR  (SCALE 0-3)  18
DPTR FM NORMAL     0    PTCLDY (SCALE 4-7)   9
TOTAL FM JUL 1     0    CLOUDY (SCALE 8-10)  0
DPTR FM NORMAL     0

[CDD (BASE 65) ]
TOTAL THIS MO.   525
DPTR FM NORMAL    83    [PRESSURE DATA]
TOTAL FM JAN 1  1690    HIGHEST SLP M ON M
DPTR FM NORMAL   404    LOWEST  SLP 29.89 ON M

[REMARKS]




U.S. Dept. of Commerce
NOAA National Weather Service
1325 East West Highway
Silver Spring, MD 20910
E-mail: w-nws.webmaster@noaa.gov
Page last modified: May 16, 2007
NATIONAL WEATHER SERVICE: for Safety, for Work, for Fun - FOR LIFE