046
CXUS53 KSGF 010800
CF6VIH
PRELIMINARY LOCAL CLIMATOLOGICAL DATA (WS FORM: F-6)

                                          STATION:   VICHY-ROLLA MO
                                          MONTH:     NOVEMBER
                                          YEAR:      2014
                                          LATITUDE:   38  7 N
                                          LONGITUDE:  91 46 W

  TEMPERATURE IN F:       :PCPN:    SNOW:  WIND      :SUNSHINE: SKY     :PK WND
================================================================================
1   2   3   4   5  6A  6B    7    8   9   10  11  12  13   14  15   16   17  18
                                     12Z  AVG MX 2MIN
DY MAX MIN AVG DEP HDD CDD  WTR  SNW DPTH SPD SPD DIR MIN PSBL S-S WX    SPD DR
================================================================================

 1  48  24  36 -16  29   0 0.00    M    M  5.6 12 130   M    M   0        14 140
 2  56  33  45  -6  20   0 0.01    M    M 14.7 22 180   M    M   5        30 170
 3  69  45  57   6   8   0    T    M    0 16.0 25 200   M    M   3        33 190
 4  59  41  50   0  15   0 0.76    M    0  8.3 17 200   M    M   6 1      22 200
 5  59  38  49  -1  16   0 0.00  0.0    0  8.2 15 220   M    M   0 1      18 230
 6  50  31  41  -9  24   0 0.00    M    M 13.2 28 320   M    M   3        40 320
 7  57  26  42  -7  23   0 0.00    M    M  8.5 18 170   M    M   0        25 170
 8  52  30  41  -8  24   0 0.00    M    M 11.3 23 330   M    M   3        31 320
 9  62  29  46  -2  19   0 0.00    M    M 11.9 21 200   M    M   0        26 200
10  71  47  59  11   6   0 0.00    M    M 16.4 32 200   M    M   0        41 210
11  59  29  44  -3  21   0    T    M    M 14.4 24 300   M    M  10 1      31 310
12  32  21  27 -20  38   0 0.00    M    M 11.4 18 330   M    M   5        25 310
13  30  17  24 -22  41   0 0.00    M    M 10.6 18 310   M    M   5        24 350
14  32  14  23 -23  42   0 0.00    M    M  3.2 12 340   M    M   1        14  10
15  34  20  27 -19  38   0 0.02    M    M  8.2 20 160   M    M   5 18     24 160
16  32  18  25 -20  40   0 0.18    M    M  6.6 15 310   M    M   9 128    19 310
17  24  11  18 -27  47   0    T    M    M 13.1 26 280   M    M   3        33 290
18  30   7  19 -25  46   0 0.00    M    M 12.2 21 280   M    M   0        27 280
19  43  22  33 -11  32   0 0.00    M    M 12.5 24 300   M    M   2        30 310
20  41  16  29 -14  36   0 0.00    M    M  4.5 10  80   M    M   0        14 230
21  46  25  36  -7  29   0 0.00    M    M 13.3 22 120   M    M   6        27 120
22  56  43  50   8  15   0 0.03    M    M 14.6 24 180   M    M   9 1      28 170
23  54  45  50   8  15   0 0.96    M    M 10.8 30 320   M    M   9 1      37 320
24  45  29  37  -4  28   0 0.27    M    M 14.6 29 280   M    M   7 1      41 290
25  40  23  32  -9  33   0 0.00    M    M  7.7 14 280   M    M   0        19 280
26  39  25  32  -8  33   0 0.17    M    M 11.2 25 290   M    M   8 16     32 290
27  34  27  31  -9  34   0    T    M    M  7.6 18 310   M    M   7 16     24 290
28  55  27  41   2  24   0 0.00    M    M 14.9 24 190   M    M   0        32 190
29  66  45  56  17   9   0 0.00    M    M 15.8 24 210   M    M   0        33 200
30  67  27  47   8  18   0 0.02    M    M 14.8 24 230   M    M   5 468    31 210
================================================================================
SM 1442  835       803   0  2.42     0.0 336.1          M      111
================================================================================
AV 48.1 27.8                              11.2 FASTST   M    M   4    MAX(MPH)
                                 MISC ---->  # 32 200               # 41  210
================================================================================
NOTES:
# LAST OF SEVERAL OCCURRENCES

COLUMN 17 PEAK WIND IN M.P.H.

PRELIMINARY LOCAL CLIMATOLOGICAL DATA (WS FORM: F-6) , PAGE 2

                                          STATION:  VICHY-ROLLA MO
                                          MONTH:    NOVEMBER
                                          YEAR:     2014
                                          LATITUDE:   38  7 N
                                          LONGITUDE:  91 46 W

[TEMPERATURE DATA]      [PRECIPITATION DATA]       SYMBOLS USED IN COLUMN 16

AVERAGE MONTHLY: 38.0   TOTAL FOR MONTH:   2.42    1 = FOG OR MIST
DPTR FM NORMAL:  -7.2   DPTR FM NORMAL:   -1.45    2 = FOG REDUCING VISIBILITY
HIGHEST:    71 ON 10    GRTST 24HR  1.23 ON 23-24      TO 1/4 MILE OR LESS
LOWEST:      7 ON 18                               3 = THUNDER
                        SNOW, ICE PELLETS, HAIL    4 = ICE PELLETS
                        TOTAL MONTH:   0.0 INCH    5 = HAIL
                        GRTST 24HR     0.0         6 = FREEZING RAIN OR DRIZZLE
                        GRTST DEPTH:   0           7 = DUSTSTORM OR SANDSTORM:
                                                       VSBY 1/2 MILE OR LESS
                                                   8 = SMOKE OR HAZE
[NO. OF DAYS WITH]      [WEATHER - DAYS WITH]      9 = BLOWING SNOW
                                                   X = TORNADO
MAX 32 OR BELOW:   6    0.01 INCH OR MORE:   9
MAX 90 OR ABOVE:   0    0.10 INCH OR MORE:   5
MIN 32 OR BELOW:  22    0.50 INCH OR MORE:   2
MIN  0 OR BELOW:   0    1.00 INCH OR MORE:   0

[HDD (BASE 65) ]
TOTAL THIS MO.   803    CLEAR  (SCALE 0-3)  16
DPTR FM NORMAL   206    PTCLDY (SCALE 4-7)  10
TOTAL FM JUL 1  1142    CLOUDY (SCALE 8-10)  4
DPTR FM NORMAL   195

[CDD (BASE 65) ]
TOTAL THIS MO.     0
DPTR FM NORMAL    -3    [PRESSURE DATA]
TOTAL FM JAN 1  1186    HIGHEST SLP M ON M
DPTR FM NORMAL   -60    LOWEST  SLP 29.26 ON 23

[REMARKS]
#FINAL-11-14#




U.S. Dept. of Commerce
NOAA National Weather Service
1325 East West Highway
Silver Spring, MD 20910
E-mail: w-nws.webmaster@noaa.gov
Page last modified: May 16, 2007
NATIONAL WEATHER SERVICE: for Safety, for Work, for Fun - FOR LIFE