223
CXUS53 KSGF 240800
CF6VIH
PRELIMINARY LOCAL CLIMATOLOGICAL DATA (WS FORM: F-6)

                                          STATION:   VICHY-ROLLA MO
                                          MONTH:     APRIL
                                          YEAR:      2014
                                          LATITUDE:   38  7 N
                                          LONGITUDE:  91 46 W

  TEMPERATURE IN F:       :PCPN:    SNOW:  WIND      :SUNSHINE: SKY     :PK WND
================================================================================
1   2   3   4   5  6A  6B    7    8   9   10  11  12  13   14  15   16   17  18
                                     12Z  AVG MX 2MIN
DY MAX MIN AVG DEP HDD CDD  WTR  SNW DPTH SPD SPD DIR MIN PSBL S-S WX    SPD DR
================================================================================

 1  55  37  46  -5  19   0 0.15    M    0  9.6 20  90   M    M   5 13     26  90
 2  62  44  53   2  12   0 0.23    M    0 12.7 25  70   M    M   9 13     29  70
 3  72  52  62  11   3   0 1.01    M    M 11.2 32 360   M    M   7 13     40 360
 4  52  37  45  -7  20   0 0.00    M    M 16.2 30 290   M    M  10        39 270
 5  56  30  43  -9  22   0 0.00    M    M  5.2 13 100   M    M   2        16 110
 6  60  38  49  -3  16   0 0.00    M    M  7.3 15  90   M    M   2        19  70
 7  58  43  51  -2  14   0 0.22    M    0  7.8 17 310   M    M   8 1      24 300
 8  58  42  50  -3  15   0 0.14    M    0  9.9 26 320   M    M   6 13     32 310
 9  67  30  49  -4  16   0 0.00  0.0    0  9.8 20 190   M    M   0        27 170
10  82  51  67  13   0   2 0.00    M    M 14.6 24 210   M    M   0        37 210
11  73  49  61   7   4   0 0.00    M    M  8.0 16 120   M    M   2        20 120
12  81  58  70  16   0   5 0.00  0.0    0 16.0 28 170   M    M   1        33 190
13  71  54  63   9   2   0 0.23    M    M 15.0 33 300   M    M   4 1      43 290
14  54  29  42 -13  23   0 0.16    M    M 12.6 24 300   M    M   8 1      30 310
15  48  26  37 -18  28   0 0.00    M    M  6.8 16 290   M    M   0        20 290
16  58  36  47  -9  18   0 0.00    M    M 16.5 26 160   M    M   0        37 180
17  63  40  52  -4  13   0 0.00    M    M  9.0 15 190   M    M   1        20 190
18  71  39  55  -1  10   0 0.00    M    M  5.1 12  90   M    M   2        14 100
19  76  49  63   7   2   0 0.00    M    M  8.0 14 170   M    M   0        23 140
20  80  52  66   9   0   1 0.00    M    M  9.1 16 200   M    M   0        23 180
21  71  58  65   8   0   0 0.05    M    M  8.5 16 250   M    M   8 1      18 250
22  68  44  56  -1   9   0 0.00    M    M  8.4 16 350   M    M   0        29 320
23  72  42  57  -1   8   0 0.00    M    M  9.6 20 150   M    M   1        25 160
================================================================================
SM 1508  980       254   8  2.19     0.0 236.9          M       76
================================================================================
AV 65.6 42.6                              10.3 FASTST   M    M   3    MAX(MPH)
                                 MISC ---->  # 33 300               # 43  290
================================================================================
NOTES:
# LAST OF SEVERAL OCCURRENCES

COLUMN 17 PEAK WIND IN M.P.H.

PRELIMINARY LOCAL CLIMATOLOGICAL DATA (WS FORM: F-6) , PAGE 2

                                          STATION:  VICHY-ROLLA MO
                                          MONTH:    APRIL
                                          YEAR:     2014
                                          LATITUDE:   38  7 N
                                          LONGITUDE:  91 46 W

[TEMPERATURE DATA]      [PRECIPITATION DATA]       SYMBOLS USED IN COLUMN 16

AVERAGE MONTHLY: 54.1   TOTAL FOR MONTH:   2.19    1 = FOG OR MIST
DPTR FM NORMAL:  -0.1   DPTR FM NORMAL:   -0.95    2 = FOG REDUCING VISIBILITY
HIGHEST:    82 ON 10    GRTST 24HR  1.01 ON  3- 3      TO 1/4 MILE OR LESS
LOWEST:     26 ON 15                               3 = THUNDER
                        SNOW, ICE PELLETS, HAIL    4 = ICE PELLETS
                        TOTAL MONTH:   0.0 INCH    5 = HAIL
                        GRTST 24HR     0.0         6 = FREEZING RAIN OR DRIZZLE
                        GRTST DEPTH:   0           7 = DUSTSTORM OR SANDSTORM:
                                                       VSBY 1/2 MILE OR LESS
                                                   8 = SMOKE OR HAZE
[NO. OF DAYS WITH]      [WEATHER - DAYS WITH]      9 = BLOWING SNOW
                                                   X = TORNADO
MAX 32 OR BELOW:   0    0.01 INCH OR MORE:   8
MAX 90 OR ABOVE:   0    0.10 INCH OR MORE:   7
MIN 32 OR BELOW:   4    0.50 INCH OR MORE:   1
MIN  0 OR BELOW:   0    1.00 INCH OR MORE:   1

[HDD (BASE 65) ]
TOTAL THIS MO.   254    CLEAR  (SCALE 0-3)  14
DPTR FM NORMAL    -9    PTCLDY (SCALE 4-7)   6
TOTAL FM JUL 1  5311    CLOUDY (SCALE 8-10)  3
DPTR FM NORMAL   644

[CDD (BASE 65) ]
TOTAL THIS MO.     8
DPTR FM NORMAL    -9    [PRESSURE DATA]
TOTAL FM JAN 1     8    HIGHEST SLP M ON M
DPTR FM NORMAL   -13    LOWEST  SLP 29.49 ON 13

[REMARKS]




U.S. Dept. of Commerce
NOAA National Weather Service
1325 East West Highway
Silver Spring, MD 20910
E-mail: w-nws.webmaster@noaa.gov
Page last modified: May 16, 2007
NATIONAL WEATHER SERVICE: for Safety, for Work, for Fun - FOR LIFE