516
CXUS53 KSGF 290800
CF6VIH
PRELIMINARY LOCAL CLIMATOLOGICAL DATA (WS FORM: F-6)

                                          STATION:   VICHY-ROLLA MO
                                          MONTH:     JANUARY
                                          YEAR:      2015
                                          LATITUDE:   38  7 N
                                          LONGITUDE:  91 46 W

  TEMPERATURE IN F:       :PCPN:    SNOW:  WIND      :SUNSHINE: SKY     :PK WND
================================================================================
1   2   3   4   5  6A  6B    7    8   9   10  11  12  13   14  15   16   17  18
                                     12Z  AVG MX 2MIN
DY MAX MIN AVG DEP HDD CDD  WTR  SNW DPTH SPD SPD DIR MIN PSBL S-S WX    SPD DR
================================================================================

 1  36  20  28  -3  37   0    T    M    M 10.4 18 230   M    M   4        23 230
 2  37  31  34   3  31   0 0.09    M    M  4.5 13 120   M    M  10 1      16 120
 3  41  35  38   7  27   0 0.46    M    M  6.2 24 100   M    M  10 1      31 100
 4  38  12  25  -6  40   0    T    M    M 13.9 25 280   M    M   7 18     31 280
 5  26   8  17 -14  48   0 0.00  0.0    0  8.3 20 190   M    M   0        26 200
 6  28  20  24  -7  41   0 0.00  0.0    0 10.2 21 320   M    M   2        27 320
 7  22   1  12 -19  53   0    T    M    0 13.6 25 320   M    M   5        32 320
 8  30  -1  15 -16  50   0 0.00    M    M 13.8 28 200   M    M   2        34 190
 9  30   8  19 -12  46   0 0.00    M    M 12.7 24 330   M    M   1        30 290
10  35   4  20 -11  45   0 0.00    M    M 11.5 20 180   M    M   2        24 170
11  34  31  33   2  32   0 0.25    M    M 10.4 18 190   M    M  10 16     22 180
12  33  14  24  -7  41   0 0.03    M    0 12.7 21 360   M    M   5 128    25 360
13  28   8  18 -13  47   0 0.00  0.0    0  7.4 15  40   M    M   1        18  50
14  29  14  22  -9  43   0 0.00  0.0    0  3.5  8 250   M    M   9         9 240
15  45  23  34   3  31   0 0.00  0.0    M  9.2 15 270   M    M   2        22 270
16  55  22  39   8  26   0 0.00    M    M  9.2 18 190   M    M   0        25 180
17  57  38  48  17  17   0 0.00    M    M 16.0 28 230   M    M   0        37 230
18  59  32  46  15  19   0 0.00    M    M 10.6 24 250   M    M   0        31 260
19  61  27  44  13  21   0 0.00    M    M  4.1  9 210   M    M   0        11 310
20  45  32  39   8  26   0 0.00    M    M  7.6 12 250   M    M   4 8      16 280
21  47  26  37   6  28   0 0.00    M    M  9.0 22 300   M    M   0        28 310
22  39  26  33   2  32   0 0.00    M    M  3.9 10 340   M    M   1        12  10
23  39  20  30  -1  35   0 0.00    M    M  5.2 13 220   M    M   2 1      15 280
24  54  26  40   9  25   0 0.00    M    M 11.3 17 240   M    M   0        22 230
25  49  30  40   9  25   0 0.05    M    M 13.8 28 330   M    M  10 18     31 340
26  52  29  41   9  24   0 0.00    M    M 11.0 23 240   M    M   6        30 230
27  51  33  42  10  23   0 0.00    M    M  7.1 16 320   M    M   0        22 320
28  56  31  44  12  21   0 0.00    M    M 17.2 26 170   M    M   0        33 150
================================================================================
SM 1156  600       934   0  0.88     0.0 274.3          M       93
================================================================================
AV 41.3 21.4                               9.8 FASTST   M    M   3    MAX(MPH)
                                 MISC ---->  # 28 200               # 37  230
================================================================================
NOTES:
# LAST OF SEVERAL OCCURRENCES

COLUMN 17 PEAK WIND IN M.P.H.

PRELIMINARY LOCAL CLIMATOLOGICAL DATA (WS FORM: F-6) , PAGE 2

                                          STATION:  VICHY-ROLLA MO
                                          MONTH:    JANUARY
                                          YEAR:     2015
                                          LATITUDE:   38  7 N
                                          LONGITUDE:  91 46 W

[TEMPERATURE DATA]      [PRECIPITATION DATA]       SYMBOLS USED IN COLUMN 16

AVERAGE MONTHLY: 31.4   TOTAL FOR MONTH:   0.88    1 = FOG OR MIST
DPTR FM NORMAL:   0.2   DPTR FM NORMAL:   -1.11    2 = FOG REDUCING VISIBILITY
HIGHEST:    61 ON 19    GRTST 24HR  0.53 ON  2- 3      TO 1/4 MILE OR LESS
LOWEST:     -1 ON  8                               3 = THUNDER
                        SNOW, ICE PELLETS, HAIL    4 = ICE PELLETS
                        TOTAL MONTH:   0.0 INCH    5 = HAIL
                        GRTST 24HR     0.0         6 = FREEZING RAIN OR DRIZZLE
                        GRTST DEPTH:   0           7 = DUSTSTORM OR SANDSTORM:
                                                       VSBY 1/2 MILE OR LESS
                                                   8 = SMOKE OR HAZE
[NO. OF DAYS WITH]      [WEATHER - DAYS WITH]      9 = BLOWING SNOW
                                                   X = TORNADO
MAX 32 OR BELOW:   7    0.01 INCH OR MORE:   5
MAX 90 OR ABOVE:   0    0.10 INCH OR MORE:   2
MIN 32 OR BELOW:  25    0.50 INCH OR MORE:   0
MIN  0 OR BELOW:   1    1.00 INCH OR MORE:   0

[HDD (BASE 65) ]
TOTAL THIS MO.   934    CLEAR  (SCALE 0-3)  17
DPTR FM NORMAL   -15    PTCLDY (SCALE 4-7)   6
TOTAL FM JUL 1  2948    CLOUDY (SCALE 8-10)  5
DPTR FM NORMAL    82

[CDD (BASE 65) ]
TOTAL THIS MO.     0
DPTR FM NORMAL     0    [PRESSURE DATA]
TOTAL FM JAN 1     0    HIGHEST SLP M ON M
DPTR FM NORMAL     0    LOWEST  SLP 29.65 ON 25

[REMARKS]




U.S. Dept. of Commerce
NOAA National Weather Service
1325 East West Highway
Silver Spring, MD 20910
E-mail: w-nws.webmaster@noaa.gov
Page last modified: May 16, 2007
NATIONAL WEATHER SERVICE: for Safety, for Work, for Fun - FOR LIFE