432
CXUS53 KSGF 010800
CF6VIH
PRELIMINARY LOCAL CLIMATOLOGICAL DATA (WS FORM: F-6)

                                          STATION:   VICHY-ROLLA MO
                                          MONTH:     SEPTEMBER
                                          YEAR:      2014
                                          LATITUDE:   38  7 N
                                          LONGITUDE:  91 46 W

  TEMPERATURE IN F:       :PCPN:    SNOW:  WIND      :SUNSHINE: SKY     :PK WND
================================================================================
1   2   3   4   5  6A  6B    7    8   9   10  11  12  13   14  15   16   17  18
                                     12Z  AVG MX 2MIN
DY MAX MIN AVG DEP HDD CDD  WTR  SNW DPTH SPD SPD DIR MIN PSBL S-S WX    SPD DR
================================================================================

 1  82  65  74   1   0   9 0.53    M    M  9.5 24 300   M    M   6 13     30 210
 2   M   M   M   M   M   M 0.71    M    M  6.4 13 270   M    M   2 1238   22 260
 3  81  63  72  -1   0   7 0.01    M    M  8.9 17 150   M    M   1 13     21 150
 4  91  73  82  10   0  17 0.00    M    M  9.9 17 210   M    M   0        21 230
 5  91  66  79   7   0  14 0.04    M    M  9.5 21 340   M    M   2 38     27 340
 6  70  53  62 -10   3   0 0.06    M    M  6.6 16 340   M    M   6 1      20 340
 7  77  51  64  -7   1   0 0.00    M    M  5.8 14  80   M    M   0 1      18  70
 8  82  57  70  -1   0   5 0.00    M    M  7.9 12 220   M    M   3        16 200
 9  89  68  79   9   0  14 0.01    M    M 11.7 33 190   M    M   2 3      48 200
10  83  66  75   5   0  10 0.22    M    M 13.4 24 180   M    M   7 13     31 190
11  66  52  59 -11   6   0 0.01    M    M  9.6 15  40   M    M  10 1      18  20
12  56  47  52 -17  13   0 0.02    M    M  9.5 16  10   M    M  10 1      23  10
13  63  42  53 -16  12   0 0.00    M    M  7.2 15  50   M    M   3        20  30
14  69  45  57 -11   8   0 0.00    M    M  6.6 10 160   M    M   6        20 140
15  80  57  69   1   0   4 0.03    M    M 11.0 23 250   M    M   7        29 240
16  68  52  60  -8   5   0 0.00  0.0    0  5.0 12  30   M    M   7 18     13  30
17  67  56  62  -5   3   0 0.27    M    M  6.9 15 190   M    M  10 1238   19 180
18  71  56  64  -3   1   0 0.00  0.0    0  6.0 14  90   M    M   8 128    19 100
19  77  55  66   0   0   1 0.00  0.0    0  7.6 12 190   M    M   1 128    17 150
20  84  63  74   8   0   9 0.00  0.0    0  9.2 17 240   M    M   0 1      22 250
21  76  54  65   0   0   0 0.00  0.0    0 10.0 20 320   M    M   2 18     26 310
22  73  47  60  -5   5   0 0.00    M    M  4.6 12  40   M    M   0        15  40
23  76  48  62  -3   3   0 0.00    M    M  7.6 13 120   M    M   0        16 110
24  79  48  64   0   1   0 0.00    M    M  7.5 12 160   M    M   0        16 160
25  80  58  69   5   0   4 0.00    M    M  4.8 10 250   M    M   2        14 210
26  83  57  70   7   0   5 0.00    M    M  5.8 10  80   M    M   2 8      14 100
27  84  55  70   7   0   5 0.00    M    M  4.3 13 100   M    M   1        15 100
28  85  58  72   9   0   7 0.00    M    M  4.0 10 130   M    M   4        13 130
29  85  54  70   8   0   5 0.00  0.0    0  3.5 10 140   M    M   0        13 330
30  85  57  71   9   0   6 0.00    M    0  7.2 13 230   M    M   2        17 230
================================================================================
SM 2253 1623        61 122  1.91     0.0 227.5          M      104
================================================================================
AV 77.7 56.0                               7.6 FASTST   M    M   3    MAX(MPH)
                                 MISC ---->  # 33 190               # 48  200
================================================================================
NOTES:
# LAST OF SEVERAL OCCURRENCES

COLUMN 17 PEAK WIND IN M.P.H.

PRELIMINARY LOCAL CLIMATOLOGICAL DATA (WS FORM: F-6) , PAGE 2

                                          STATION:  VICHY-ROLLA MO
                                          MONTH:    SEPTEMBER
                                          YEAR:     2014
                                          LATITUDE:   38  7 N
                                          LONGITUDE:  91 46 W

[TEMPERATURE DATA]      [PRECIPITATION DATA]       SYMBOLS USED IN COLUMN 16

AVERAGE MONTHLY: 66.8   TOTAL FOR MONTH:   1.91    1 = FOG OR MIST
DPTR FM NORMAL:  -0.8   DPTR FM NORMAL:   -2.13    2 = FOG REDUCING VISIBILITY
HIGHEST:    91 ON  5, 4 GRTST 24HR  0.71 ON  2- 2      TO 1/4 MILE OR LESS
LOWEST:     42 ON 13                               3 = THUNDER
                        SNOW, ICE PELLETS, HAIL    4 = ICE PELLETS
                        TOTAL MONTH:   0.0 INCH    5 = HAIL
                        GRTST 24HR     0.0         6 = FREEZING RAIN OR DRIZZLE
                        GRTST DEPTH:   0           7 = DUSTSTORM OR SANDSTORM:
                                                       VSBY 1/2 MILE OR LESS
                                                   8 = SMOKE OR HAZE
[NO. OF DAYS WITH]      [WEATHER - DAYS WITH]      9 = BLOWING SNOW
                                                   X = TORNADO
MAX 32 OR BELOW:   0    0.01 INCH OR MORE:  11
MAX 90 OR ABOVE:   2    0.10 INCH OR MORE:   4
MIN 32 OR BELOW:   0    0.50 INCH OR MORE:   2
MIN  0 OR BELOW:   0    1.00 INCH OR MORE:   0

[HDD (BASE 65) ]
TOTAL THIS MO.    61    CLEAR  (SCALE 0-3)  19
DPTR FM NORMAL     0    PTCLDY (SCALE 4-7)   7
TOTAL FM JUL 1    64    CLOUDY (SCALE 8-10)  4
DPTR FM NORMAL     0

[CDD (BASE 65) ]
TOTAL THIS MO.   122
DPTR FM NORMAL   -19    [PRESSURE DATA]
TOTAL FM JAN 1  1161    HIGHEST SLP M ON M
DPTR FM NORMAL   -57    LOWEST  SLP 29.66 ON 10

[REMARKS]
#FINAL-09-14#




U.S. Dept. of Commerce
NOAA National Weather Service
1325 East West Highway
Silver Spring, MD 20910
E-mail: w-nws.webmaster@noaa.gov
Page last modified: May 16, 2007
NATIONAL WEATHER SERVICE: for Safety, for Work, for Fun - FOR LIFE