019
CXUS55 KVEF 020402
CF6VGT
PRELIMINARY LOCAL CLIMATOLOGICAL DATA (WS FORM: F-6)

                                          STATION:   NORTH_LAS_VEGAS NV
                                          MONTH:     NOVEMBER
                                          YEAR:      2014
                                          LATITUDE:   36 12 N
                                          LONGITUDE: 115 12 W

  TEMPERATURE IN F:       :PCPN:    SNOW:  WIND      :SUNSHINE: SKY     :PK WND
================================================================================
1   2   3   4   5  6A  6B    7    8   9   10  11  12  13   14  15   16   17  18
                                     12Z  AVG MX 2MIN
DY MAX MIN AVG DEP HDD CDD  WTR  SNW DPTH SPD SPD DIR MIN PSBL S-S WX    SPD DR
================================================================================

 1  72  57  65   3   0   0    T  0.0    0 14.0 32 260   M    M   3        38 240
 2  66  50  58  -4   7   0 0.00  0.0    0 11.6 21 340   M    M   2        27 350
 3  65  50  58  -4   7   0 0.00  0.0    0 13.4 25 350   M    M   0        33 340
 4  69  48  59  -2   6   0 0.00  0.0    0  5.9 15 350   M    M   0        20 350
 5  77  50  64   3   1   0 0.00  0.0    0  4.2 10 340   M    M   0 8      13 350
 6  77  50  64   4   1   0 0.00  0.0    0  3.9  9 350   M    M   0        10 330
 7  77  52  65   5   0   0 0.00  0.0    0  3.4 10 340   M    M   0        13 360
 8  81  53  67   7   0   2 0.00  0.0    0  2.7 14 330   M    M   0        17 330
 9  77  53  65   6   0   0 0.00  0.0    0  3.9 12 340   M    M   0        13 330
10  81  51  66   7   0   1 0.00  0.0    0  4.4 10 190   M    M   0        14 190
11  74  50  62   4   3   0 0.00  0.0    0  3.5 10  90   M    M   0        13  90
12  73  53  63   5   2   0 0.00  0.0    0  3.5 12 360   M    M   0        15 350
13  71  53  62   4   3   0 0.00  0.0    0  3.6 12  70   M    M   0        16  60
14  70  52  61   4   4   0 0.00  0.0    0  4.5 10 190   M    M   0        13 210
15  71  48  60   3   5   0 0.00  0.0    0  5.9 39 330   M    M   0 8      52 330
16  57  40  49  -7  16   0 0.00  0.0    0 10.5 32 340   M    M   0 8      40 340
17  58  35  47  -9  18   0 0.00  0.0    0  4.6 14 290   M    M   0        15 290
18  61  38  50  -5  15   0 0.00  0.0    0  3.1  8 290   M    M   0         9 300
19  61  41  51  -4  14   0 0.00  0.0    0  3.3  8 330   M    M   1        10 120
20  63  40  52  -2  13   0 0.00  0.0    0  2.3 12 330   M    M   0        14 330
21  67  48  58   4   7   0 0.00  0.0    0  3.3 12 310   M    M   0        13 340
22  69  44  57   3   8   0 0.00  0.0    0  7.1 23 330   M    M   0        30 340
23  62  47  55   2  10   0 0.00  0.0    0 13.2 31 330   M    M   0        37 320
24  66  43  55   2  10   0 0.00  0.0    0  8.1 18 350   M    M   0        24 350
25  62  38  50  -2  15   0 0.00  0.0    0  3.0  9 310   M    M   0        10 310
26  67  40  54   2  11   0 0.00  0.0    0  3.3  9 300   M    M   0        10 330
27  63  42  53   2  12   0 0.00  0.0    0  3.9  9 320   M    M   0 8      10 320
28  66  38  52   1  13   0 0.00  0.0    0  3.7  9 140   M    M   0        11 130
29  78  41  60   9   5   0 0.00  0.0    0 12.7 30 160   M    M   0        41 170
30  70  49  60  10   5   0 0.00  0.0    0  8.9 23 250   M    M   0        29 230
================================================================================
SM 2071 1394       211   3    T      0.0 179.4          M        6
================================================================================
AV 69.0 46.5                               6.0 FASTST   M    M   0    MAX(MPH)
                                 MISC ---->  # 39 330               # 52  330
================================================================================
NOTES:
# LAST OF SEVERAL OCCURRENCES

COLUMN 17 PEAK WIND IN M.P.H.

PRELIMINARY LOCAL CLIMATOLOGICAL DATA (WS FORM: F-6) , PAGE 2

                                          STATION:  NORTH_LAS_VEGAS NV
                                          MONTH:    NOVEMBER
                                          YEAR:     2014
                                          LATITUDE:   36 12 N
                                          LONGITUDE: 115 12 W

[TEMPERATURE DATA]      [PRECIPITATION DATA]       SYMBOLS USED IN COLUMN 16

AVERAGE MONTHLY: 57.8   TOTAL FOR MONTH:      T    1 = FOG OR MIST
DPTR FM NORMAL:   1.5   DPTR FM NORMAL:   -0.43    2 = FOG REDUCING VISIBILITY
HIGHEST:    81 ON 10, 8 GRTST 24HR    T  ON  1- 1      TO 1/4 MILE OR LESS
LOWEST:     35 ON 17                               3 = THUNDER
                        SNOW, ICE PELLETS, HAIL    4 = ICE PELLETS
                        TOTAL MONTH:   0.0 INCH    5 = HAIL
                        GRTST 24HR     0.0         6 = FREEZING RAIN OR DRIZZLE
                        GRTST DEPTH:   0           7 = DUSTSTORM OR SANDSTORM:
                                                       VSBY 1/2 MILE OR LESS
                                                   8 = SMOKE OR HAZE
[NO. OF DAYS WITH]      [WEATHER - DAYS WITH]      9 = BLOWING SNOW
                                                   X = TORNADO
MAX 32 OR BELOW:   0    0.01 INCH OR MORE:   0
MAX 90 OR ABOVE:   0    0.10 INCH OR MORE:   0
MIN 32 OR BELOW:   0    0.50 INCH OR MORE:   0
MIN  0 OR BELOW:   0    1.00 INCH OR MORE:   0

[HDD (BASE 65) ]
TOTAL THIS MO.   211    CLEAR  (SCALE 0-3)  30
DPTR FM NORMAL   -58    PTCLDY (SCALE 4-7)   0
TOTAL FM JUL 1   211    CLOUDY (SCALE 8-10)  0
DPTR FM NORMAL  -102

[CDD (BASE 65) ]
TOTAL THIS MO.     3
DPTR FM NORMAL    -7    [PRESSURE DATA]
TOTAL FM JAN 1  3601    HIGHEST SLP 30.45 ON 25
DPTR FM NORMAL   307    LOWEST  SLP 29.55 ON  1

[REMARKS]
#FINAL-11-14#




U.S. Dept. of Commerce
NOAA National Weather Service
1325 East West Highway
Silver Spring, MD 20910
E-mail: w-nws.webmaster@noaa.gov
Page last modified: May 16, 2007
NATIONAL WEATHER SERVICE: for Safety, for Work, for Fun - FOR LIFE