131
CXUS55 KVEF 290940
CF6VGT
PRELIMINARY LOCAL CLIMATOLOGICAL DATA (WS FORM: F-6)

                                          STATION:   NORTH_LAS_VEGAS NV
                                          MONTH:     JANUARY
                                          YEAR:      2015
                                          LATITUDE:   36 12 N
                                          LONGITUDE: 115 12 W

  TEMPERATURE IN F:       :PCPN:    SNOW:  WIND      :SUNSHINE: SKY     :PK WND
================================================================================
1   2   3   4   5  6A  6B    7    8   9   10  11  12  13   14  15   16   17  18
                                     12Z  AVG MX 2MIN
DY MAX MIN AVG DEP HDD CDD  WTR  SNW DPTH SPD SPD DIR MIN PSBL S-S WX    SPD DR
================================================================================

 1  44  27  36 -10  29   0 0.00  0.0    0  4.5 12 210   M    M   2        15 220
 2  48  26  37  -9  28   0 0.00  0.0    0  2.7  9 120   M    M   0        11 130
 3  51  29  40  -6  25   0 0.00  0.0    0  3.5  7 300   M    M   0         8 310
 4  51  31  41  -5  24   0 0.00  0.0    0  3.0  8 320   M    M   0         9 100
 5  59  34  47   1  18   0 0.00  0.0    0  2.7 10 300   M    M   0        11 160
 6  68  38  53   6  12   0 0.00  0.0    0  3.6 10 310   M    M   0        12 330
 7  72  43  58  11   7   0 0.00  0.0    0  4.5 12 340   M    M   0        14 290
 8  69  43  56   9   9   0 0.00  0.0    0  3.7  9 320   M    M   0         9 320
 9  65  42  54   7  11   0    T  0.0    0  3.2  9 100   M    M   1        11  90
10  65  47  56   9   9   0 0.00  0.0    0  4.2  9  80   M    M   2        12 130
11  55  48  52   5  13   0 0.53  0.0    0  2.3  8  60   M    M   7 1       9  70
12  60  46  53   6  12   0 0.00  0.0    0  3.4 14 340   M    M   4 1      22  20
13  60  46  53   5  12   0 0.00  0.0    0 10.7 23 330   M    M   3        32 340
14  59  41  50   2  15   0 0.00  0.0    0  7.1 18  10   M    M   0        26 340
15  59  36  48   0  17   0 0.00  0.0    0  3.3  8 310   M    M   0         9 160
16  59  37  48   0  17   0 0.00  0.0    0  2.4 13 330   M    M   0        15 330
17  64  38  51   3  14   0 0.00  0.0    0  2.7  9 310   M    M   0        11 310
18  62  42  52   4  13   0 0.00  0.0    0  2.9  8 320   M    M   0         9 320
19  65  43  54   6  11   0 0.00  0.0    0  3.4  7 310   M    M   0        10 170
20  59  41  50   1  15   0    T  0.0    0  3.8  6 320   M    M   3         M  M
21  62  46  54   5  11   0 0.00  0.0    0 14.5 25 320   M    M   1        35 350
22  56  37  47  -2  18   0 0.00  0.0    0  3.6 17 100   M    M   0        20 100
23  61  36  49   0  16   0 0.00  0.0    0  4.1 14 350   M    M   0        18 360
24  68  48  58   9   7   0 0.00  0.0    0  8.3 20  10   M    M   0        25 330
25  72  46  59  10   6   0 0.00  0.0    0  4.2 15 350   M    M   0        21 330
26  71  46  59  10   6   0 0.05    M    0  5.8 14 240   M    M   3        19 240
27  61  50  56   6   9   0 0.09  0.0    0  3.8 13 100   M    M   5 1      14 100
28  62  48  55   5  10   0 0.00  0.0    0  3.4 17 340   M    M   1        20 340
================================================================================
SM 1707 1135       394   0  0.67     0.0 125.3          M       32
================================================================================
AV 61.0 40.5                               4.5 FASTST   M    M   1    MAX(MPH)
                                 MISC ---->  # 25 320               # 35  350
================================================================================
NOTES:
# LAST OF SEVERAL OCCURRENCES

COLUMN 17 PEAK WIND IN M.P.H.

PRELIMINARY LOCAL CLIMATOLOGICAL DATA (WS FORM: F-6) , PAGE 2

                                          STATION:  NORTH_LAS_VEGAS NV
                                          MONTH:    JANUARY
                                          YEAR:     2015
                                          LATITUDE:   36 12 N
                                          LONGITUDE: 115 12 W

[TEMPERATURE DATA]      [PRECIPITATION DATA]       SYMBOLS USED IN COLUMN 16

AVERAGE MONTHLY: 50.8   TOTAL FOR MONTH:   0.67    1 = FOG OR MIST
DPTR FM NORMAL:   3.0   DPTR FM NORMAL:    0.03    2 = FOG REDUCING VISIBILITY
HIGHEST:    72 ON 25, 7 GRTST 24HR  0.53 ON 11-11      TO 1/4 MILE OR LESS
LOWEST:     26 ON  2                               3 = THUNDER
                        SNOW, ICE PELLETS, HAIL    4 = ICE PELLETS
                        TOTAL MONTH:   0.0 INCH    5 = HAIL
                        GRTST 24HR     0.0         6 = FREEZING RAIN OR DRIZZLE
                        GRTST DEPTH:   0           7 = DUSTSTORM OR SANDSTORM:
                                                       VSBY 1/2 MILE OR LESS
                                                   8 = SMOKE OR HAZE
[NO. OF DAYS WITH]      [WEATHER - DAYS WITH]      9 = BLOWING SNOW
                                                   X = TORNADO
MAX 32 OR BELOW:   0    0.01 INCH OR MORE:   3
MAX 90 OR ABOVE:   0    0.10 INCH OR MORE:   1
MIN 32 OR BELOW:   4    0.50 INCH OR MORE:   1
MIN  0 OR BELOW:   0    1.00 INCH OR MORE:   0

[HDD (BASE 65) ]
TOTAL THIS MO.   394    CLEAR  (SCALE 0-3)  23
DPTR FM NORMAL   -88    PTCLDY (SCALE 4-7)   5
TOTAL FM JUL 1  1088    CLOUDY (SCALE 8-10)  0
DPTR FM NORMAL  -274

[CDD (BASE 65) ]
TOTAL THIS MO.     0
DPTR FM NORMAL     0    [PRESSURE DATA]
TOTAL FM JAN 1     0    HIGHEST SLP M ON M
DPTR FM NORMAL     0    LOWEST  SLP 27.89 ON 27

[REMARKS]




U.S. Dept. of Commerce
NOAA National Weather Service
1325 East West Highway
Silver Spring, MD 20910
E-mail: w-nws.webmaster@noaa.gov
Page last modified: May 16, 2007
NATIONAL WEATHER SERVICE: for Safety, for Work, for Fun - FOR LIFE