256
CXUS55 KVEF 010940
CF6VGT
PRELIMINARY LOCAL CLIMATOLOGICAL DATA (WS FORM: F-6)

                                          STATION:   NORTH_LAS_VEGAS NV
                                          MONTH:     JULY
                                          YEAR:      2014
                                          LATITUDE:   36 12 N
                                          LONGITUDE: 115 12 W

  TEMPERATURE IN F:       :PCPN:    SNOW:  WIND      :SUNSHINE: SKY     :PK WND
================================================================================
1   2   3   4   5  6A  6B    7    8   9   10  11  12  13   14  15   16   17  18
                                     12Z  AVG MX 2MIN
DY MAX MIN AVG DEP HDD CDD  WTR  SNW DPTH SPD SPD DIR MIN PSBL S-S WX    SPD DR
================================================================================

 1 111  85  98   8   0  33    T  0.0    0  9.0 25 150   M    M   0        28 150
 2 112  86  99   9   0  34 0.00  0.0    0  8.6 23  80   M    M   0        31 100
 3 108  82  95   5   0  30 0.00  0.0    0  8.7 23 230   M    M   0 8      30 220
 4 102  78  90   0   0  25 0.15  0.0    0 13.8 36 180   M    M   1        47 190
 5  98  78  88  -2   0  23    T  0.0    0  8.4 23 320   M    M   1        29 320
 6 104  81  93   3   0  28    T  0.0    0  8.2 28 330   M    M   0        32 320
 7 102  82  92   1   0  27    T  0.0    0  8.4 24  70   M    M   1        36  50
 8 103  81  92   1   0  27 0.00  0.0    0  6.9 29 190   M    M   1        38 190
 9  94  75  85  -6   0  20 0.00  0.0    0  3.9 10 120   M    M   0        15 130
10  94  80  87  -4   0  22    T  0.0    0  7.1 20 100   M    M   1        23 100
11 101  77  89  -2   0  24 0.00  0.0    0  6.1 16 180   M    M   1        22 100
12 104  76  90  -1   0  25 0.00  0.0    0  4.2 14 140   M    M   0        20 150
13 110  87  99   7   0  34    T  0.0    0  9.3 28 110   M    M   0        48 110
14  99  84  92   0   0  27    T  0.0    0  9.6 21 190   M    M   0        26 180
15 100  81  91  -1   0  26    T  0.0    0  7.4 17 120   M    M   1        23 120
16 105  83  94   2   0  29 0.00  0.0    0  4.0 12 330   M    M   0        16 160
17 109  84  97   5   0  32 0.00  0.0    0  4.3 17 170   M    M   0        23 180
18 107  80  94   2   0  29 0.00  0.0    0  7.5 23 160   M    M   0        28 140
19 102  82  92   0   0  27 0.00  0.0    0  7.6 24 180   M    M   0        30 210
20 102  78  90  -2   0  25 0.00  0.0    0  8.3 23 180   M    M   0        33 170
21 103  80  92   0   0  27 0.00  0.0    0  8.5 22 220   M    M   0        28 210
22 106  76  91  -1   0  26 0.00  0.0    0  5.9 17 160   M    M   0        22 170
23 111  81  96   4   0  31 0.00  0.0    0  7.3 21 210   M    M   0        29 200
24 110  80  95   3   0  30 0.00  0.0    0  7.2 20 190   M    M   0        25 200
25 104  86  95   3   0  30 0.00  0.0    0  8.4 24 200   M    M   0        32 220
26 105  84  95   3   0  30 0.00  0.0    0  8.9 23 180   M    M   0        29 170
27 105  83  94   2   0  29    T  0.0    0 11.3 30 340   M    M   1 8      39 340
28  98  78  88  -4   0  23    T  0.0    0  5.9 22 360   M    M   3        29 350
29 100  80  90  -2   0  25 0.00  0.0    0  5.8 16 320   M    M   1        22 320
30 103  84  94   2   0  29    T  0.0    0  9.1 26 350   M    M   0        32 350
31 108  83  96   4   0  31 0.00  0.0    0  8.6 22 250   M    M   0        28 230
================================================================================
SM 3220 2515         0 858  0.15     0.0 238.2          M       12
================================================================================
AV103.9 81.1                               7.7 FASTST   M    M   0    MAX(MPH)
                                 MISC ---->  # 36 180               # 48  110
================================================================================
NOTES:
# LAST OF SEVERAL OCCURRENCES

COLUMN 17 PEAK WIND IN M.P.H.

PRELIMINARY LOCAL CLIMATOLOGICAL DATA (WS FORM: F-6) , PAGE 2

                                          STATION:  NORTH_LAS_VEGAS NV
                                          MONTH:    JULY
                                          YEAR:     2014
                                          LATITUDE:   36 12 N
                                          LONGITUDE: 115 12 W

[TEMPERATURE DATA]      [PRECIPITATION DATA]       SYMBOLS USED IN COLUMN 16

AVERAGE MONTHLY: 92.5   TOTAL FOR MONTH:   0.15    1 = FOG OR MIST
DPTR FM NORMAL:   1.2   DPTR FM NORMAL:   -0.28    2 = FOG REDUCING VISIBILITY
HIGHEST:   112 ON  2    GRTST 24HR  0.15 ON  4- 4      TO 1/4 MILE OR LESS
LOWEST:     75 ON  9                               3 = THUNDER
                        SNOW, ICE PELLETS, HAIL    4 = ICE PELLETS
                        TOTAL MONTH:   0.0 INCH    5 = HAIL
                        GRTST 24HR     0.0         6 = FREEZING RAIN OR DRIZZLE
                        GRTST DEPTH:   0           7 = DUSTSTORM OR SANDSTORM:
                                                       VSBY 1/2 MILE OR LESS
                                                   8 = SMOKE OR HAZE
[NO. OF DAYS WITH]      [WEATHER - DAYS WITH]      9 = BLOWING SNOW
                                                   X = TORNADO
MAX 32 OR BELOW:   0    0.01 INCH OR MORE:   1
MAX 90 OR ABOVE:  31    0.10 INCH OR MORE:   1
MIN 32 OR BELOW:   0    0.50 INCH OR MORE:   0
MIN  0 OR BELOW:   0    1.00 INCH OR MORE:   0

[HDD (BASE 65) ]
TOTAL THIS MO.     0    CLEAR  (SCALE 0-3)  31
DPTR FM NORMAL     0    PTCLDY (SCALE 4-7)   0
TOTAL FM JUL 1     0    CLOUDY (SCALE 8-10)  0
DPTR FM NORMAL     0

[CDD (BASE 65) ]
TOTAL THIS MO.   858
DPTR FM NORMAL    43    [PRESSURE DATA]
TOTAL FM JAN 1  2107    HIGHEST SLP M ON M
DPTR FM NORMAL   211    LOWEST  SLP 27.58 ON 31

[REMARKS]
#FINAL-07-14#




U.S. Dept. of Commerce
NOAA National Weather Service
1325 East West Highway
Silver Spring, MD 20910
E-mail: w-nws.webmaster@noaa.gov
Page last modified: May 16, 2007
NATIONAL WEATHER SERVICE: for Safety, for Work, for Fun - FOR LIFE