610
CXUS55 KGJT 011000
CF6VEL
PRELIMINARY LOCAL CLIMATOLOGICAL DATA (WS FORM: F-6)

                                          STATION:   VERNAL UT
                                          MONTH:     JANUARY
                                          YEAR:      2015
                                          LATITUDE:   40 27 N
                                          LONGITUDE: 109 31 W

  TEMPERATURE IN F:       :PCPN:    SNOW:  WIND      :SUNSHINE: SKY     :PK WND
================================================================================
1   2   3   4   5  6A  6B    7    8   9   10  11  12  13   14  15   16   17  18
                                     12Z  AVG MX 2MIN
DY MAX MIN AVG DEP HDD CDD  WTR  SNW DPTH SPD SPD DIR MIN PSBL S-S WX    SPD DR
================================================================================

 1  10  -4   3 -16  62   0 0.00    M    M  2.0  9 130   M    M   1 8      13 150
 2  18   1  10  -9  55   0 0.00    M    M  1.9  8 110   M    M   2        11 120
 3  24   5  15  -4  50   0 0.00    M    M  2.1 10 100   M    M   3        15 120
 4  29   6  18  -1  47   0 0.00    M    M  1.4  7  80   M    M   2 8       8  70
 5  38  10  24   5  41   0 0.00    M    M  3.5 10  80   M    M   4 18     12  80
 6  42  20  31  12  34   0 0.00    M    M  2.7  7 280   M    M   0         9  90
 7  43  18  31  12  34   0 0.00    M    M  3.1  9 240   M    M   0 18     12 240
 8  41  16  29  10  36   0 0.00    M    M  2.3  8 120   M    M   0 18     11 110
 9  33  17  25   6  40   0 0.00    M    M  1.5  8 290   M    M   6 18      9 270
10  34  29  32  13  33   0    T    M    M  0.8  6 330   M    M  10 18      7 320
11  35  29  32  13  33   0 0.01    M    M  0.9  7 100   M    M   9 18      9  90
12  36  29  33  14  32   0 0.10    M    M  1.0  5 310   M    M  10 18      6 260
13  47  25  36  17  29   0    T    M    M  4.5 18  20   M    M   6 12     22  10
14  33  20  27   8  38   0 0.00    M    M  2.0  8 290   M    M   9 12      9 240
15  30  27  29  10  36   0 0.00    M    M  1.3 10 190   M    M  10 1      12 190
16  33  20  27   8  38   0 0.00    M    M  2.7 10  90   M    M   7 1      11  90
17  33  19  26   7  39   0    T    M    M  2.4  8  40   M    M   6 12      9 120
18  32  19  26   7  39   0 0.00    M    M  1.5  8 330   M    M   5 128    10 330
19  28  18  23   4  42   0    T    M    M  1.6  6 140   M    M   9 128     8 140
20  33  18  26   7  39   0 0.00    M    M  2.4  8 120   M    M   8 128     9 120
21  37  18  28   9  37   0    T    M    M  8.3 25  60   M    M   5 12     30  60
22  32   9  21   2  44   0 0.00    M    M  3.8  9 130   M    M   0        12 140
23  36  17  27   8  38   0 0.00    M    M  2.0  6 300   M    M   3         8 100
24  38  15  27   8  38   0 0.00    M    M  2.6  9 210   M    M   0        18 150
25  43  16  30  10  35   0 0.00    M    M  2.9  8 240   M    M   0        11 240
26  49  18  34  14  31   0 0.00    M    M  2.3  8 290   M    M   0 1       9 280
27  45  20  33  13  32   0 0.00    M    M  2.5  8 270   M    M   4 18     11 300
28  51  24  38  18  27   0 0.00    M    M  3.4  9 340   M    M   3        12 340
29  49  28  39  19  26   0    T    M    M  2.4 12 230   M    M   4        14 250
30  42  33  38  18  27   0 0.12    M    M  2.0  5 100   M    M   9 12      5 100
31  42  29  36  15  29   0 0.02    M    M  2.8 12 140   M    M   7 12     14 140
================================================================================
SM 1116  569      1161   0  0.25    M     76.6          M      142
================================================================================
AV 36.0 18.4                               2.5 FASTST   M    M   5    MAX(MPH)
                                 MISC ---->  # 25  60               # 30   60
================================================================================
NOTES:
# LAST OF SEVERAL OCCURRENCES

COLUMN 17 PEAK WIND IN M.P.H.

PRELIMINARY LOCAL CLIMATOLOGICAL DATA (WS FORM: F-6) , PAGE 2

                                          STATION:  VERNAL UT
                                          MONTH:    JANUARY
                                          YEAR:     2015
                                          LATITUDE:   40 27 N
                                          LONGITUDE: 109 31 W

[TEMPERATURE DATA]      [PRECIPITATION DATA]       SYMBOLS USED IN COLUMN 16

AVERAGE MONTHLY: 27.2   TOTAL FOR MONTH:   0.25    1 = FOG OR MIST
DPTR FM NORMAL:   8.2   DPTR FM NORMAL:   -0.25    2 = FOG REDUCING VISIBILITY
HIGHEST:    51 ON 28    GRTST 24HR  0.14 ON 30-31      TO 1/4 MILE OR LESS
LOWEST:     -4 ON  1                               3 = THUNDER
                        SNOW, ICE PELLETS, HAIL    4 = ICE PELLETS
                        TOTAL MONTH:    M          5 = HAIL
                        GRTST 24HR    M  ON   M    6 = FREEZING RAIN OR DRIZZLE
                        GRTST DEPTH:  M  ON   M    7 = DUSTSTORM OR SANDSTORM:
                                                       VSBY 1/2 MILE OR LESS
                                                   8 = SMOKE OR HAZE
[NO. OF DAYS WITH]      [WEATHER - DAYS WITH]      9 = BLOWING SNOW
                                                   X = TORNADO
MAX 32 OR BELOW:   8    0.01 INCH OR MORE:   4
MAX 90 OR ABOVE:   0    0.10 INCH OR MORE:   2
MIN 32 OR BELOW:  30    0.50 INCH OR MORE:   0
MIN  0 OR BELOW:   1    1.00 INCH OR MORE:   0

[HDD (BASE 65) ]
TOTAL THIS MO.  1161    CLEAR  (SCALE 0-3)  13
DPTR FM NORMAL  -263    PTCLDY (SCALE 4-7)  10
TOTAL FM JUL 1  3766    CLOUDY (SCALE 8-10)  8
DPTR FM NORMAL  -629

[CDD (BASE 65) ]
TOTAL THIS MO.     0
DPTR FM NORMAL     0    [PRESSURE DATA]
TOTAL FM JAN 1     0    HIGHEST SLP 30.72 ON  7
DPTR FM NORMAL     0    LOWEST  SLP 29.91 ON 31

[REMARKS]
#FINAL-01-15#




U.S. Dept. of Commerce
NOAA National Weather Service
1325 East West Highway
Silver Spring, MD 20910
E-mail: w-nws.webmaster@noaa.gov
Page last modified: May 16, 2007
NATIONAL WEATHER SERVICE: for Safety, for Work, for Fun - FOR LIFE