074
CXUS55 KGJT 311000
CF6VEL
PRELIMINARY LOCAL CLIMATOLOGICAL DATA (WS FORM: F-6)

                                          STATION:   VERNAL UT
                                          MONTH:     JULY
                                          YEAR:      2014
                                          LATITUDE:   40 27 N
                                          LONGITUDE: 109 31 W

  TEMPERATURE IN F:       :PCPN:    SNOW:  WIND      :SUNSHINE: SKY     :PK WND
================================================================================
1   2   3   4   5  6A  6B    7    8   9   10  11  12  13   14  15   16   17  18
                                     12Z  AVG MX 2MIN
DY MAX MIN AVG DEP HDD CDD  WTR  SNW DPTH SPD SPD DIR MIN PSBL S-S WX    SPD DR
================================================================================

 1  85  58  72   2   0   7 0.00    M    M  4.7 14  30   M    M   0        19  40
 2  89  57  73   3   0   8 0.00    M    M  5.7 13 350   M    M   0        16 350
 3  92  56  74   4   0   9 0.00    M    M  6.0 22 350   M    M   0        27 340
 4  91  61  76   6   0  11 0.00    M    M  8.4 30 350   M    M   0        38 350
 5  95  59  77   6   0  12 0.00    M    M  5.6 23 310   M    M   0        33 310
 6  96  59  78   7   0  13 0.00    M    M  4.8 10 290   M    M   0        12 150
 7  98  61  80   9   0  15 0.00    M    M  5.4 15 350   M    M   0        19 350
 8  96  63  80   9   0  15 0.00    M    M  5.3 14  10   M    M   0        18  20
 9  92  60  76   4   0  11 0.00    M    M  6.4 26 240   M    M   0 8      40 270
10  88  64  76   4   0  11 0.47    M    M  4.0 40 190   M    M   2 38     48 190
11  88  64  76   4   0  11    T    M    M  4.7 18  20   M    M   2 3      24 330
12  89  61  75   3   0  10 0.00    M    M  5.4 18  10   M    M   2        26  30
13  93  65  79   7   0  14 0.00    M    M  5.2 14  10   M    M   0        18 360
14  91  67  79   7   0  14    T    M    M  7.4 46  10   M    M   0 38     62  10
15  91  59  75   3   0  10 0.00    M    M  3.7 16  70   M    M   0 38     20  70
16  89  62  76   3   0  11    T    M    M  7.1 22 350   M    M   1 38     31 360
17  86  57  72  -1   0   7 0.00    M    M  4.4 10 180   M    M   1        14 170
18  91  60  76   3   0  11 0.00    M    M  5.1 25 340   M    M   1        30 340
19  94  58  76   3   0  11 0.00    M    M  5.7 18 350   M    M   0        24 350
20  89  61  75   2   0  10    T    M    M  6.7 32 250   M    M   1 38     46 260
21  93  55  74   1   0   9 0.00    M    M  5.0 14 220   M    M   0        18 200
22  96  58  77   4   0  12 0.00    M    M  4.7 13 140   M    M   0        17 140
23  97  57  77   4   0  12 0.00    M    M  6.1 23 310   M    M   0        29 310
24  89  67  78   5   0  13 0.12    M    M  7.5 25 230   M    M   3 3      33 230
25  95  63  79   6   0  14 0.00    M    M  6.2 22 210   M    M   0        31 210
26  93  64  79   6   0  14    T    M    M  6.4 26 330   M    M   0        36 340
27  91  65  78   5   0  13 0.00    M    M  5.3 14 180   M    M   0        19 180
28  86  63  75   2   0  10    T    M    M  6.3 20 210   M    M   3        26 200
29  80  61  71  -2   0   6 0.08    M    M  4.2 25 350   M    M   5 13     33 350
30  72  61  67  -6   0   2 0.04    M    M  5.3 20  10   M    M   9        22 360
================================================================================
SM 2715 1826         0 326  0.71    M    168.7          M       30
================================================================================
AV 90.5 60.9                               5.6 FASTST   M    M   1    MAX(MPH)
                                 MISC ---->  # 46  10               # 62   10
================================================================================
NOTES:
# LAST OF SEVERAL OCCURRENCES

COLUMN 17 PEAK WIND IN M.P.H.

PRELIMINARY LOCAL CLIMATOLOGICAL DATA (WS FORM: F-6) , PAGE 2

                                          STATION:  VERNAL UT
                                          MONTH:    JULY
                                          YEAR:     2014
                                          LATITUDE:   40 27 N
                                          LONGITUDE: 109 31 W

[TEMPERATURE DATA]      [PRECIPITATION DATA]       SYMBOLS USED IN COLUMN 16

AVERAGE MONTHLY: 75.7   TOTAL FOR MONTH:   0.71    1 = FOG OR MIST
DPTR FM NORMAL:   3.6   DPTR FM NORMAL:    0.10    2 = FOG REDUCING VISIBILITY
HIGHEST:    98 ON  7    GRTST 24HR  0.47 ON 10-10      TO 1/4 MILE OR LESS
LOWEST:     55 ON 21                               3 = THUNDER
                        SNOW, ICE PELLETS, HAIL    4 = ICE PELLETS
                        TOTAL MONTH:    M          5 = HAIL
                        GRTST 24HR    M  ON   M    6 = FREEZING RAIN OR DRIZZLE
                        GRTST DEPTH:  M  ON   M    7 = DUSTSTORM OR SANDSTORM:
                                                       VSBY 1/2 MILE OR LESS
                                                   8 = SMOKE OR HAZE
[NO. OF DAYS WITH]      [WEATHER - DAYS WITH]      9 = BLOWING SNOW
                                                   X = TORNADO
MAX 32 OR BELOW:   0    0.01 INCH OR MORE:   4
MAX 90 OR ABOVE:  18    0.10 INCH OR MORE:   2
MIN 32 OR BELOW:   0    0.50 INCH OR MORE:   0
MIN  0 OR BELOW:   0    1.00 INCH OR MORE:   0

[HDD (BASE 65) ]
TOTAL THIS MO.     0    CLEAR  (SCALE 0-3)  28
DPTR FM NORMAL    -2    PTCLDY (SCALE 4-7)   1
TOTAL FM JUL 1     0    CLOUDY (SCALE 8-10)  1
DPTR FM NORMAL    -2

[CDD (BASE 65) ]
TOTAL THIS MO.   326
DPTR FM NORMAL   108    [PRESSURE DATA]
TOTAL FM JAN 1   452    HIGHEST SLP M ON M
DPTR FM NORMAL   143    LOWEST  SLP 29.71 ON 16

[REMARKS]




U.S. Dept. of Commerce
NOAA National Weather Service
1325 East West Highway
Silver Spring, MD 20910
E-mail: w-nws.webmaster@noaa.gov
Page last modified: May 16, 2007
NATIONAL WEATHER SERVICE: for Safety, for Work, for Fun - FOR LIFE