113
CXUS55 KGJT 231000
CF6VEL
PRELIMINARY LOCAL CLIMATOLOGICAL DATA (WS FORM: F-6)

                                          STATION:   VERNAL UT
                                          MONTH:     APRIL
                                          YEAR:      2014
                                          LATITUDE:   40 27 N
                                          LONGITUDE: 109 31 W

  TEMPERATURE IN F:       :PCPN:    SNOW:  WIND      :SUNSHINE: SKY     :PK WND
================================================================================
1   2   3   4   5  6A  6B    7    8   9   10  11  12  13   14  15   16   17  18
                                     12Z  AVG MX 2MIN
DY MAX MIN AVG DEP HDD CDD  WTR  SNW DPTH SPD SPD DIR MIN PSBL S-S WX    SPD DR
================================================================================

 1  49  34  42  -1  23   0 0.01    M    M  7.3 23 300   M    M   9 13     30 280
 2  41  31  36  -7  29   0 0.10    M    M  5.9 20 340   M    M   8 12     23 350
 3  49  23  36  -7  29   0 0.00    M    M  4.0 14 250   M    M   2        19 240
 4  54  26  40  -3  25   0 0.00    M    M  4.9 16 180   M    M   3        20 200
 5  54  34  44   0  21   0    T    M    M  6.1 21 350   M    M   6        24 340
 6  54  30  42  -2  23   0    T    M    M  5.8 17 190   M    M   6        24 360
 7  61  34  48   4  17   0 0.00    M    M  5.6 14 150   M    M   1        19 300
 8  67  30  49   5  16   0 0.00    M    M  4.9 12 140   M    M   0        17 120
 9  74  36  55  10  10   0 0.00    M    M  7.1 25 250   M    M   0        34 240
10  71  36  54   9  11   0 0.00    M    M  8.2 26 230   M    M   0        34 240
11  74  34  54   9  11   0 0.00    M    M  6.1 20 280   M    M   0        28 270
12  72  42  57  11   8   0 0.00    M    M  7.0 26 190   M    M   3        38 190
13  50  29  40  -6  25   0 0.20    M    M 15.8 36  50   M    M   6 1      43  40
14  45  23  34 -12  31   0 0.00    M    M  6.3 21  40   M    M   3        25  40
15  62  26  44  -2  21   0 0.00    M    M  5.3 16 250   M    M   0        28 260
16  58  35  47   0  18   0 0.00    M    M  6.1 16 150   M    M   1        21 110
17  65  31  48   1  17   0 0.00    M    M  5.3 15 220   M    M   0        19 210
18  75  38  57  10   8   0 0.00    M    M  7.3 20 220   M    M   1        26 240
19  69  45  57   9   8   0 0.00    M    M  6.5 21 190   M    M   3        26 180
20  68  39  54   6  11   0 0.01    M    M  4.7 23 320   M    M   3        29 330
21  72  38  55   7  10   0 0.00    M    M  4.5 14 210   M    M   1        19 220
22  69  47  58   9   7   0    T    M    M 11.0 30 290   M    M   3 3      40 270
================================================================================
SM 1353  741       379   0  0.32    M    145.7          M       59
================================================================================
AV 61.5 33.7                               6.6 FASTST   M    M   3    MAX(MPH)
                                 MISC ---->  # 36  50               # 43   40
================================================================================
NOTES:
# LAST OF SEVERAL OCCURRENCES

COLUMN 17 PEAK WIND IN M.P.H.

PRELIMINARY LOCAL CLIMATOLOGICAL DATA (WS FORM: F-6) , PAGE 2

                                          STATION:  VERNAL UT
                                          MONTH:    APRIL
                                          YEAR:     2014
                                          LATITUDE:   40 27 N
                                          LONGITUDE: 109 31 W

[TEMPERATURE DATA]      [PRECIPITATION DATA]       SYMBOLS USED IN COLUMN 16

AVERAGE MONTHLY: 47.6   TOTAL FOR MONTH:   0.32    1 = FOG OR MIST
DPTR FM NORMAL:   2.1   DPTR FM NORMAL:   -0.24    2 = FOG REDUCING VISIBILITY
HIGHEST:    75 ON 18    GRTST 24HR  0.20 ON 12-13      TO 1/4 MILE OR LESS
LOWEST:     23 ON 14, 3                            3 = THUNDER
                        SNOW, ICE PELLETS, HAIL    4 = ICE PELLETS
                        TOTAL MONTH:    M          5 = HAIL
                        GRTST 24HR    M  ON   M    6 = FREEZING RAIN OR DRIZZLE
                        GRTST DEPTH:  M  ON   M    7 = DUSTSTORM OR SANDSTORM:
                                                       VSBY 1/2 MILE OR LESS
                                                   8 = SMOKE OR HAZE
[NO. OF DAYS WITH]      [WEATHER - DAYS WITH]      9 = BLOWING SNOW
                                                   X = TORNADO
MAX 32 OR BELOW:   0    0.01 INCH OR MORE:   4
MAX 90 OR ABOVE:   0    0.10 INCH OR MORE:   2
MIN 32 OR BELOW:   9    0.50 INCH OR MORE:   0
MIN  0 OR BELOW:   0    1.00 INCH OR MORE:   0

[HDD (BASE 65) ]
TOTAL THIS MO.   379    CLEAR  (SCALE 0-3)  14
DPTR FM NORMAL   -50    PTCLDY (SCALE 4-7)   7
TOTAL FM JUL 1  6937    CLOUDY (SCALE 8-10)  1
DPTR FM NORMAL   177

[CDD (BASE 65) ]
TOTAL THIS MO.     0
DPTR FM NORMAL     0    [PRESSURE DATA]
TOTAL FM JAN 1     0    HIGHEST SLP M ON M
DPTR FM NORMAL     0    LOWEST  SLP 29.45 ON 22

[REMARKS]




U.S. Dept. of Commerce
NOAA National Weather Service
1325 East West Highway
Silver Spring, MD 20910
E-mail: w-nws.webmaster@noaa.gov
Page last modified: May 16, 2007
NATIONAL WEATHER SERVICE: for Safety, for Work, for Fun - FOR LIFE