341
CXUS54 KCRP 011300
CF6VCT
PRELIMINARY LOCAL CLIMATOLOGICAL DATA (WS FORM: F-6)

                                          STATION:   VICTORIA
                                          MONTH:     SEPTEMBER
                                          YEAR:      2014
                                          LATITUDE:   28 51 N
                                          LONGITUDE:  96 55 W

  TEMPERATURE IN F:       :PCPN:    SNOW:  WIND      :SUNSHINE: SKY     :PK WND
================================================================================
1   2   3   4   5  6A  6B    7    8   9   10  11  12  13   14  15   16   17  18
                                     12Z  AVG MX 2MIN
DY MAX MIN AVG DEP HDD CDD  WTR  SNW DPTH SPD SPD DIR MIN PSBL S-S WX    SPD DR
================================================================================

 1  97  78  88   5   0  23 0.00  0.0    0 10.3 22 140   M    M   2 1      27 140
 2  97  78  88   5   0  23 0.14  0.0    0 11.7 25 140   M    M   2 18     31 150
 3  96  77  87   4   0  22 0.00  0.0    0 10.4 23 130   M    M   2 1      29 130
 4  87  77  82   0   0  17 0.16  0.0    0  6.5 22 130   M    M   2 13     29 140
 5  95  77  86   4   0  21    T  0.0    0  8.4 22 140   M    M   2 13     28 140
 6  95  76  86   4   0  21 0.10  0.0    0  6.7 23 140   M    M   1 13     27 140
 7  91  77  84   2   0  19    T  0.0    0  6.4 24 280   M    M   2 13     30 270
 8  97  74  86   4   0  21 0.00  0.0    0  4.7 17 170   M    M   3 1      20 170
 9  98  74  86   5   0  21 0.00  0.0    0  7.6 21 150   M    M   1 1      31 150
10 100  78  89   8   0  24 0.00  0.0    0 10.6 21 160   M    M   2        27 150
11 100  78  89   8   0  24 0.00  0.0    0  8.4 22 150   M    M   2        26 130
12  92  75  84   3   0  19 0.13  0.0    0  6.9 21 190   M    M   4 13     25 200
13  78  68  73  -7   0   8 0.01  0.0    0 12.7 21  10   M    M   9 1      26  10
14  82  70  76  -4   0  11 0.00  0.0    0  8.8 15  20   M    M  10 18     18  30
15  95  70  83   3   0  18    T  0.0    0  5.8 13  60   M    M   6 13     16  90
16  93  77  85   5   0  20 0.01  0.0    0  6.9 21 140   M    M   4 13     25 150
17  96  76  86   6   0  21 0.26  0.0    0  6.4 14  40   M    M   5 123    20 220
18  92  77  85   6   0  20 0.25  0.0    0  5.8 30 180   M    M   6 13     36 180
19  88  76  82   3   0  17    T  0.0    0  6.8 17  70   M    M   3 13     22  60
20  92  76  84   5   0  19 1.27  0.0    0  6.9 22 100   M    M   5 138    27 100
21  93  73  83   5   0  18 0.00  0.0    0  9.2 17  70   M    M   1 1      22  80
22  95  70  83   5   0  18 0.02  0.0    0  6.2 18 130   M    M   2 1      23 110
23  90  67  79   1   0  14    T  0.0    0  8.1 18  30   M    M   0 1      22  50
24  89  64  77  -1   0  12 0.00  0.0    0  6.7 15 360   M    M   1        19  30
25  88  67  78   0   0  13    T  0.0    0  9.6 22  50   M    M   4        26  70
26  86  70  78   1   0  13    T  0.0    0  7.4 17 120   M    M   4 1      21 110
27  81  72  77   0   0  12 0.17  0.0    0  7.4 16 330   M    M   7 1      22 330
28  88  71  80   3   0  15 0.20  0.0    0  6.0 16 100   M    M   7 1      22 100
29  91  73  82   6   0  17 0.00  0.0    0  7.4 16  40   M    M   3 1      20  50
30  90  73  82   6   0  17 0.00  0.0    0  6.3 15 140   M    M   4 128    18 130
================================================================================
SM 2752 2209         0 538  2.72     0.0 233.0          M      106
================================================================================
AV 91.7 73.6                               7.8 FASTST   M    M   4    MAX(MPH)
                                 MISC ---->  # 30 180               # 36  180
================================================================================
NOTES:
# LAST OF SEVERAL OCCURRENCES

COLUMN 17 PEAK WIND IN M.P.H.

PRELIMINARY LOCAL CLIMATOLOGICAL DATA (WS FORM: F-6) , PAGE 2

                                          STATION:  VICTORIA
                                          MONTH:    SEPTEMBER
                                          YEAR:     2014
                                          LATITUDE:   28 51 N
                                          LONGITUDE:  96 55 W

[TEMPERATURE DATA]      [PRECIPITATION DATA]       SYMBOLS USED IN COLUMN 16

AVERAGE MONTHLY: 82.7   TOTAL FOR MONTH:   2.72    1 = FOG OR MIST
DPTR FM NORMAL:   2.9   DPTR FM NORMAL:   -1.44    2 = FOG REDUCING VISIBILITY
HIGHEST:   100 ON 11,10 GRTST 24HR  1.27 ON 20-20      TO 1/4 MILE OR LESS
LOWEST:     64 ON 24                               3 = THUNDER
                        SNOW, ICE PELLETS, HAIL    4 = ICE PELLETS
                        TOTAL MONTH:   0.0 INCH    5 = HAIL
                        GRTST 24HR     0.0         6 = FREEZING RAIN OR DRIZZLE
                        GRTST DEPTH:   0           7 = DUSTSTORM OR SANDSTORM:
                                                       VSBY 1/2 MILE OR LESS
                                                   8 = SMOKE OR HAZE
[NO. OF DAYS WITH]      [WEATHER - DAYS WITH]      9 = BLOWING SNOW
                                                   X = TORNADO
MAX 32 OR BELOW:   0    0.01 INCH OR MORE:  12
MAX 90 OR ABOVE:  21    0.10 INCH OR MORE:   9
MIN 32 OR BELOW:   0    0.50 INCH OR MORE:   1
MIN  0 OR BELOW:   0    1.00 INCH OR MORE:   1

[HDD (BASE 65) ]
TOTAL THIS MO.     0    CLEAR  (SCALE 0-3)  17
DPTR FM NORMAL    -1    PTCLDY (SCALE 4-7)  11
TOTAL FM JUL 1     0    CLOUDY (SCALE 8-10)  2
DPTR FM NORMAL    -1

[CDD (BASE 65) ]
TOTAL THIS MO.   538
DPTR FM NORMAL    93    [PRESSURE DATA]
TOTAL FM JAN 1  3104    HIGHEST SLP 30.18 ON 14
DPTR FM NORMAL   306    LOWEST  SLP 29.76 ON 30

[REMARKS]
#FINAL-09-14#




U.S. Dept. of Commerce
NOAA National Weather Service
1325 East West Highway
Silver Spring, MD 20910
E-mail: w-nws.webmaster@noaa.gov
Page last modified: May 16, 2007
NATIONAL WEATHER SERVICE: for Safety, for Work, for Fun - FOR LIFE