739
CXUS54 KCRP 011300
CF6VCT
PRELIMINARY LOCAL CLIMATOLOGICAL DATA (WS FORM: F-6)

                                          STATION:   VICTORIA
                                          MONTH:     JULY
                                          YEAR:      2014
                                          LATITUDE:   28 51 N
                                          LONGITUDE:  96 55 W

  TEMPERATURE IN F:       :PCPN:    SNOW:  WIND      :SUNSHINE: SKY     :PK WND
================================================================================
1   2   3   4   5  6A  6B    7    8   9   10  11  12  13   14  15   16   17  18
                                     12Z  AVG MX 2MIN
DY MAX MIN AVG DEP HDD CDD  WTR  SNW DPTH SPD SPD DIR MIN PSBL S-S WX    SPD DR
================================================================================

 1  93  76  85   2   0  20 0.00  0.0    0 10.8 21 170   M    M   2 1      29 160
 2  95  74  85   2   0  20 0.04  0.0    0  5.3 26 160   M    M   2 123    31 160
 3  97  74  86   3   0  21 2.26  0.0    0  4.7 31  80   M    M   2 13     40  90
 4  93  72  83   0   0  18 0.01  0.0    0  5.6 36 160   M    M   3 13     45 150
 5  93  73  83  -1   0  18 0.01  0.0    0  4.8 30 170   M    M   2 138    39 170
 6  93  73  83  -1   0  18 0.00  0.0    0  7.1 18 160   M    M   0 1      22 160
 7  93  73  83  -1   0  18 0.00  0.0    0  7.7 17 170   M    M   0        23 170
 8  93  76  85   1   0  20 0.00  0.0    0  9.3 21 150   M    M   1 1      24 160
 9  93  72  83  -1   0  18 0.00  0.0    0  8.4 16 170   M    M   0 1      23 190
10  91  73  82  -2   0  17 0.01  0.0    0  6.9 43 150   M    M   1 1      54 150
11  93  73  83  -1   0  18 0.00  0.0    0  8.5 20 160   M    M   1 8      25 180
12  94  71  83  -1   0  18    M  0.0    0   M  11 160   M    M   1 1      17 160
13  96  73  85   1   0  20 0.00  0.0    0  5.8 16 160   M    M   1 1      19 160
14  96  74  85   1   0  20 0.00  0.0    0  7.8 20 160   M    M   1 128    23 150
15  94  76  85   1   0  20 0.00  0.0    0  5.8 15 110   M    M   2        20 120
16  96  76  86   2   0  21    T  0.0    0  6.6 17 150   M    M   2 1      20 180
17  94  77  86   2   0  21 0.00  0.0    0 13.6 24 170   M    M   2        29 170
18  89  77  83  -1   0  18 0.00  0.0    0  6.4 14 330   M    M   5 138    16 320
19  97  75  86   2   0  21 0.00  0.0    0  7.0 14 130   M    M   4 1      16 130
20  98  78  88   4   0  23    T  0.0    0  6.9 17 150   M    M   2 18     22 160
21  98  77  88   4   0  23 0.00  0.0    0  8.7 18 170   M    M   2 1      22 180
22  98  74  86   2   0  21 0.00  0.0    0  6.3 16 160   M    M   1 18     20 140
23 101  75  88   4   0  23 0.00  0.0    0  5.7 24 150   M    M   3 128    27 150
24  96  78  87   3   0  22    T  0.0    0  6.5 20 140   M    M   2 138    23 130
25  99  76  88   4   0  23 0.04  0.0    0  8.2 26 160   M    M   1 18     32 160
26 100  78  89   5   0  24 0.00  0.0    0 11.1 23 160   M    M   1 18     29 160
27  99  75  87   3   0  22 0.00  0.0    0 10.6 22 160   M    M   1 1      30 150
28 101  76  89   5   0  24 0.00  0.0    0  8.5 20 160   M    M   1 1      25 160
29 101  75  88   4   0  23 0.00  0.0    0  5.8 20 150   M    M   2 18     24 160
30  99  75  87   3   0  22 0.00  0.0    0  9.0 21 170   M    M   1 1      24 180
31 100  77  89   5   0  24 0.00  0.0    0 10.7 22 170   M    M   2 1      27 150
================================================================================
SM 2973 2322         0 639  2.37     0.0 230.1          M       51
================================================================================
AV 95.9 74.9                               7.7 FASTST   M    M   2    MAX(MPH)
                                 MISC ---->  # 43 150               # 54  150
================================================================================
NOTES:
# LAST OF SEVERAL OCCURRENCES

COLUMN 17 PEAK WIND IN M.P.H.

PRELIMINARY LOCAL CLIMATOLOGICAL DATA (WS FORM: F-6) , PAGE 2

                                          STATION:  VICTORIA
                                          MONTH:    JULY
                                          YEAR:     2014
                                          LATITUDE:   28 51 N
                                          LONGITUDE:  96 55 W

[TEMPERATURE DATA]      [PRECIPITATION DATA]       SYMBOLS USED IN COLUMN 16

AVERAGE MONTHLY: 85.4   TOTAL FOR MONTH:   2.37    1 = FOG OR MIST
DPTR FM NORMAL:   1.5   DPTR FM NORMAL:   -1.81    2 = FOG REDUCING VISIBILITY
HIGHEST:   101 ON 29,28 GRTST 24HR  2.26 ON  3- 3      TO 1/4 MILE OR LESS
LOWEST:     71 ON 12                               3 = THUNDER
                        SNOW, ICE PELLETS, HAIL    4 = ICE PELLETS
                        TOTAL MONTH:   0.0 INCH    5 = HAIL
                        GRTST 24HR     0.0         6 = FREEZING RAIN OR DRIZZLE
                        GRTST DEPTH:   0           7 = DUSTSTORM OR SANDSTORM:
                                                       VSBY 1/2 MILE OR LESS
                                                   8 = SMOKE OR HAZE
[NO. OF DAYS WITH]      [WEATHER - DAYS WITH]      9 = BLOWING SNOW
                                                   X = TORNADO
MAX 32 OR BELOW:   0    0.01 INCH OR MORE:   6
MAX 90 OR ABOVE:  30    0.10 INCH OR MORE:   1
MIN 32 OR BELOW:   0    0.50 INCH OR MORE:   1
MIN  0 OR BELOW:   0    1.00 INCH OR MORE:   1

[HDD (BASE 65) ]
TOTAL THIS MO.     0    CLEAR  (SCALE 0-3)  29
DPTR FM NORMAL     0    PTCLDY (SCALE 4-7)   2
TOTAL FM JUL 1     0    CLOUDY (SCALE 8-10)  0
DPTR FM NORMAL     0

[CDD (BASE 65) ]
TOTAL THIS MO.   639
DPTR FM NORMAL    53    [PRESSURE DATA]
TOTAL FM JAN 1  1847    HIGHEST SLP 30.18 ON  4
DPTR FM NORMAL    94    LOWEST  SLP 29.80 ON 17

[REMARKS]
#FINAL-07-14#




U.S. Dept. of Commerce
NOAA National Weather Service
1325 East West Highway
Silver Spring, MD 20910
E-mail: w-nws.webmaster@noaa.gov
Page last modified: May 16, 2007
NATIONAL WEATHER SERVICE: for Safety, for Work, for Fun - FOR LIFE