185
CXUS56 KSTO 301455
CF6VCB
PRELIMINARY LOCAL CLIMATOLOGICAL DATA (WS FORM: F-6)

                                          STATION:   VACAVILLE AIRPORT CA
                                          MONTH:     AUGUST
                                          YEAR:      2014
                                          LATITUDE:   38 22 N
                                          LONGITUDE: 121 58 W

  TEMPERATURE IN F:       :PCPN:    SNOW:  WIND      :SUNSHINE: SKY     :PK WND
================================================================================
1   2   3   4   5  6A  6B    7    8   9   10  11  12  13   14  15   16   17  18
                                     12Z  AVG MX 2MIN
DY MAX MIN AVG DEP HDD CDD  WTR  SNW DPTH SPD SPD DIR MIN PSBL S-S WX    SPD DR
================================================================================

 1 109  62  86  10   0  21 0.00  0.0    0  5.8 17 270   M    M   0        22 280
 2  94  62  78   2   0  13 0.00  0.0    0  8.5 16 250   M    M   0        21 190
 3  86  58  72  -4   0   7 0.00  0.0    0 10.2 16 190   M    M   0        23 190
 4  83  60  72  -4   0   7    T  0.0    0  5.9 14 230   M    M   0        18 220
 5  77  64  71  -5   0   6    T  0.0    0  2.0 10 230   M    M   5        14 230
 6  93  67  80   4   0  15 0.00  0.0    0  5.5 14 180   M    M   2        18 180
 7  96  62  79   3   0  14 0.00  0.0    0  8.1 16 180   M    M   0        23 210
 8  96  60  78   2   0  13 0.00  0.0    0  7.5 14 180   M    M   0        20  20
 9  88  59  74  -2   0   9 0.00  0.0    0  8.9 16 210   M    M   0        23 210
10  88  56  72  -4   0   7 0.00  0.0    0  7.8 16 220   M    M   0        20 220
11  96  58  77   1   0  12 0.00  0.0    0  6.8 17 230   M    M   0        23 220
12  85  61  73  -3   0   8 0.00  0.0    0 12.7 24 230   M    M   0        31 220
13  89  59  74  -2   0   9 0.00  0.0    0  9.2 17 230   M    M   1        23 270
14  89  57  73  -3   0   8 0.00  0.0    0  7.3 16 180   M    M   0 8      21 190
15  94  56  75  -1   0  10 0.00  0.0    0  6.0 15 230   M    M   0        19 220
16  95  55  75  -1   0  10 0.00  0.0    0  4.2 14 190   M    M   0        18 180
17  93  55  74  -2   0   9 0.00  0.0    0  5.9 13 180   M    M   0        15 230
18  89  57  73  -3   0   8 0.00  0.0    0  8.2 16 220   M    M   0        23 220
19  85  57  71  -5   0   6 0.00  0.0    0  9.9 18 220   M    M   0        27 240
20  78  59  69  -6   0   4 0.00  0.0    0  9.6 21 230   M    M   0        29 220
21  89  57  73  -2   0   8 0.00  0.0    0  5.8 15 220   M    M   0        22 230
22  88  61  75   0   0  10 0.00  0.0    0 10.4 18 230   M    M   0        24 240
23  89  55  72  -3   0   7 0.00  0.0    0  5.8 14 180   M    M   0        17 210
24  92  57  75   0   0  10 0.00  0.0    0  7.2 15 230   M    M   0        20 220
25  83  59  71  -4   0   6 0.00  0.0    0 11.4 22 220   M    M   0        29 230
26  90  55  73  -2   0   8 0.00  0.0    0  5.3 14 200   M    M   0        21 190
27  95  60  78   3   0  13 0.00  0.0    0  4.7 13 220   M    M   0        18 220
28  99  59  79   4   0  14 0.00  0.0    0  5.3 16 240   M    M   0        19 240
29  93  60  77   2   0  12 0.00  0.0    0  5.2 15 220   M    M   0        20 210
================================================================================
SM 2621 1707         0 284    T      0.0 211.1          M        8
================================================================================
AV 90.4 58.9                               7.3 FASTST   M    M   0    MAX(MPH)
                                 MISC ---->  # 24 230               # 31  220
================================================================================
NOTES:
# LAST OF SEVERAL OCCURRENCES

COLUMN 17 PEAK WIND IN M.P.H.

PRELIMINARY LOCAL CLIMATOLOGICAL DATA (WS FORM: F-6) , PAGE 2

                                          STATION:  VACAVILLE AIRPORT CA
                                          MONTH:    AUGUST
                                          YEAR:     2014
                                          LATITUDE:   38 22 N
                                          LONGITUDE: 121 58 W

[TEMPERATURE DATA]      [PRECIPITATION DATA]       SYMBOLS USED IN COLUMN 16

AVERAGE MONTHLY: 74.6   TOTAL FOR MONTH:      T    1 = FOG OR MIST
DPTR FM NORMAL:  -1.0   DPTR FM NORMAL:   -0.05    2 = FOG REDUCING VISIBILITY
HIGHEST:   109 ON  1    GRTST 24HR    T  ON  5- 5      TO 1/4 MILE OR LESS
LOWEST:     55 ON 26,23                            3 = THUNDER
                        SNOW, ICE PELLETS, HAIL    4 = ICE PELLETS
                        TOTAL MONTH:   0.0 INCH    5 = HAIL
                        GRTST 24HR     0.0         6 = FREEZING RAIN OR DRIZZLE
                        GRTST DEPTH:   0           7 = DUSTSTORM OR SANDSTORM:
                                                       VSBY 1/2 MILE OR LESS
                                                   8 = SMOKE OR HAZE
[NO. OF DAYS WITH]      [WEATHER - DAYS WITH]      9 = BLOWING SNOW
                                                   X = TORNADO
MAX 32 OR BELOW:   0    0.01 INCH OR MORE:   0
MAX 90 OR ABOVE:  14    0.10 INCH OR MORE:   0
MIN 32 OR BELOW:   0    0.50 INCH OR MORE:   0
MIN  0 OR BELOW:   0    1.00 INCH OR MORE:   0

[HDD (BASE 65) ]
TOTAL THIS MO.     0    CLEAR  (SCALE 0-3)  28
DPTR FM NORMAL     0    PTCLDY (SCALE 4-7)   1
TOTAL FM JUL 1     0    CLOUDY (SCALE 8-10)  0
DPTR FM NORMAL     0

[CDD (BASE 65) ]
TOTAL THIS MO.   284
DPTR FM NORMAL   -23    [PRESSURE DATA]
TOTAL FM JAN 1  1039    HIGHEST SLP M ON M
DPTR FM NORMAL    34    LOWEST  SLP 29.71 ON 18

[REMARKS]




U.S. Dept. of Commerce
NOAA National Weather Service
1325 East West Highway
Silver Spring, MD 20910
E-mail: w-nws.webmaster@noaa.gov
Page last modified: May 16, 2007
NATIONAL WEATHER SERVICE: for Safety, for Work, for Fun - FOR LIFE