117
CXUS56 KSTO 251455
CF6VCB
PRELIMINARY LOCAL CLIMATOLOGICAL DATA (WS FORM: F-6)

                                          STATION:   VACAVILLE AIRPORT CA
                                          MONTH:     NOVEMBER
                                          YEAR:      2014
                                          LATITUDE:   38 22 N
                                          LONGITUDE: 121 58 W

  TEMPERATURE IN F:       :PCPN:    SNOW:  WIND      :SUNSHINE: SKY     :PK WND
================================================================================
1   2   3   4   5  6A  6B    7    8   9   10  11  12  13   14  15   16   17  18
                                     12Z  AVG MX 2MIN
DY MAX MIN AVG DEP HDD CDD  WTR  SNW DPTH SPD SPD DIR MIN PSBL S-S WX    SPD DR
================================================================================

 1  69  47  58  -1   7   0 0.00  0.0    0  3.1 12  20   M    M   1        19  40
 2  71  43  57  -1   8   0 0.00  0.0    0  4.4 17 330   M    M   1        23 320
 3  71  42  57  -1   8   0 0.00  0.0    0  1.6  6 330   M    M   0         8 220
 4  72  41  57  -1   8   0 0.00  0.0    0  1.6  7  30   M    M   0        11  40
 5  75  44  60   3   5   0 0.00  0.0    0  2.5  9 110   M    M   0        13  70
 6  77  48  63   6   2   0 0.00  0.0    0  1.9  7 130   M    M   0 18     10 130
 7  79  46  63   6   2   0 0.00  0.0    0  2.0  7  50   M    M   0        10  30
 8  81  45  63   7   2   0 0.00  0.0    0  2.2  8  30   M    M   0 1      11  50
 9  79  44  62   6   3   0 0.00  0.0    0  0.5  7  90   M    M   0         9  70
10  79  46  63   7   2   0 0.00  0.0    0  3.2 10 240   M    M   0        14  30
11  67  51  59   4   6   0 0.00  0.0    0  8.7 17 260   M    M   2        26 170
12  67  44  56   1   9   0 0.00  0.0    0  2.9 10 220   M    M   6        14 220
13  64  51  58   4   7   0 0.18  0.0    0  2.4  9 180   M    M   7 18     13 190
14  67  45  56   2   9   0 0.00  0.0    0  1.8  8 100   M    M   2 12     11  90
15  66  43  55   1  10   0 0.00  0.0    0  1.8  9 350   M    M   1 1      12 330
16  66  38  52  -2  13   0 0.00  0.0    0  6.2 20 340   M    M   0        25 340
17  68  38  53   0  12   0 0.00  0.0    0  3.7 13  20   M    M   0        22 350
18  64  37  51  -2  14   0 0.00  0.0    0  2.2  8  20   M    M   1        12  20
19  52  49  51  -1  14   0 0.13    M    0  3.0 12 340   M    M   9 1      17 330
20  55  51  53   1  12   0 0.15  0.0    0  2.3 14 130   M    M  10 1      19 110
21  59  45  52   0  13   0    T    M    0  3.9  9 190   M    M   8 12     12 190
22  71  44  58   7   7   0 0.42    M    0  5.8 16 250   M    M   6 128    20 170
23  68  40  54   3  11   0 0.00  0.0    0  3.1 13 350   M    M   0        18 360
24  68  36  52   1  13   0 0.00  0.0    0  1.2  7 130   M    M   0        10 140
================================================================================
SM 1655 1058       197   0  0.88     0.0  72.0          M       54
================================================================================
AV 69.0 44.1                               3.0 FASTST   M    M   2    MAX(MPH)
                                 MISC ---->  # 20 340               # 26  170
================================================================================
NOTES:
# LAST OF SEVERAL OCCURRENCES

COLUMN 17 PEAK WIND IN M.P.H.

PRELIMINARY LOCAL CLIMATOLOGICAL DATA (WS FORM: F-6) , PAGE 2

                                          STATION:  VACAVILLE AIRPORT CA
                                          MONTH:    NOVEMBER
                                          YEAR:     2014
                                          LATITUDE:   38 22 N
                                          LONGITUDE: 121 58 W

[TEMPERATURE DATA]      [PRECIPITATION DATA]       SYMBOLS USED IN COLUMN 16

AVERAGE MONTHLY: 56.5   TOTAL FOR MONTH:   0.88    1 = FOG OR MIST
DPTR FM NORMAL:   1.8   DPTR FM NORMAL:   -1.33    2 = FOG REDUCING VISIBILITY
HIGHEST:    81 ON  8    GRTST 24HR  0.45 ON 31- 1      TO 1/4 MILE OR LESS
LOWEST:     36 ON 24                               3 = THUNDER
                        SNOW, ICE PELLETS, HAIL    4 = ICE PELLETS
                        TOTAL MONTH:   0.0 INCH    5 = HAIL
                        GRTST 24HR     0.0         6 = FREEZING RAIN OR DRIZZLE
                        GRTST DEPTH:   0           7 = DUSTSTORM OR SANDSTORM:
                                                       VSBY 1/2 MILE OR LESS
                                                   8 = SMOKE OR HAZE
[NO. OF DAYS WITH]      [WEATHER - DAYS WITH]      9 = BLOWING SNOW
                                                   X = TORNADO
MAX 32 OR BELOW:   0    0.01 INCH OR MORE:   4
MAX 90 OR ABOVE:   0    0.10 INCH OR MORE:   4
MIN 32 OR BELOW:   0    0.50 INCH OR MORE:   0
MIN  0 OR BELOW:   0    1.00 INCH OR MORE:   0

[HDD (BASE 65) ]
TOTAL THIS MO.   197    CLEAR  (SCALE 0-3)  18
DPTR FM NORMAL   -51    PTCLDY (SCALE 4-7)   4
TOTAL FM JUL 1   235    CLOUDY (SCALE 8-10)  2
DPTR FM NORMAL  -113

[CDD (BASE 65) ]
TOTAL THIS MO.     0
DPTR FM NORMAL     0    [PRESSURE DATA]
TOTAL FM JAN 1  1435    HIGHEST SLP M ON M
DPTR FM NORMAL   140    LOWEST  SLP 29.70 ON  1

[REMARKS]




U.S. Dept. of Commerce
NOAA National Weather Service
1325 East West Highway
Silver Spring, MD 20910
E-mail: w-nws.webmaster@noaa.gov
Page last modified: May 16, 2007
NATIONAL WEATHER SERVICE: for Safety, for Work, for Fun - FOR LIFE