497
CXUS56 KSTO 231455
CF6VCB
PRELIMINARY LOCAL CLIMATOLOGICAL DATA (WS FORM: F-6)

                                          STATION:   VACAVILLE AIRPORT CA
                                          MONTH:     APRIL
                                          YEAR:      2014
                                          LATITUDE:   38 22 N
                                          LONGITUDE: 121 58 W

  TEMPERATURE IN F:       :PCPN:    SNOW:  WIND      :SUNSHINE: SKY     :PK WND
================================================================================
1   2   3   4   5  6A  6B    7    8   9   10  11  12  13   14  15   16   17  18
                                     12Z  AVG MX 2MIN
DY MAX MIN AVG DEP HDD CDD  WTR  SNW DPTH SPD SPD DIR MIN PSBL S-S WX    SPD DR
================================================================================

 1  55  43  49  -7  16   0 0.61    M    0  5.0 18 190   M    M   9 13     28 200
 2  62  43  53  -3  12   0 0.00    M    0  2.8  9 350   M    M   4        14 340
 3  65  43  54  -2  11   0 0.00  0.0    0  7.0 15 230   M    M   0        19 230
 4  60  45  53  -3  12   0 0.18    M    0  5.7 16 240   M    M   6 13     21 240
 5  70  39  55  -2  10   0 0.00  0.0    0  2.1 10 270   M    M   0        14 270
 6  80  44  62   5   3   0 0.00  0.0    0  4.6 17 330   M    M   0        24 350
 7  80  48  64   7   1   0 0.00  0.0    0  3.7  9  80   M    M   0        13  30
 8  83  51  67  10   0   2 0.00  0.0    0  3.3 10 240   M    M   0        13 350
 9  80  50  65   8   0   0 0.00  0.0    0  3.3 13 190   M    M   0        17 180
10  82  45  64   6   1   0 0.00  0.0    0  3.5  9 260   M    M   0        13 350
11  76  50  63   5   2   0 0.00  0.0    0  4.6 13 210   M    M   0        17 200
12  73  47  60   2   5   0 0.00  0.0    0  9.8 23 220   M    M   0        29 220
13  81  47  64   6   1   0 0.00  0.0    0  6.5 17 350   M    M   2        24 350
14  78  45  62   4   3   0 0.00  0.0    0  3.6 10 220   M    M   0        14 220
15  80  48  64   6   1   0 0.00  0.0    0  4.6 10 230   M    M   0        14 230
16  82  49  66   7   0   1 0.00  0.0    0  5.0 16 350   M    M   0        22 350
17  78  49  64   5   1   0 0.00  0.0    0  5.0 18 200   M    M   0        26 200
18  78  49  64   5   1   0 0.00  0.0    0  4.7 14 230   M    M   0        18 230
19  74  50  62   3   3   0 0.00  0.0    0  8.1 17 220   M    M   0        25 230
20  83  47  65   5   0   0 0.00  0.0    0  2.7 10 190   M    M   0        15 200
21  76  49  63   3   2   0 0.00  0.0    0  6.4 17 270   M    M   0        23 290
22  69  48  59  -1   6   0 0.00  0.0    0  8.0 22 230   M    M   2        28 230
================================================================================
SM 1645 1029        91   3  0.79     0.0 110.0          M       23
================================================================================
AV 74.8 46.8                               5.0 FASTST   M    M   1    MAX(MPH)
                                 MISC ---->  # 23 220               # 29  220
================================================================================
NOTES:
# LAST OF SEVERAL OCCURRENCES

COLUMN 17 PEAK WIND IN M.P.H.

PRELIMINARY LOCAL CLIMATOLOGICAL DATA (WS FORM: F-6) , PAGE 2

                                          STATION:  VACAVILLE AIRPORT CA
                                          MONTH:    APRIL
                                          YEAR:     2014
                                          LATITUDE:   38 22 N
                                          LONGITUDE: 121 58 W

[TEMPERATURE DATA]      [PRECIPITATION DATA]       SYMBOLS USED IN COLUMN 16

AVERAGE MONTHLY: 60.8   TOTAL FOR MONTH:   0.79    1 = FOG OR MIST
DPTR FM NORMAL:   2.9   DPTR FM NORMAL:   -0.25    2 = FOG REDUCING VISIBILITY
HIGHEST:    83 ON 20, 8 GRTST 24HR  0.62 ON  1- 2      TO 1/4 MILE OR LESS
LOWEST:     39 ON  5                               3 = THUNDER
                        SNOW, ICE PELLETS, HAIL    4 = ICE PELLETS
                        TOTAL MONTH:   0.0 INCH    5 = HAIL
                        GRTST 24HR     0.0         6 = FREEZING RAIN OR DRIZZLE
                        GRTST DEPTH:   0           7 = DUSTSTORM OR SANDSTORM:
                                                       VSBY 1/2 MILE OR LESS
                                                   8 = SMOKE OR HAZE
[NO. OF DAYS WITH]      [WEATHER - DAYS WITH]      9 = BLOWING SNOW
                                                   X = TORNADO
MAX 32 OR BELOW:   0    0.01 INCH OR MORE:   2
MAX 90 OR ABOVE:   0    0.10 INCH OR MORE:   2
MIN 32 OR BELOW:   0    0.50 INCH OR MORE:   1
MIN  0 OR BELOW:   0    1.00 INCH OR MORE:   0

[HDD (BASE 65) ]
TOTAL THIS MO.    91    CLEAR  (SCALE 0-3)  19
DPTR FM NORMAL   -76    PTCLDY (SCALE 4-7)   2
TOTAL FM JUL 1  2150    CLOUDY (SCALE 8-10)  1
DPTR FM NORMAL  -317

[CDD (BASE 65) ]
TOTAL THIS MO.     3
DPTR FM NORMAL    -5    [PRESSURE DATA]
TOTAL FM JAN 1     3    HIGHEST SLP M ON M
DPTR FM NORMAL    -8    LOWEST  SLP 29.74 ON 17

[REMARKS]




U.S. Dept. of Commerce
NOAA National Weather Service
1325 East West Highway
Silver Spring, MD 20910
E-mail: w-nws.webmaster@noaa.gov
Page last modified: May 16, 2007
NATIONAL WEATHER SERVICE: for Safety, for Work, for Fun - FOR LIFE