126
CXUS56 KSTO 241455
CF6VCB
PRELIMINARY LOCAL CLIMATOLOGICAL DATA (WS FORM: F-6)

                                          STATION:   VACAVILLE AIRPORT CA
                                          MONTH:     JANUARY
                                          YEAR:      2015
                                          LATITUDE:   38 22 N
                                          LONGITUDE: 121 58 W

  TEMPERATURE IN F:       :PCPN:    SNOW:  WIND      :SUNSHINE: SKY     :PK WND
================================================================================
1   2   3   4   5  6A  6B    7    8   9   10  11  12  13   14  15   16   17  18
                                     12Z  AVG MX 2MIN
DY MAX MIN AVG DEP HDD CDD  WTR  SNW DPTH SPD SPD DIR MIN PSBL S-S WX    SPD DR
================================================================================

 1  52  27  40  -6  25   0 0.00  0.0    0  2.5  8  70   M    M   0 18     10  30
 2  54  26  40  -6  25   0 0.00  0.0    0  1.5  6 220   M    M   0 18      9  10
 3  54  27  41  -5  24   0 0.00  0.0    0  1.1  6 160   M    M   0 18      8  90
 4  58  31  45  -1  20   0 0.00  0.0    0  1.6  7  60   M    M   0 18     10  60
 5  59  32  46   0  19   0 0.00  0.0    0  1.4  8 350   M    M   0        11  40
 6  66  36  51   5  14   0 0.00  0.0    0  2.6  9 350   M    M   0        12 360
 7  69  35  52   6  13   0 0.00  0.0    0  1.3  6  40   M    M   0 1       8  40
 8  66  37  52   6  13   0 0.00  0.0    0  1.7  8 340   M    M   0 1      11 350
 9  61  42  52   6  13   0 0.00  0.0    0  0.9  6 340   M    M   1         7 230
10  65  41  53   7  12   0 0.00  0.0    0  1.0  6  80   M    M   0 18      9  40
11  65  41  53   7  12   0 0.00  0.0    0  1.5  8 160   M    M   1 128    12 140
12  66  39  53   7  12   0 0.00  0.0    0  1.6  6 280   M    M   0 18     10  50
13  68  39  54   8  11   0 0.00  0.0    0  6.0 20 350   M    M   0 18     26 340
14  60  34  47   1  18   0 0.00  0.0    0  2.6  9 350   M    M   3 128    12 340
15  58  34  46   0  19   0 0.00  0.0    0  1.0  8 160   M    M   1 128     9 160
16  52  43  48   2  17   0 0.01    M    0  3.7 12 350   M    M   9 128    14 350
17  56  42  49   3  16   0 0.00  0.0    0  3.1  9 110   M    M   7 128    11 110
18  55  49  52   6  13   0 0.00  0.0    0  2.7  8 160   M    M  10 12     10 160
19  65  41  53   6  12   0 0.00  0.0    0  2.2  9 360   M    M   5 128    17 340
20  62  38  50   3  15   0 0.00  0.0    0  1.3  6 340   M    M   2 128     M  M
21  60  38  49   2  16   0 0.00  0.0    0  1.6  9  70   M    M   4 12     11  70
22  58  37  48   1  17   0 0.00  0.0    0  2.6  8  70   M    M   4 18     11  70
23  60  35  48   1  17   0 0.00  0.0    0  1.7  8 140   M    M   2 128    12 140
================================================================================
SM 1389  844       373   0  0.01     0.0  47.2          M       49
================================================================================
AV 60.4 36.7                               2.1 FASTST   M    M   2    MAX(MPH)
                                 MISC ---->  # 20 350               # 26  340
================================================================================
NOTES:
# LAST OF SEVERAL OCCURRENCES

COLUMN 17 PEAK WIND IN M.P.H.

PRELIMINARY LOCAL CLIMATOLOGICAL DATA (WS FORM: F-6) , PAGE 2

                                          STATION:  VACAVILLE AIRPORT CA
                                          MONTH:    JANUARY
                                          YEAR:     2015
                                          LATITUDE:   38 22 N
                                          LONGITUDE: 121 58 W

[TEMPERATURE DATA]      [PRECIPITATION DATA]       SYMBOLS USED IN COLUMN 16

AVERAGE MONTHLY: 48.5   TOTAL FOR MONTH:   0.01    1 = FOG OR MIST
DPTR FM NORMAL:   2.3   DPTR FM NORMAL:   -4.23    2 = FOG REDUCING VISIBILITY
HIGHEST:    69 ON  7    GRTST 24HR  0.01 ON 16-16      TO 1/4 MILE OR LESS
LOWEST:     26 ON  2                               3 = THUNDER
                        SNOW, ICE PELLETS, HAIL    4 = ICE PELLETS
                        TOTAL MONTH:   0.0 INCH    5 = HAIL
                        GRTST 24HR     0.0         6 = FREEZING RAIN OR DRIZZLE
                        GRTST DEPTH:   0           7 = DUSTSTORM OR SANDSTORM:
                                                       VSBY 1/2 MILE OR LESS
                                                   8 = SMOKE OR HAZE
[NO. OF DAYS WITH]      [WEATHER - DAYS WITH]      9 = BLOWING SNOW
                                                   X = TORNADO
MAX 32 OR BELOW:   0    0.01 INCH OR MORE:   1
MAX 90 OR ABOVE:   0    0.10 INCH OR MORE:   0
MIN 32 OR BELOW:   5    0.50 INCH OR MORE:   0
MIN  0 OR BELOW:   0    1.00 INCH OR MORE:   0

[HDD (BASE 65) ]
TOTAL THIS MO.   373    CLEAR  (SCALE 0-3)  17
DPTR FM NORMAL   -58    PTCLDY (SCALE 4-7)   4
TOTAL FM JUL 1  1043    CLOUDY (SCALE 8-10)  2
DPTR FM NORMAL  -395

[CDD (BASE 65) ]
TOTAL THIS MO.     0
DPTR FM NORMAL     0    [PRESSURE DATA]
TOTAL FM JAN 1     0    HIGHEST SLP M ON M
DPTR FM NORMAL     0    LOWEST  SLP 30.11 ON M

[REMARKS]




U.S. Dept. of Commerce
NOAA National Weather Service
1325 East West Highway
Silver Spring, MD 20910
E-mail: w-nws.webmaster@noaa.gov
Page last modified: May 16, 2007
NATIONAL WEATHER SERVICE: for Safety, for Work, for Fun - FOR LIFE