617
CXUS54 KEWX 010910
CF6UVA
PRELIMINARY LOCAL CLIMATOLOGICAL DATA (WS FORM: F-6)

                                          STATION:   UVALDE
                                          MONTH:     NOVEMBER
                                          YEAR:      2014
                                          LATITUDE:   29 12 N
                                          LONGITUDE:  99 44 W

  TEMPERATURE IN F:       :PCPN:    SNOW:  WIND      :SUNSHINE: SKY     :PK WND
================================================================================
1   2   3   4   5  6A  6B    7    8   9   10  11  12  13   14  15   16   17  18
                                     12Z  AVG MX 2MIN
DY MAX MIN AVG DEP HDD CDD  WTR  SNW DPTH SPD SPD DIR MIN PSBL S-S WX    SPD DR
================================================================================

 1  70  48  59   M   6   0    M    M    M  6.8 12  70   M    M   0         M  M
 2  73  53  63   M   2   0    M    M    M  9.9 18 140   M    M   6 1      22 160
 3  75  65  70   M   0   5    M    M    M  9.0 17 150   M    M  10        24 150
 4  75  58  67   M   0   2    M    M    M  8.6 18  40   M    M   8        24  40
 5  59  58  59   M   6   0    M    M    M 10.4 18  50   M    M  10        25  50
 6  63  57  60   M   5   0    M    M    M  5.9 14  40   M    M  10        22  40
 7  67  53  60   M   5   0    M    M    M  4.5  9 260   M    M   8         M  M
 8  78  48  63   M   2   0    M    M    M  3.8 12  30   M    M   2 12      M  M
 9  73  42  58   M   7   0    M    M    M  3.1  9 170   M    M   0         M  M
10  76  48  62   M   3   0    M    M    M  3.8  9 160   M    M   0 1       M  M
11  63  44  54   M  11   0    M    M    M  7.9 18 360   M    M   1 8      27 360
12  50  38  44   M  21   0    M    M    M  6.5 12  20   M    M   7        16  20
13  45  35  40   M  25   0    M    M    M  8.4 13 360   M    M  10        18  10
14  47  37  42   M  23   0    M    M    M  6.3  9 100   M    M   9         M  M
15  53  35  44   M  21   0    M    M    M  4.1  7 130   M    M   9 1       M  M
16  68  35  52   M  13   0    M    M    M  5.9 24 350   M    M   7 1      31  10
17  55  33  44   M  21   0    M    M    M  8.9 16 340   M    M   1        25 330
18  55  35  45   M  20   0    M    M    M  6.5 13 160   M    M   2        17 160
19  68  33  51   M  14   0    M    M    M  4.1  9 210   M    M   0         M  M
20  70  45  58   M   7   0    M    M    M  5.7 10 160   M    M   7         M  M
21  74  60  67   M   0   2    M    M    M  6.4 14 120   M    M  10 1      16 120
22  75  55  65   M   0   0    M    M    M 10.9 23 300   M    M   6 3      35 300
23  83  43  63   M   2   0    M    M    M  4.9 21 290   M    M   0        27 260
24  68  42  55   M  10   0    M    M    M  6.3 14  20   M    M   0        22  20
25  68  35  52   M  13   0    M    M    M  3.2 12 250   M    M   0        16 240
26  75  33  54   M  11   0    M    M    M  3.0 10 260   M    M   0         M  M
27  68  45  57   M   8   0    M    M    M  8.3 16  70   M    M   0        22  70
28  73  43  58   M   7   0    M    M    M  4.7 10 180   M    M   3 1       M  M
29  75  45  60   M   5   0    M    M    M  6.3 14 180   M    M   2 12     20 190
30  75  58  67   M   0   2 0.00  0.0    0  5.2 10 160   M    M   5 1       M  M
================================================================================
SM 2017 1359       268  11  0.00     0.0 189.3          M      133
================================================================================
AV 67.2 45.3                               6.3 FASTST   M    M   4    MAX(MPH)
                                 MISC ---->    24   M               # 35  300
================================================================================
NOTES:
# LAST OF SEVERAL OCCURRENCES

COLUMN 17 PEAK WIND IN M.P.H.

PRELIMINARY LOCAL CLIMATOLOGICAL DATA (WS FORM: F-6) , PAGE 2

                                          STATION:  UVALDE
                                          MONTH:    NOVEMBER
                                          YEAR:     2014
                                          LATITUDE:   29 12 N
                                          LONGITUDE:  99 44 W

[TEMPERATURE DATA]      [PRECIPITATION DATA]       SYMBOLS USED IN COLUMN 16

AVERAGE MONTHLY: 56.3   TOTAL FOR MONTH:   0.00    1 = FOG OR MIST
DPTR FM NORMAL:     M   DPTR FM NORMAL:       M    2 = FOG REDUCING VISIBILITY
HIGHEST:    83 ON 23    GRTST 24HR  0.00 ON 30-30      TO 1/4 MILE OR LESS
LOWEST:     33 ON 26,19                            3 = THUNDER
                        SNOW, ICE PELLETS, HAIL    4 = ICE PELLETS
                        TOTAL MONTH:   0.0 INCH    5 = HAIL
                        GRTST 24HR     0.0         6 = FREEZING RAIN OR DRIZZLE
                        GRTST DEPTH:   0           7 = DUSTSTORM OR SANDSTORM:
                                                       VSBY 1/2 MILE OR LESS
                                                   8 = SMOKE OR HAZE
[NO. OF DAYS WITH]      [WEATHER - DAYS WITH]      9 = BLOWING SNOW
                                                   X = TORNADO
MAX 32 OR BELOW:   0    0.01 INCH OR MORE:   0
MAX 90 OR ABOVE:   0    0.10 INCH OR MORE:   0
MIN 32 OR BELOW:   0    0.50 INCH OR MORE:   0
MIN  0 OR BELOW:   0    1.00 INCH OR MORE:   0

[HDD (BASE 65) ]
TOTAL THIS MO.   268    CLEAR  (SCALE 0-3)  15
DPTR FM NORMAL     M    PTCLDY (SCALE 4-7)   7
TOTAL FM JUL 1   268    CLOUDY (SCALE 8-10)  8
DPTR FM NORMAL     M

[CDD (BASE 65) ]
TOTAL THIS MO.    11
DPTR FM NORMAL     M    [PRESSURE DATA]
TOTAL FM JAN 1  3288    HIGHEST SLP M ON M
DPTR FM NORMAL     M    LOWEST  SLP M ON M

[REMARKS]
#FINAL-11-14#




U.S. Dept. of Commerce
NOAA National Weather Service
1325 East West Highway
Silver Spring, MD 20910
E-mail: w-nws.webmaster@noaa.gov
Page last modified: May 16, 2007
NATIONAL WEATHER SERVICE: for Safety, for Work, for Fun - FOR LIFE