560
CXUS54 KHGX 261318
CF6UTS
PRELIMINARY LOCAL CLIMATOLOGICAL DATA (WS FORM: F-6)

                                          STATION:   HUNTSVILLE_(ASOS)
                                          MONTH:     JULY
                                          YEAR:      2014
                                          LATITUDE:   30 45 N
                                          LONGITUDE:  95 35 W

  TEMPERATURE IN F:       :PCPN:    SNOW:  WIND      :SUNSHINE: SKY     :PK WND
================================================================================
1   2   3   4   5  6A  6B    7    8   9   10  11  12  13   14  15   16   17  18
                                     12Z  AVG MX 2MIN
DY MAX MIN AVG DEP HDD CDD  WTR  SNW DPTH SPD SPD DIR MIN PSBL S-S WX    SPD DR
================================================================================

 1  92  76  84   1   0  19 0.00  0.0    0  5.9 14 180   M    M   4        18 180
 2  94  75  85   2   0  20 0.00  0.0    0  3.3  9 170   M    M   1 13     13 180
 3  91  72  82  -1   0  17    T  0.0    0  3.2 15 200   M    M   1 3      19 200
 4  88  70  79  -4   0  14 0.00  0.0    0  1.7  6 170   M    M   3 1      10 170
 5  90  70  80  -3   0  15 0.00  0.0    0  2.4 14 190   M    M   2 1      17 190
 6  91  70  81  -3   0  16 0.00  0.0    0  4.7 14 180   M    M   1 13     21 190
 7  94  74  84   0   0  19 0.00  0.0    0  6.9 12 170   M    M   1        18 170
 8  94  74  84   0   0  19    T  0.0    0  7.0 14 180   M    M   0        18 190
 9  96  74  85   1   0  20 0.00  0.0    0  6.8 12 180   M    M   0        17 220
10  92  74  83  -1   0  18 0.24  0.0    0  5.4 20 190   M    M   1 13     25 190
11  94  70  82  -2   0  17 0.00  0.0    0  5.1 13 180   M    M   0        19 180
12  94  74  84   0   0  19 0.00  0.0    0  3.1 10 180   M    M   0        14 190
13  95  76  86   2   0  21 0.09  0.0    0  4.8 12 190   M    M   0 3      18 130
14  96  77  87   3   0  22    T  0.0    0  6.4 14 190   M    M   1        17 180
15  87  72  80  -4   0  15 1.48  0.0    0  3.9 12 330   M    M   3 13     15 330
16  89  72  81  -3   0  16 0.69  0.0    0  1.9 15 190   M    M   3 13     22 180
17  87  73  80  -4   0  15 1.67  0.0    0  4.2 17 210   M    M   6 13     25 210
18  80  71  76  -8   0  11 0.02  0.0    0  3.6  9 340   M    M   8        13 320
19  83  69  76  -8   0  11 0.00  0.0    0  1.2  7 340   M    M   8        10 350
20  90  68  79  -5   0  14 0.00  0.0    0  1.3  5  80   M    M   4         8  80
21  94  76  85   1   0  20 0.00  0.0    0  2.7  8 180   M    M   3 8      14 210
22  93  76  85   1   0  20    T  0.0    0  1.5  7 320   M    M   3 1      10 330
23  93  73  83  -1   0  18 0.00  0.0    0  1.5 16  10   M    M   2 18     25  20
24  92  72  82  -3   0  17 0.00  0.0    0  1.0  7 330   M    M   3        12 320
25  94  74  84  -1   0  19 0.00  0.0    0  4.1 10 240   M    M   1 18     15 200
================================================================================
SM 2283 1822         0 432  4.19     0.0  93.6          M       59
================================================================================
AV 91.3 72.9                               3.7 FASTST   M    M   2    MAX(MPH)
                                 MISC ---->  # 20 190               # 25  190
================================================================================
NOTES:
# LAST OF SEVERAL OCCURRENCES

COLUMN 17 PEAK WIND IN M.P.H.

PRELIMINARY LOCAL CLIMATOLOGICAL DATA (WS FORM: F-6) , PAGE 2

                                          STATION:  HUNTSVILLE_(ASOS)
                                          MONTH:    JULY
                                          YEAR:     2014
                                          LATITUDE:   30 45 N
                                          LONGITUDE:  95 35 W

[TEMPERATURE DATA]      [PRECIPITATION DATA]       SYMBOLS USED IN COLUMN 16

AVERAGE MONTHLY: 82.1   TOTAL FOR MONTH:   4.19    1 = FOG OR MIST
DPTR FM NORMAL:  -1.8   DPTR FM NORMAL:    1.31    2 = FOG REDUCING VISIBILITY
HIGHEST:    96 ON 14, 9 GRTST 24HR  1.68 ON 17-18      TO 1/4 MILE OR LESS
LOWEST:     68 ON 20                               3 = THUNDER
                        SNOW, ICE PELLETS, HAIL    4 = ICE PELLETS
                        TOTAL MONTH:   0.0 INCH    5 = HAIL
                        GRTST 24HR     0.0         6 = FREEZING RAIN OR DRIZZLE
                        GRTST DEPTH:   0           7 = DUSTSTORM OR SANDSTORM:
                                                       VSBY 1/2 MILE OR LESS
                                                   8 = SMOKE OR HAZE
[NO. OF DAYS WITH]      [WEATHER - DAYS WITH]      9 = BLOWING SNOW
                                                   X = TORNADO
MAX 32 OR BELOW:   0    0.01 INCH OR MORE:   6
MAX 90 OR ABOVE:  19    0.10 INCH OR MORE:   4
MIN 32 OR BELOW:   0    0.50 INCH OR MORE:   3
MIN  0 OR BELOW:   0    1.00 INCH OR MORE:   2

[HDD (BASE 65) ]
TOTAL THIS MO.     0    CLEAR  (SCALE 0-3)  17
DPTR FM NORMAL     0    PTCLDY (SCALE 4-7)   8
TOTAL FM JUL 1     0    CLOUDY (SCALE 8-10)  0
DPTR FM NORMAL     0

[CDD (BASE 65) ]
TOTAL THIS MO.   432
DPTR FM NORMAL   -40    [PRESSURE DATA]
TOTAL FM JAN 1  1402    HIGHEST SLP M ON M
DPTR FM NORMAL  -138    LOWEST  SLP 29.83 ON 17

[REMARKS]




U.S. Dept. of Commerce
NOAA National Weather Service
1325 East West Highway
Silver Spring, MD 20910
E-mail: w-nws.webmaster@noaa.gov
Page last modified: May 16, 2007
NATIONAL WEATHER SERVICE: for Safety, for Work, for Fun - FOR LIFE