277
CXUS53 KUNR 010945
CF6UNR
PRELIMINARY LOCAL CLIMATOLOGICAL DATA (WS FORM: F-6)

                                          STATION:   EAST RAPID CITY SD
                                          MONTH:     SEPTEMBER
                                          YEAR:      2014
                                          LATITUDE:   44  4 N
                                          LONGITUDE: 103 13 W

  TEMPERATURE IN F:       :PCPN:    SNOW:  WIND      :SUNSHINE: SKY     :PK WND
================================================================================
1   2   3   4   5  6A  6B    7    8   9   10  11  12  13   14  15   16   17  18
                                     12Z  AVG MX 2MIN
DY MAX MIN AVG DEP HDD CDD  WTR  SNW DPTH SPD SPD DIR MIN PSBL S-S WX    SPD DR
================================================================================

 1  70  54  62  -6   3   0 0.40  0.0    0  6.2 26 190   M    M   M 3      37 190
 2  79  54  67   0   0   2 0.00  0.0    0  5.7 14 120   M    M   M        18 120
 3  93  56  75   8   0  10 0.00  0.0    0  8.0 32 320   M    M   M        49 330
 4  65  53  59  -8   6   0 0.00  0.0    0 15.7 37 330   M    M   M        52 340
 5  68  49  59  -7   6   0 0.00  0.0    0  6.1 15 120   M    M   M        21 140
 6  77  51  64  -2   1   0 0.00  0.0    0  5.0 12 110   M    M   M        20 130
 7  84  52  68   3   0   3 0.00  0.0    0  5.7 16 140   M    M   M 3      22 160
 8  87  64  76  11   0  11 0.00  0.0    0  6.8 12  10   M    M   M        21 250
 9  77  42  60  -4   5   0 0.03  0.0    0 12.6 23 320   M    M   M        31 360
10  42  35  39 -25  26   0 0.20  0.0    0 10.9 18  10   M    M   M        26 350
11  37  32  35 -29  30   0 0.36  1.6    1  7.9 14  10   M    M   M        17  10
12  54  32  43 -20  22   0 0.00  0.0    0  6.6 16 180   M    M   M        22 180
13  61  33  47 -16  18   0 0.00  0.0    0 10.0 26  10   M    M   M        35  10
14  54  39  47 -15  18   0 0.00  0.0    0  4.6 12 130   M    M   M        14 100
15  66  39  53  -9  12   0 0.00  0.0    0  7.4 20 150   M    M   M        29 160
16  79  49  64   3   1   0 0.00  0.0    0  5.1  9 260   M    M   M        17 260
17  78  57  68   7   0   3 0.00  0.0    0  7.1 13 120   M    M   M        20 260
18  90  52  71  11   0   6 0.00  0.0    0  6.2 25 330   M    M   M        39 330
19  81  65  73  13   0   8 0.00  0.0    0  8.1 16  10   M    M   M        23 360
20  75  56  66   7   0   1 0.00  0.0    0 10.9 28 340   M    M   M        41 340
21  72  51  62   3   3   0 0.00  0.0    0  6.3 13 130   M    M   M        16 110
22  78  48  63   5   2   0 0.02  0.0    0  8.6 21 150   M    M   M        30 150
23  75  56  66   8   0   1    T  0.0    0  5.4 12  20   M    M   M        16 260
24  86  65  76  19   0  11 0.00  0.0    0  6.4 15 130   M    M   M        21 130
25  90  54  72  15   0   7 0.00  0.0    0  7.9 21 140   M    M   M        30 160
26  93  58  76  20   0  11 0.00  0.0    0  9.7 22 150   M    M   M        31 160
27  78  60  69  13   0   4 0.00  0.0    0  8.1 21 330   M    M   M        29 330
28  61  49  55   0  10   0 0.01  0.0    0 14.4 25 320   M    M   M 1      37 330
29  52  47  50  -5  15   0 2.58  0.0    0  5.8 15 150   M    M   M 13     18 130
30  64  51  58   4   7   0 1.22  0.0    0 10.4 25 300   M    M   M        43 300
================================================================================
SM 2166 1503       185  78  4.82     1.6 239.6          M        M
================================================================================
AV 72.2 50.1                               8.0 FASTST   M    M   2    MAX(MPH)
                                 MISC ---->  # 37 330               # 52  340
================================================================================
NOTES:
# LAST OF SEVERAL OCCURRENCES

COLUMN 17 PEAK WIND IN M.P.H.

PRELIMINARY LOCAL CLIMATOLOGICAL DATA (WS FORM: F-6) , PAGE 2

                                          STATION:  EAST RAPID CITY SD
                                          MONTH:    SEPTEMBER
                                          YEAR:     2014
                                          LATITUDE:   44  4 N
                                          LONGITUDE: 103 13 W

[TEMPERATURE DATA]      [PRECIPITATION DATA]       SYMBOLS USED IN COLUMN 16

AVERAGE MONTHLY: 61.1   TOTAL FOR MONTH:   4.82    1 = FOG OR MIST
DPTR FM NORMAL:  -0.2   DPTR FM NORMAL:    3.28    2 = FOG REDUCING VISIBILITY
HIGHEST:    93 ON 26, 3 GRTST 24HR  2.58 ON 29-29      TO 1/4 MILE OR LESS
LOWEST:     32 ON 12,11                            3 = THUNDER
                        SNOW, ICE PELLETS, HAIL    4 = ICE PELLETS
                        TOTAL MONTH:   1.6 INCHES  5 = HAIL
                        GRTST 24HR   1.6 ON   M    6 = FREEZING RAIN OR DRIZZLE
                        GRTST DEPTH:   1 ON 11     7 = DUSTSTORM OR SANDSTORM:
                                                       VSBY 1/2 MILE OR LESS
                                                   8 = SMOKE OR HAZE
[NO. OF DAYS WITH]      [WEATHER - DAYS WITH]      9 = BLOWING SNOW
                                                   X = TORNADO
MAX 32 OR BELOW:   0    0.01 INCH OR MORE:   8
MAX 90 OR ABOVE:   4    0.10 INCH OR MORE:   5
MIN 32 OR BELOW:   2    0.50 INCH OR MORE:   2
MIN  0 OR BELOW:   0    1.00 INCH OR MORE:   2

[HDD (BASE 65) ]
TOTAL THIS MO.   185    CLEAR  (SCALE 0-3)   0
DPTR FM NORMAL     6    PTCLDY (SCALE 4-7)   0
TOTAL FM JUL 1   209    CLOUDY (SCALE 8-10)  0
DPTR FM NORMAL     0

[CDD (BASE 65) ]
TOTAL THIS MO.    78
DPTR FM NORMAL    12    [PRESSURE DATA]
TOTAL FM JAN 1   514    HIGHEST SLP M ON M
DPTR FM NORMAL  -147    LOWEST  SLP 29.43 ON 30

[REMARKS]
#FINAL-09-14#




U.S. Dept. of Commerce
NOAA National Weather Service
1325 East West Highway
Silver Spring, MD 20910
E-mail: w-nws.webmaster@noaa.gov
Page last modified: May 16, 2007
NATIONAL WEATHER SERVICE: for Safety, for Work, for Fun - FOR LIFE