558
CXUS53 KUNR 290945
CF6UNR
PRELIMINARY LOCAL CLIMATOLOGICAL DATA (WS FORM: F-6)

                                          STATION:   EAST RAPID CITY SD
                                          MONTH:     JULY
                                          YEAR:      2014
                                          LATITUDE:   44  4 N
                                          LONGITUDE: 103 13 W

  TEMPERATURE IN F:       :PCPN:    SNOW:  WIND      :SUNSHINE: SKY     :PK WND
================================================================================
1   2   3   4   5  6A  6B    7    8   9   10  11  12  13   14  15   16   17  18
                                     12Z  AVG MX 2MIN
DY MAX MIN AVG DEP HDD CDD  WTR  SNW DPTH SPD SPD DIR MIN PSBL S-S WX    SPD DR
================================================================================

 1  67  57  62  -8   3   0    T  0.0    0 16.0 31 320   M    M   M        44 320
 2  73  54  64  -7   1   0 0.00  0.0    0  6.2 13 130   M    M   M        16 100
 3  82  54  68  -3   0   3 0.00  0.0    0  7.2 18 140   M    M   M        26 140
 4  90  63  77   6   0  12    T  0.0    0  6.4 18  40   M    M   M 3      24 350
 5  90  69  80   9   0  15 0.00  0.0    0  7.3 17 140   M    M   M        22 140
 6  82  71  77   5   0  12 0.00  0.0    0  8.8 17 330   M    M   M        23 330
 7  78  63  71  -1   0   6 0.14  0.0    0 10.6 31  10   M    M   M 3      41  10
 8  76  58  67  -5   0   2 0.00  0.0    0  8.2 22  10   M    M   M        29  20
 9  78  59  69  -3   0   4 0.00  0.0    0  6.8 16 130   M    M   M        23 130
10  81  59  70  -2   0   5 0.05  0.0    0  5.7 16  20   M    M   M 3      21 360
11  82  65  74   1   0   9 0.12  0.0    0  7.6 18  10   M    M   M 3      28 170
12  79  62  71  -2   0   6 0.01  0.0    0  6.3 13 130   M    M   M        16 140
13  83  62  73   0   0   8 0.00  0.0    0  8.3 21  10   M    M   M        28  10
14  69  54  62 -11   3   0 0.00  0.0    0 10.2 24  10   M    M   M        31 360
15  73  49  61 -12   4   0 0.00  0.0    0  7.4 18 140   M    M   M        25 150
16  75  54  65  -9   0   0 0.00  0.0    0  5.1 15 120   M    M   M        20 160
17  82  54  68  -6   0   3 0.00  0.0    0  7.0 17 150   M    M   M        25 150
18  86  56  71  -3   0   6 0.15  0.0    0  8.6 26  10   M    M   M 3      35  10
19  87  60  74   0   0   9 0.11  0.0    0  7.8 22 190   M    M   M 3      33 190
20  92  72  82   8   0  17 0.00  0.0    0  6.5 13  10   M    M   M        16 110
21  98  69  84  10   0  19 0.02  0.0    0  8.8 25 330   M    M   M 3      33 330
22  85  65  75   1   0  10 0.36  0.0    0  7.4 28 320   M    M   M 3      40 330
23  84  60  72  -2   0   7 0.46  0.0    0 10.1 33 330   M    M   M 3      46 330
24  91  66  79   5   0  14 0.00  0.0    0  7.2 24 330   M    M   M        31 330
25  80  65  73  -1   0   8 0.00  0.0    0 10.6 30 330   M    M   M        44 330
26  81  64  73  -1   0   8 0.00  0.0    0 13.3 24  10   M    M   M        36 330
27  79  59  69  -5   0   4 0.00  0.0    0  9.0 23  10   M    M   M        33  10
28  80  55  68  -6   0   3 0.00  0.0    0  6.7 17 140   M    M   M        23 150
================================================================================
SM 2283 1698        11 190  1.42     0.0 231.1          M        M
================================================================================
AV 81.5 60.6                               8.3 FASTST   M    M   1    MAX(MPH)
                                 MISC ---->  # 33 330               # 46  330
================================================================================
NOTES:
# LAST OF SEVERAL OCCURRENCES

COLUMN 17 PEAK WIND IN M.P.H.

PRELIMINARY LOCAL CLIMATOLOGICAL DATA (WS FORM: F-6) , PAGE 2

                                          STATION:  EAST RAPID CITY SD
                                          MONTH:    JULY
                                          YEAR:     2014
                                          LATITUDE:   44  4 N
                                          LONGITUDE: 103 13 W

[TEMPERATURE DATA]      [PRECIPITATION DATA]       SYMBOLS USED IN COLUMN 16

AVERAGE MONTHLY: 71.1   TOTAL FOR MONTH:   1.42    1 = FOG OR MIST
DPTR FM NORMAL:  -1.8   DPTR FM NORMAL:   -0.78    2 = FOG REDUCING VISIBILITY
HIGHEST:    98 ON 21    GRTST 24HR  0.46 ON 23-23      TO 1/4 MILE OR LESS
LOWEST:     49 ON 15                               3 = THUNDER
                        SNOW, ICE PELLETS, HAIL    4 = ICE PELLETS
                        TOTAL MONTH:   0.0 INCH    5 = HAIL
                        GRTST 24HR     0.0         6 = FREEZING RAIN OR DRIZZLE
                        GRTST DEPTH:   0           7 = DUSTSTORM OR SANDSTORM:
                                                       VSBY 1/2 MILE OR LESS
                                                   8 = SMOKE OR HAZE
[NO. OF DAYS WITH]      [WEATHER - DAYS WITH]      9 = BLOWING SNOW
                                                   X = TORNADO
MAX 32 OR BELOW:   0    0.01 INCH OR MORE:   9
MAX 90 OR ABOVE:   5    0.10 INCH OR MORE:   6
MIN 32 OR BELOW:   0    0.50 INCH OR MORE:   0
MIN  0 OR BELOW:   0    1.00 INCH OR MORE:   0

[HDD (BASE 65) ]
TOTAL THIS MO.    11    CLEAR  (SCALE 0-3)   0
DPTR FM NORMAL     5    PTCLDY (SCALE 4-7)   0
TOTAL FM JUL 1    11    CLOUDY (SCALE 8-10)  0
DPTR FM NORMAL     5

[CDD (BASE 65) ]
TOTAL THIS MO.   190
DPTR FM NORMAL   -40    [PRESSURE DATA]
TOTAL FM JAN 1   246    HIGHEST SLP M ON M
DPTR FM NORMAL   -93    LOWEST  SLP 29.54 ON 24

[REMARKS]




U.S. Dept. of Commerce
NOAA National Weather Service
1325 East West Highway
Silver Spring, MD 20910
E-mail: w-nws.webmaster@noaa.gov
Page last modified: May 16, 2007
NATIONAL WEATHER SERVICE: for Safety, for Work, for Fun - FOR LIFE