733
CXUS53 KUNR 010945
CF6UNR
PRELIMINARY LOCAL CLIMATOLOGICAL DATA (WS FORM: F-6)

                                          STATION:   EAST RAPID CITY SD
                                          MONTH:     JANUARY
                                          YEAR:      2015
                                          LATITUDE:   44  4 N
                                          LONGITUDE: 103 13 W

  TEMPERATURE IN F:       :PCPN:    SNOW:  WIND      :SUNSHINE: SKY     :PK WND
================================================================================
1   2   3   4   5  6A  6B    7    8   9   10  11  12  13   14  15   16   17  18
                                     12Z  AVG MX 2MIN
DY MAX MIN AVG DEP HDD CDD  WTR  SNW DPTH SPD SPD DIR MIN PSBL S-S WX    SPD DR
================================================================================

 1  37  20  29   2  36   0 0.00  0.0    3  3.7 10 200   M    M   M        12 200
 2  43  22  33   6  32   0 0.00  0.0    3  4.9 12 150   M    M   M        16 150
 3  38   0  19  -8  46   0    T  0.2    2 14.5 33 340   M    M   M        51 350
 4   5  -1   2 -25  63   0 0.02  0.6    2  6.6 16  10   M    M   M        20  10
 5  43   3  23  -4  42   0 0.05  0.1    3 15.2 30  10   M    M   M        47 330
 6  18   7  13 -14  52   0 0.02  0.5    1 10.1 23  10   M    M   M        33 340
 7  21  -2  10 -17  55   0    T    T    2 11.4 23 160   M    M   M        33 170
 8  55   9  32   5  33   0 0.01  0.2    T 22.9 40 330   M    M   M        64 330
 9  18   0   9 -18  56   0 0.00  0.0    T  5.6 12 160   M    M   M        15 160
10  36   5  21  -6  44   0 0.00  0.0    T  6.0 15 360   M    M   M        20  10
11  19   9  14 -13  51   0    T    T    T 10.5 24  10   M    M   M        30  10
12  23   7  15 -12  50   0    T  0.3    T 11.9 24 160   M    M   M        31 160
13  34  17  26  -1  39   0    T  0.2    T  5.8 21 330   M    M   M        29 340
14  39  25  32   5  33   0 0.00  0.0    T  6.2 15 280   M    M   M        23 280
15  48  34  41  14  24   0 0.00  0.0    0  5.7 13 270   M    M   M        18 280
16  55  38  47  20  18   0 0.00  0.0    0  7.5 23 320   M    M   M        35 300
17  47  35  41  14  24   0    T    T    0 15.5 31 300   M    M   M        45 310
18  53  38  46  19  19   0    T  0.0    0  6.9 22 320   M    M   M        28 330
19  48  36  42  15  23   0 0.00  0.0    0 12.3 29 330   M    M   M        41 320
20  41  32  37  10  28   0 0.00  0.0    0 12.3 24 320   M    M   M        33 300
21  33  24  29   2  36   0    T    T    0 11.0 24 330   M    M   M        32 360
22  46  16  31   4  34   0 0.00  0.0    0  5.4 10 120   M    M   M        15 140
23  50  35  43  16  22   0 0.00  0.0    0  9.4 23 330   M    M   M        35 360
24  55  38  47  20  18   0 0.01  0.0    0 17.8 43 320   M    M   M        62 320
25  58  35  47  20  18   0 0.00  0.0    0 11.0 25 330   M    M   M        38 320
26  66  50  58  31   7   0 0.00  0.0    0 11.2 21 330   M    M   M        29 300
27  73  53  63  36   2   0 0.00  0.0    0  6.7 13 300   M    M   M        20 300
28  58  31  45  18  20   0 0.00  0.0    0 16.5 34 330   M    M   M        47 330
29  45  24  35   8  30   0 0.00  0.0    0  5.7 21 330   M    M   M        29 350
30  50  23  37  10  28   0 0.00  0.0    0  8.2 21  10   M    M   M        26  10
31  35   9  22  -5  43   0 0.04  2.2    0  6.8 15  10   M    M   M 1246   18  10
================================================================================
SM 1290  672      1026   0  0.15     4.3 305.2          M        M
================================================================================
AV 41.6 21.7                               9.8 FASTST   M    M   3    MAX(MPH)
                                 MISC ---->  # 43 320               # 64  330
================================================================================
NOTES:
# LAST OF SEVERAL OCCURRENCES

COLUMN 17 PEAK WIND IN M.P.H.

PRELIMINARY LOCAL CLIMATOLOGICAL DATA (WS FORM: F-6) , PAGE 2

                                          STATION:  EAST RAPID CITY SD
                                          MONTH:    JANUARY
                                          YEAR:     2015
                                          LATITUDE:   44  4 N
                                          LONGITUDE: 103 13 W

[TEMPERATURE DATA]      [PRECIPITATION DATA]       SYMBOLS USED IN COLUMN 16

AVERAGE MONTHLY: 31.6   TOTAL FOR MONTH:   0.15    1 = FOG OR MIST
DPTR FM NORMAL:   4.7   DPTR FM NORMAL:   -0.14    2 = FOG REDUCING VISIBILITY
HIGHEST:    73 ON 27    GRTST 24HR  0.05 ON  5- 5      TO 1/4 MILE OR LESS
LOWEST:     -2 ON  7                               3 = THUNDER
                        SNOW, ICE PELLETS, HAIL    4 = ICE PELLETS
                        TOTAL MONTH:   4.3 INCHES  5 = HAIL
                        GRTST 24HR   2.2 ON   M    6 = FREEZING RAIN OR DRIZZLE
                        GRTST DEPTH:   3 ON  5, 2  7 = DUSTSTORM OR SANDSTORM:
                                                       VSBY 1/2 MILE OR LESS
                                                   8 = SMOKE OR HAZE
[NO. OF DAYS WITH]      [WEATHER - DAYS WITH]      9 = BLOWING SNOW
                                                   X = TORNADO
MAX 32 OR BELOW:   6    0.01 INCH OR MORE:   6
MAX 90 OR ABOVE:   0    0.10 INCH OR MORE:   0
MIN 32 OR BELOW:  21    0.50 INCH OR MORE:   0
MIN  0 OR BELOW:   4    1.00 INCH OR MORE:   0

[HDD (BASE 65) ]
TOTAL THIS MO.  1026    CLEAR  (SCALE 0-3)   0
DPTR FM NORMAL  -155    PTCLDY (SCALE 4-7)   0
TOTAL FM JUL 1  3704    CLOUDY (SCALE 8-10)  0
DPTR FM NORMAL  -224

[CDD (BASE 65) ]
TOTAL THIS MO.     0
DPTR FM NORMAL     0    [PRESSURE DATA]
TOTAL FM JAN 1     0    HIGHEST SLP M ON M
DPTR FM NORMAL     0    LOWEST  SLP 29.66 ON 16

[REMARKS]
#FINAL-01-15#




U.S. Dept. of Commerce
NOAA National Weather Service
1325 East West Highway
Silver Spring, MD 20910
E-mail: w-nws.webmaster@noaa.gov
Page last modified: May 16, 2007
NATIONAL WEATHER SERVICE: for Safety, for Work, for Fun - FOR LIFE