284
CXUS53 KUNR 240945
CF6UNR
PRELIMINARY LOCAL CLIMATOLOGICAL DATA (WS FORM: F-6)

                                          STATION:   EAST RAPID CITY SD
                                          MONTH:     APRIL
                                          YEAR:      2014
                                          LATITUDE:   44  4 N
                                          LONGITUDE: 103 13 W

  TEMPERATURE IN F:       :PCPN:    SNOW:  WIND      :SUNSHINE: SKY     :PK WND
================================================================================
1   2   3   4   5  6A  6B    7    8   9   10  11  12  13   14  15   16   17  18
                                     12Z  AVG MX 2MIN
DY MAX MIN AVG DEP HDD CDD  WTR  SNW DPTH SPD SPD DIR MIN PSBL S-S WX    SPD DR
================================================================================

 1  24  15  20 -20  45   0 0.11  1.5    1  9.5 16 150   M    M   M        21 150
 2  25  21  23 -17  42   0 0.45  6.1    2  9.9 18 140   M    M   M 12     22 150
 3  38  20  29 -12  36   0 0.00  0.0    5 15.3 26 360   M    M   M        37 350
 4  50  22  36  -5  29   0 0.00  0.0    2  8.6 21 120   M    M   M        28 120
 5  57  29  43   2  22   0 0.00  0.0    0  9.8 24 360   M    M   M        33  10
 6  56  39  48   6  17   0 0.05  0.0    0  7.4 18 320   M    M   M 5      25 280
 7  52  39  46   4  19   0    T  0.0    0 16.3 34 330   M    M   M        45 360
 8  66  36  51   9  14   0 0.00  0.0    0  5.7 14 140   M    M   M        16 270
 9  76  48  62  20   3   0 0.00  0.0    0 12.3 37 360   M    M   M        51 360
10  60  43  52   9  13   0    T  0.0    0  6.7 17 120   M    M   M        22 120
11  72  43  58  15   7   0 0.00  0.0    0 10.4 30 160   M    M   M        44 180
12  57  33  45   1  20   0 0.02    T    0 14.3 26  10   M    M   M        37 360
13  34  22  28 -16  37   0 0.02  0.2    T 19.0 29 330   M    M   M        47 360
14  41  22  32 -12  33   0 0.00  0.0    0 12.2 29 330   M    M   M        37 350
15  66  18  42  -3  23   0 0.03  0.0    0  9.2 28 330   M    M   M        39 350
16  44  29  37  -8  28   0    T    T    0 15.3 30 320   M    M   M        41 330
17  53  27  40  -5  25   0    T  0.0    0 15.4 26 140   M    M   M        35 150
18  78  33  56  10   9   0 0.00  0.0    0 11.7 34 360   M    M   M        46 320
19  65  43  54   8  11   0 0.00  0.0    0 10.4 26 320   M    M   M        38 320
20  70  42  56  10   9   0 0.00  0.0    0 11.0 29 340   M    M   M        40 350
21  66  44  55   8  10   0 0.00  0.0    0  7.7 15 140   M    M   M        20 120
22  77  37  57  10   8   0 0.00  0.0    0 10.8 21 180   M    M   M        28 180
23  66  42  54   6  11   0    T  0.0    0 11.4 32  10   M    M   M        45 350
================================================================================
SM 1293  747       471   0  0.68     7.8 260.3          M        M
================================================================================
AV 56.2 32.5                              11.3 FASTST   M    M   3    MAX(MPH)
                                 MISC ---->  # 37 360               # 51  360
================================================================================
NOTES:
# LAST OF SEVERAL OCCURRENCES

COLUMN 17 PEAK WIND IN M.P.H.

PRELIMINARY LOCAL CLIMATOLOGICAL DATA (WS FORM: F-6) , PAGE 2

                                          STATION:  EAST RAPID CITY SD
                                          MONTH:    APRIL
                                          YEAR:     2014
                                          LATITUDE:   44  4 N
                                          LONGITUDE: 103 13 W

[TEMPERATURE DATA]      [PRECIPITATION DATA]       SYMBOLS USED IN COLUMN 16

AVERAGE MONTHLY: 44.3   TOTAL FOR MONTH:   0.68    1 = FOG OR MIST
DPTR FM NORMAL:   0.7   DPTR FM NORMAL:   -0.78    2 = FOG REDUCING VISIBILITY
HIGHEST:    78 ON 18    GRTST 24HR  0.45 ON  2- 2      TO 1/4 MILE OR LESS
LOWEST:     15 ON  1                               3 = THUNDER
                        SNOW, ICE PELLETS, HAIL    4 = ICE PELLETS
                        TOTAL MONTH:   7.8 INCHES  5 = HAIL
                        GRTST 24HR   6.1 ON   M    6 = FREEZING RAIN OR DRIZZLE
                        GRTST DEPTH:   5 ON  3     7 = DUSTSTORM OR SANDSTORM:
                                                       VSBY 1/2 MILE OR LESS
                                                   8 = SMOKE OR HAZE
[NO. OF DAYS WITH]      [WEATHER - DAYS WITH]      9 = BLOWING SNOW
                                                   X = TORNADO
MAX 32 OR BELOW:   2    0.01 INCH OR MORE:   6
MAX 90 OR ABOVE:   0    0.10 INCH OR MORE:   2
MIN 32 OR BELOW:  10    0.50 INCH OR MORE:   0
MIN  0 OR BELOW:   0    1.00 INCH OR MORE:   0

[HDD (BASE 65) ]
TOTAL THIS MO.   471    CLEAR  (SCALE 0-3)   0
DPTR FM NORMAL   -21    PTCLDY (SCALE 4-7)   0
TOTAL FM JUL 1  6839    CLOUDY (SCALE 8-10)  0
DPTR FM NORMAL   485

[CDD (BASE 65) ]
TOTAL THIS MO.     0
DPTR FM NORMAL     0    [PRESSURE DATA]
TOTAL FM JAN 1     0    HIGHEST SLP M ON M
DPTR FM NORMAL     0    LOWEST  SLP 29.37 ON 23

[REMARKS]




U.S. Dept. of Commerce
NOAA National Weather Service
1325 East West Highway
Silver Spring, MD 20910
E-mail: w-nws.webmaster@noaa.gov
Page last modified: May 16, 2007
NATIONAL WEATHER SERVICE: for Safety, for Work, for Fun - FOR LIFE