049
CXUS53 KSGF 010800
CF6UNO
PRELIMINARY LOCAL CLIMATOLOGICAL DATA (WS FORM: F-6)

                                          STATION:   WEST PLAINS MO
                                          MONTH:     NOVEMBER
                                          YEAR:      2014
                                          LATITUDE:   36 52 N
                                          LONGITUDE:  91 55 W

  TEMPERATURE IN F:       :PCPN:    SNOW:  WIND      :SUNSHINE: SKY     :PK WND
================================================================================
1   2   3   4   5  6A  6B    7    8   9   10  11  12  13   14  15   16   17  18
                                     12Z  AVG MX 2MIN
DY MAX MIN AVG DEP HDD CDD  WTR  SNW DPTH SPD SPD DIR MIN PSBL S-S WX    SPD DR
================================================================================

 1  52  26  39 -13  26   0 0.00    M    M  3.8 12  60   M    M   0        16  40
 2  53  27  40 -12  25   0 0.00    M    M  8.2 15 190   M    M   5        21 150
 3  67  41  54   2  11   0 0.00  0.0    0 10.2 18 190   M    M   2        27 200
 4  57  43  50  -1  15   0 0.70    M    0  3.5 12 340   M    M   8 1      15 340
 5  53  39  46  -5  19   0 0.00  0.0    0  3.4 10 250   M    M   1 12     13 250
 6  57  35  46  -5  19   0 0.00    M    M  9.7 24 320   M    M   1 1      31 300
 7  54  27  41  -9  24   0 0.00    M    M  5.6 13 170   M    M   0        18 170
 8  57  33  45  -5  20   0 0.00    M    M  7.7 18 320   M    M   2        25 320
 9  61  29  45  -5  20   0 0.00    M    M  5.4 15 220   M    M   0        21 220
10  69  43  56   7   9   0 0.00    M    M 10.3 25 190   M    M   0        36 180
11  56  26  41  -8  24   0 0.00    M    M 10.4 21 320   M    M   6        28 350
12  38  25  32 -16  33   0 0.00    M    M  9.0 17  20   M    M   7        22 330
13  34  18  26 -22  39   0 0.00    M    M  8.6 16 310   M    M   2        23 310
14  37  14  26 -22  39   0 0.00    M    M  1.2  9  40   M    M   0        13  10
15  35  20  28 -19  37   0 0.01    M    M  5.0 15 160   M    M   6        19 150
16  35  25  30 -17  35   0 0.05    M    M  4.9 15 310   M    M  10 18     22 310
17  31  14  23 -23  42   0 0.00    M    M 10.3 22 310   M    M   3        30 290
18  35  10  23 -23  42   0 0.00    M    M  7.7 15 280   M    M   0        21 240
19  54  29  42  -3  23   0 0.00    M    M  9.4 22 270   M    M   0        28 290
20  50  19  35 -10  30   0 0.00    M    M  2.8  8 120   M    M   1        12 120
21  42  29  36  -8  29   0    T    M    M  7.1 15 120   M    M   8 18     19 110
22  54  40  47   3  18   0 0.43    M    M 10.1 20 160   M    M   8 13     24 150
23  57  50  54  10  11   0 1.04    M    M  8.3 18 270   M    M   9 13     24 150
24  54  34  44   1  21   0 0.01    M    M 12.9 24 280   M    M   3 1      38 300
25  45  24  35  -8  30   0 0.00    M    M  4.1 14 330   M    M   0        18 320
26  47  23  35  -7  30   0 0.08    M    M  9.0 26 300   M    M   7 1      37 320
27  44  27  36  -6  29   0 0.00    M    M  6.9 22 320   M    M   5        30 320
28  55  28  42   0  23   0 0.00    M    M  9.0 20 180   M    M   0        26 170
29  70  43  57  16   8   0 0.00    M    M 11.6 21 200   M    M   0        32 220
30  73  39  56  15   9   0 0.00    M    M 11.0 21 230   M    M   5        30 240
================================================================================
SM 1526  880       740   0  2.32     0.0 227.1          M       99
================================================================================
AV 50.9 29.3                               7.6 FASTST   M    M   3    MAX(MPH)
                                 MISC ---->  # 26 300               # 38  300
================================================================================
NOTES:
# LAST OF SEVERAL OCCURRENCES

COLUMN 17 PEAK WIND IN M.P.H.

PRELIMINARY LOCAL CLIMATOLOGICAL DATA (WS FORM: F-6) , PAGE 2

                                          STATION:  WEST PLAINS MO
                                          MONTH:    NOVEMBER
                                          YEAR:     2014
                                          LATITUDE:   36 52 N
                                          LONGITUDE:  91 55 W

[TEMPERATURE DATA]      [PRECIPITATION DATA]       SYMBOLS USED IN COLUMN 16

AVERAGE MONTHLY: 40.1   TOTAL FOR MONTH:   2.32    1 = FOG OR MIST
DPTR FM NORMAL:  -6.7   DPTR FM NORMAL:   -2.26    2 = FOG REDUCING VISIBILITY
HIGHEST:    73 ON 30    GRTST 24HR  1.05 ON 23-24      TO 1/4 MILE OR LESS
LOWEST:     10 ON 18                               3 = THUNDER
                        SNOW, ICE PELLETS, HAIL    4 = ICE PELLETS
                        TOTAL MONTH:   0.0 INCH    5 = HAIL
                        GRTST 24HR     0.0         6 = FREEZING RAIN OR DRIZZLE
                        GRTST DEPTH:   0           7 = DUSTSTORM OR SANDSTORM:
                                                       VSBY 1/2 MILE OR LESS
                                                   8 = SMOKE OR HAZE
[NO. OF DAYS WITH]      [WEATHER - DAYS WITH]      9 = BLOWING SNOW
                                                   X = TORNADO
MAX 32 OR BELOW:   1    0.01 INCH OR MORE:   7
MAX 90 OR ABOVE:   0    0.10 INCH OR MORE:   3
MIN 32 OR BELOW:  19    0.50 INCH OR MORE:   2
MIN  0 OR BELOW:   0    1.00 INCH OR MORE:   1

[HDD (BASE 65) ]
TOTAL THIS MO.   740    CLEAR  (SCALE 0-3)  17
DPTR FM NORMAL   191    PTCLDY (SCALE 4-7)   9
TOTAL FM JUL 1  1012    CLOUDY (SCALE 8-10)  4
DPTR FM NORMAL   160

[CDD (BASE 65) ]
TOTAL THIS MO.     0
DPTR FM NORMAL    -2    [PRESSURE DATA]
TOTAL FM JAN 1  1231    HIGHEST SLP M ON M
DPTR FM NORMAL  -123    LOWEST  SLP 29.26 ON 23

[REMARKS]
#FINAL-11-14#




U.S. Dept. of Commerce
NOAA National Weather Service
1325 East West Highway
Silver Spring, MD 20910
E-mail: w-nws.webmaster@noaa.gov
Page last modified: May 16, 2007
NATIONAL WEATHER SERVICE: for Safety, for Work, for Fun - FOR LIFE