431
CXUS53 KSGF 010800
CF6UNO
PRELIMINARY LOCAL CLIMATOLOGICAL DATA (WS FORM: F-6)

                                          STATION:   WEST PLAINS MO
                                          MONTH:     SEPTEMBER
                                          YEAR:      2014
                                          LATITUDE:   36 52 N
                                          LONGITUDE:  91 55 W

  TEMPERATURE IN F:       :PCPN:    SNOW:  WIND      :SUNSHINE: SKY     :PK WND
================================================================================
1   2   3   4   5  6A  6B    7    8   9   10  11  12  13   14  15   16   17  18
                                     12Z  AVG MX 2MIN
DY MAX MIN AVG DEP HDD CDD  WTR  SNW DPTH SPD SPD DIR MIN PSBL S-S WX    SPD DR
================================================================================

 1  86  66  76   2   0  11 0.13    M    M  7.6 20 350   M    M   3 1      27 340
 2  79  65  72  -2   0   7 0.33    M    M  6.4 20 260   M    M   2 13     26 240
 3  88  61  75   1   0  10 0.00    M    M  5.4 16 170   M    M   3 18     22 210
 4  93  71  82   8   0  17 0.00    M    M  5.7 13 200   M    M   1 18     19 200
 5  93  69  81   8   0  16 0.12    M    M  5.2 20  20   M    M   1 138    26 340
 6  71  57  64  -9   1   0 0.00    M    M  6.4 13  20   M    M   5        17  20
 7  82  56  69  -3   0   4 0.00    M    M  4.6 13  50   M    M   0        17  50
 8  85  54  70  -2   0   5 0.00    M    M  3.2 10 240   M    M   2        13 220
 9  90  67  79   7   0  14 0.04    M    M  6.8 14 190   M    M   2 38     20 190
10  92  72  82  11   0  17 0.53    M    M  8.5 16 270   M    M   4 13     25 290
11  72  57  65  -6   0   0 0.01    M    M  9.8 15  40   M    M  10 3      20  30
12  61  51  56 -14   9   0    T    M    M  8.8 16  20   M    M  10 1      22  20
13  67  47  57 -13   8   0 0.00    M    M  7.2 17  30   M    M   4        22  20
14  73  45  59 -11   6   0 0.00    M    M  3.5  9 180   M    M   0        13 170
15  80  59  70   1   0   5 0.12    M    M  6.9 16 220   M    M   4 138    21 220
16  69  61  65  -4   0   0 0.00  0.0    0  5.5 12  30   M    M  10 1      14  20
17  66  59  63  -5   2   0 0.84    M    M  6.2 16 190   M    M   9 123    22 230
18  68  56  62  -6   3   0 0.00  0.0    0  3.7 12  80   M    M   9 12     16  70
19  79  53  66  -1   0   1 0.00  0.0    0  3.0  9 130   M    M   2 12     12 130
20  85  59  72   5   0   7 0.00  0.0    0  4.5 13 230   M    M   1 1      17 270
21  81  57  69   2   0   4 0.08  0.0    0  7.4 16  10   M    M   2 1      23  20
22  75  49  62  -4   3   0 0.00    M    M  3.8 12  30   M    M   0        16  20
23  74  42  58  -8   7   0 0.00    M    M  2.4 10 110   M    M   0        16 110
24  77  43  60  -5   5   0 0.00    M    M  2.0 10 210   M    M   0        14 180
25  80  52  66   1   0   1 0.00    M    M  1.8  9 180   M    M   0        15 150
26  82  54  68   4   0   3 0.00    M    M  2.5 10 110   M    M   0 1      15 130
27  83  54  69   5   0   4 0.00    M    M  2.5 12 150   M    M   1 1      16 160
28  83  55  69   5   0   4 0.00    M    M  1.8  9 120   M    M   1 1      13 110
29  86  56  71   8   0   6 0.00  0.0    0  1.9  9 180   M    M   2        12 160
30  83  55  69   6   0   4 0.00    M    0  2.3 12 170   M    M   1 1      17 190
================================================================================
SM 2383 1702        44 140  2.20     0.0 147.3          M       89
================================================================================
AV 79.4 56.7                               4.9 FASTST   M    M   3    MAX(MPH)
                                 MISC ---->  # 20 350               # 27  340
================================================================================
NOTES:
# LAST OF SEVERAL OCCURRENCES

COLUMN 17 PEAK WIND IN M.P.H.

PRELIMINARY LOCAL CLIMATOLOGICAL DATA (WS FORM: F-6) , PAGE 2

                                          STATION:  WEST PLAINS MO
                                          MONTH:    SEPTEMBER
                                          YEAR:     2014
                                          LATITUDE:   36 52 N
                                          LONGITUDE:  91 55 W

[TEMPERATURE DATA]      [PRECIPITATION DATA]       SYMBOLS USED IN COLUMN 16

AVERAGE MONTHLY: 68.1   TOTAL FOR MONTH:   2.20    1 = FOG OR MIST
DPTR FM NORMAL:  -0.8   DPTR FM NORMAL:   -1.89    2 = FOG REDUCING VISIBILITY
HIGHEST:    93 ON  5, 4 GRTST 24HR  0.84 ON 17-17      TO 1/4 MILE OR LESS
LOWEST:     42 ON 23                               3 = THUNDER
                        SNOW, ICE PELLETS, HAIL    4 = ICE PELLETS
                        TOTAL MONTH:   0.0 INCH    5 = HAIL
                        GRTST 24HR     0.0         6 = FREEZING RAIN OR DRIZZLE
                        GRTST DEPTH:   0           7 = DUSTSTORM OR SANDSTORM:
                                                       VSBY 1/2 MILE OR LESS
                                                   8 = SMOKE OR HAZE
[NO. OF DAYS WITH]      [WEATHER - DAYS WITH]      9 = BLOWING SNOW
                                                   X = TORNADO
MAX 32 OR BELOW:   0    0.01 INCH OR MORE:   9
MAX 90 OR ABOVE:   4    0.10 INCH OR MORE:   6
MIN 32 OR BELOW:   0    0.50 INCH OR MORE:   2
MIN  0 OR BELOW:   0    1.00 INCH OR MORE:   0

[HDD (BASE 65) ]
TOTAL THIS MO.    44    CLEAR  (SCALE 0-3)  21
DPTR FM NORMAL     3    PTCLDY (SCALE 4-7)   4
TOTAL FM JUL 1    46    CLOUDY (SCALE 8-10)  5
DPTR FM NORMAL     4

[CDD (BASE 65) ]
TOTAL THIS MO.   140
DPTR FM NORMAL   -16    [PRESSURE DATA]
TOTAL FM JAN 1  1195    HIGHEST SLP M ON M
DPTR FM NORMAL  -133    LOWEST  SLP 29.66 ON 10

[REMARKS]
#FINAL-09-14#




U.S. Dept. of Commerce
NOAA National Weather Service
1325 East West Highway
Silver Spring, MD 20910
E-mail: w-nws.webmaster@noaa.gov
Page last modified: May 16, 2007
NATIONAL WEATHER SERVICE: for Safety, for Work, for Fun - FOR LIFE