299
CXUS53 KSGF 250800
CF6UNO
PRELIMINARY LOCAL CLIMATOLOGICAL DATA (WS FORM: F-6)

                                          STATION:   WEST PLAINS MO
                                          MONTH:     JANUARY
                                          YEAR:      2015
                                          LATITUDE:   36 52 N
                                          LONGITUDE:  91 55 W

  TEMPERATURE IN F:       :PCPN:    SNOW:  WIND      :SUNSHINE: SKY     :PK WND
================================================================================
1   2   3   4   5  6A  6B    7    8   9   10  11  12  13   14  15   16   17  18
                                     12Z  AVG MX 2MIN
DY MAX MIN AVG DEP HDD CDD  WTR  SNW DPTH SPD SPD DIR MIN PSBL S-S WX    SPD DR
================================================================================

 1  35  25  30  -4  35   0 0.05    M    M  3.9 10 250   M    M   8 1      14 250
 2  37  33  35   1  30   0 0.37    M    M  3.9 12  80   M    M  10 1      14  80
 3  46  36  41   7  24   0 1.08    M    M  5.8 22 260   M    M  10 12     30 260
 4  42  15  29  -5  36   0    T    M    M 10.0 24 280   M    M   7 18     31 280
 5  29  11  20 -14  45   0 0.00  0.0    0  6.6 16 160   M    M   0        23 160
 6  37  22  30  -4  35   0 0.00  0.0    0  8.1 17 320   M    M   1        23 320
 7  27   3  15 -19  50   0    T    M    0 12.4 23 360   M    M   4        34 360
 8  27   1  14 -20  51   0 0.00    M    M  8.4 20 200   M    M   1        27 200
 9  28  10  19 -15  46   0 0.00    M    M  9.3 22 350   M    M   2        29 340
10  33   5  19 -15  46   0 0.00    M    M  7.1 15 160   M    M   3        23 170
11  33  27  30  -4  35   0 0.28    M    M  7.0 14 170   M    M  10 168    18 180
12  34  21  28  -6  37   0 0.06    M    0 10.9 20  10   M    M   7 18     27  20
13  33  14  24 -10  41   0 0.00  0.0    0  8.1 18  20   M    M   0        22  10
14  38  15  27  -7  38   0 0.03    M    0  0.6  7 230   M    M   6         9 220
15  46  29  38   4  27   0 0.01    M    M  4.6 13 280   M    M   5 18     16 280
16  54  27  41   7  24   0 0.00    M    M  5.6 10 200   M    M   0        15 200
17  62  30  46  12  19   0 0.00    M    M  9.2 22 260   M    M   0        27 250
18  62  30  46  12  19   0 0.00    M    M  8.3 18 250   M    M   0        26 260
19  66  31  49  15  16   0 0.00    M    M  4.5 12 310   M    M   0        15 290
20  55  35  45  11  20   0 0.08    M    M  6.9 22 340   M    M   3 1      31 330
21  54  29  42   8  23   0 0.00    M    M  6.0 15 310   M    M   2 12     22 320
22  42  32  37   3  28   0 0.00    M    M  4.2 10  50   M    M   3        13  50
23  45  24  35   1  30   0 0.00    M  999  5.2 13 320   M    M   1 18     16 310
24  57  26  42   8  23   0 0.00    M    M  9.0 15 260   M    M   0        20 300
================================================================================
SM 1022  531       778   0  1.96     0.0 165.6          M       83
================================================================================
AV 42.6 22.1                               6.9 FASTST   M    M   3    MAX(MPH)
                                 MISC ---->  # 24 280               # 34  360
================================================================================
NOTES:
# LAST OF SEVERAL OCCURRENCES

COLUMN 17 PEAK WIND IN M.P.H.

PRELIMINARY LOCAL CLIMATOLOGICAL DATA (WS FORM: F-6) , PAGE 2

                                          STATION:  WEST PLAINS MO
                                          MONTH:    JANUARY
                                          YEAR:     2015
                                          LATITUDE:   36 52 N
                                          LONGITUDE:  91 55 W

[TEMPERATURE DATA]      [PRECIPITATION DATA]       SYMBOLS USED IN COLUMN 16

AVERAGE MONTHLY: 32.4   TOTAL FOR MONTH:   1.96    1 = FOG OR MIST
DPTR FM NORMAL:  -1.6   DPTR FM NORMAL:    0.13    2 = FOG REDUCING VISIBILITY
HIGHEST:    66 ON 19    GRTST 24HR  1.33 ON  2- 3      TO 1/4 MILE OR LESS
LOWEST:      1 ON  8                               3 = THUNDER
                        SNOW, ICE PELLETS, HAIL    4 = ICE PELLETS
                        TOTAL MONTH:   0.0 INCH    5 = HAIL
                        GRTST 24HR     0.0         6 = FREEZING RAIN OR DRIZZLE
                        GRTST DEPTH: 999 ON 23     7 = DUSTSTORM OR SANDSTORM:
                                                       VSBY 1/2 MILE OR LESS
                                                   8 = SMOKE OR HAZE
[NO. OF DAYS WITH]      [WEATHER - DAYS WITH]      9 = BLOWING SNOW
                                                   X = TORNADO
MAX 32 OR BELOW:   4    0.01 INCH OR MORE:   8
MAX 90 OR ABOVE:   0    0.10 INCH OR MORE:   3
MIN 32 OR BELOW:  21    0.50 INCH OR MORE:   1
MIN  0 OR BELOW:   0    1.00 INCH OR MORE:   1

[HDD (BASE 65) ]
TOTAL THIS MO.   778    CLEAR  (SCALE 0-3)  14
DPTR FM NORMAL    34    PTCLDY (SCALE 4-7)   7
TOTAL FM JUL 1  2620    CLOUDY (SCALE 8-10)  3
DPTR FM NORMAL   131

[CDD (BASE 65) ]
TOTAL THIS MO.     0
DPTR FM NORMAL     0    [PRESSURE DATA]
TOTAL FM JAN 1     0    HIGHEST SLP M ON M
DPTR FM NORMAL     0    LOWEST  SLP 29.70 ON  3

[REMARKS]




U.S. Dept. of Commerce
NOAA National Weather Service
1325 East West Highway
Silver Spring, MD 20910
E-mail: w-nws.webmaster@noaa.gov
Page last modified: May 16, 2007
NATIONAL WEATHER SERVICE: for Safety, for Work, for Fun - FOR LIFE