738
CXUS53 KSGF 290800
CF6UNO
PRELIMINARY LOCAL CLIMATOLOGICAL DATA (WS FORM: F-6)

                                          STATION:   WEST PLAINS MO
                                          MONTH:     AUGUST
                                          YEAR:      2014
                                          LATITUDE:   36 52 N
                                          LONGITUDE:  91 55 W

  TEMPERATURE IN F:       :PCPN:    SNOW:  WIND      :SUNSHINE: SKY     :PK WND
================================================================================
1   2   3   4   5  6A  6B    7    8   9   10  11  12  13   14  15   16   17  18
                                     12Z  AVG MX 2MIN
DY MAX MIN AVG DEP HDD CDD  WTR  SNW DPTH SPD SPD DIR MIN PSBL S-S WX    SPD DR
================================================================================

 1  83  57  70  -8   0   5 0.00    M    M  1.9 10 120   M    M   6 12     12 130
 2  85  61  73  -5   0   8 0.03    M    M  2.6  8  90   M    M   1 1       M  M
 3  88  60  74  -4   0   9 0.00    M    M  2.1  9  30   M    M   0 1      13  40
 4  87  60  74  -4   0   9 0.00    M    M  2.3  8 190   M    M   1 1      11 120
 5  92  66  79   1   0  14 0.00    M    M  5.2 14 230   M    M   2 18     19 210
 6  91  68  80   2   0  15 0.00    M    M  4.9 13 100   M    M   0 1      17 210
 7  86  68  77  -1   0  12 2.53    M    M  5.9 18  40   M    M   5 13     26 270
 8  89  69  79   1   0  14 0.00    M    M  4.4 10 320   M    M   3 1      15 280
 9  89  69  79   1   0  14 0.00    M    M  3.6 13 320   M    M   2 1      15 360
10  88  67  78   0   0  13 0.19    M    M  3.2 16  20   M    M   2 13     23  10
11  86  68  77  -1   0  12 0.00    M    M  7.1 14 350   M    M   4 1      21 340
12  82  61  72  -6   0   7 0.00    M    M  6.5 17 360   M    M   1        23  10
13  82  56  69  -9   0   4 0.00    M    M  1.7  8 320   M    M   2        10 310
14  86  57  72  -6   0   7 0.00    M    M  1.8 10 270   M    M   1        14 260
15  86  60  73  -5   0   8 0.00    M    M  4.1 10 200   M    M   0        15 220
16  87  70  79   1   0  14 0.00    M    M  7.1 14 190   M    M   3        19 180
17  89  68  79   1   0  14 0.00    M    M  6.0 13  10   M    M   1 1      17 320
18  89  66  78   1   0  13 0.00    M    M  2.4 10 120   M    M   2 1      12 110
19  93  69  81   4   0  16 0.00  0.0    0  5.5 15 270   M    M   0        19 270
20  93  71  82   5   0  17 0.00  0.0    0  7.0 15 210   M    M   0        22 230
21  93  73  83   6   0  18 0.00    M    M  7.0 15 230   M    M   0        20 180
22  95  71  83   6   0  18 0.00    M    M  4.8 13 260   M    M   0        17 270
23  97  74  86   9   0  21 0.00    M    M  5.2 15 260   M    M   0        20 260
24  97  70  84   8   0  19 0.00    M    M  3.6 12 220   M    M   0        20  30
25  98  69  84   8   0  19 0.00  0.0    0  1.9 15 130   M    M   0 3      21 110
26  94  67  81   5   0  16 0.00  0.0    0  2.6 12 100   M    M   0        16 110
27  96  68  82   6   0  17    T    M    M  2.6 16 140   M    M   1 3      23 150
28  92  66  79   3   0  14 0.00    M    M  5.1 13 160   M    M   1 1      19 130
================================================================================
SM 2513 1849         0 367  2.75     0.0 118.1          M       38
================================================================================
AV 89.8 66.0                               4.2 FASTST   M    M   1    MAX(MPH)
                                 MISC ---->  # 18  40               # 26  270
================================================================================
NOTES:
# LAST OF SEVERAL OCCURRENCES

COLUMN 17 PEAK WIND IN M.P.H.

PRELIMINARY LOCAL CLIMATOLOGICAL DATA (WS FORM: F-6) , PAGE 2

                                          STATION:  WEST PLAINS MO
                                          MONTH:    AUGUST
                                          YEAR:     2014
                                          LATITUDE:   36 52 N
                                          LONGITUDE:  91 55 W

[TEMPERATURE DATA]      [PRECIPITATION DATA]       SYMBOLS USED IN COLUMN 16

AVERAGE MONTHLY: 77.9   TOTAL FOR MONTH:   2.75    1 = FOG OR MIST
DPTR FM NORMAL:   0.5   DPTR FM NORMAL:   -0.16    2 = FOG REDUCING VISIBILITY
HIGHEST:    98 ON 25    GRTST 24HR  2.53 ON  6- 7      TO 1/4 MILE OR LESS
LOWEST:     56 ON 13                               3 = THUNDER
                        SNOW, ICE PELLETS, HAIL    4 = ICE PELLETS
                        TOTAL MONTH:   0.0 INCH    5 = HAIL
                        GRTST 24HR     0.0         6 = FREEZING RAIN OR DRIZZLE
                        GRTST DEPTH:   0           7 = DUSTSTORM OR SANDSTORM:
                                                       VSBY 1/2 MILE OR LESS
                                                   8 = SMOKE OR HAZE
[NO. OF DAYS WITH]      [WEATHER - DAYS WITH]      9 = BLOWING SNOW
                                                   X = TORNADO
MAX 32 OR BELOW:   0    0.01 INCH OR MORE:   3
MAX 90 OR ABOVE:  12    0.10 INCH OR MORE:   2
MIN 32 OR BELOW:   0    0.50 INCH OR MORE:   1
MIN  0 OR BELOW:   0    1.00 INCH OR MORE:   1

[HDD (BASE 65) ]
TOTAL THIS MO.     0    CLEAR  (SCALE 0-3)  24
DPTR FM NORMAL     0    PTCLDY (SCALE 4-7)   4
TOTAL FM JUL 1     2    CLOUDY (SCALE 8-10)  0
DPTR FM NORMAL     2

[CDD (BASE 65) ]
TOTAL THIS MO.   367
DPTR FM NORMAL    19    [PRESSURE DATA]
TOTAL FM JAN 1  1016    HIGHEST SLP M ON M
DPTR FM NORMAL  -125    LOWEST  SLP 29.78 ON 19

[REMARKS]




U.S. Dept. of Commerce
NOAA National Weather Service
1325 East West Highway
Silver Spring, MD 20910
E-mail: w-nws.webmaster@noaa.gov
Page last modified: May 16, 2007
NATIONAL WEATHER SERVICE: for Safety, for Work, for Fun - FOR LIFE