090
CXUS56 KEKA 251230
CF6UKI
PRELIMINARY LOCAL CLIMATOLOGICAL DATA (WS FORM: F-6)

                                          STATION:   UKIAH CA
                                          MONTH:     NOVEMBER
                                          YEAR:      2014
                                          LATITUDE:   39  7 N
                                          LONGITUDE: 123 12 W

  TEMPERATURE IN F:       :PCPN:    SNOW:  WIND      :SUNSHINE: SKY     :PK WND
================================================================================
1   2   3   4   5  6A  6B    7    8   9   10  11  12  13   14  15   16   17  18
                                     12Z  AVG MX 2MIN
DY MAX MIN AVG DEP HDD CDD  WTR  SNW DPTH SPD SPD DIR MIN PSBL S-S WX    SPD DR
================================================================================

 1  64  43  54  -1  11   0 0.00  0.0    0  4.0 18 300   M    M   1        24 310
 2  68  37  53  -2  12   0 0.00  0.0    0  1.6  9 300   M    M   0        12 320
 3  69  43  56   1   9   0 0.00  0.0    0  0.7  9 330   M    M   0        13 330
 4  74  41  58   4   7   0 0.00  0.0    0  1.1  8 300   M    M   0        10 300
 5  78  45  62   8   3   0 0.00  0.0    0  0.4  5 270   M    M   0         6 330
 6  76  47  62   8   3   0 0.00  0.0    0  2.1 10 330   M    M   0        15 350
 7  76  44  60   6   5   0 0.00  0.0    0  0.5  7 280   M    M   1 1       7 260
 8  81  43  62   9   3   0 0.00  0.0    0  0.6  7 270   M    M   0 1       8 280
 9  80  45  63  10   2   0 0.00  0.0    0  0.8  7 280   M    M   0         8 290
10  78  42  60   8   5   0 0.00  0.0    0  0.5  6 270   M    M   0 1       8 260
11  60  51  56   4   9   0 0.00  0.0    0  4.5 12 190   M    M  10 1      18 190
12  65  47  56   4   9   0 0.15    M    0  4.1 17 180   M    M   7 1      23 180
13  64  47  56   4   9   0 0.69    M    0  0.7  7 170   M    M   6 1       9 160
14  65  47  56   5   9   0 0.03    M    0  2.5  9 340   M    M   5 2      14 290
15  66  42  54   3  11   0 0.00  0.0    0  2.3 13 290   M    M   1 1      17 300
16  62  37  50  -1  15   0 0.00  0.0    0  0.3  5 130   M    M   1 2       5 130
17  66  34  50   0  15   0 0.00  0.0    0  0.7  7 270   M    M   0 1       8 280
18  65  34  50   0  15   0 0.00  0.0    0  1.9 12 120   M    M   0        17 130
19  56  49  53   3  12   0 0.50    M    0  2.9 10 190   M    M   9 1      12 200
20  54  50  52   3  13   0 0.66  0.0    0  1.1  7 300   M    M  10 1       8 130
21  54  49  52   3  13   0 0.22    M    0  3.1 15 150   M    M  10 18     20 180
22  64  42  53   4  12   0 0.82    M    0  6.5 20 320   M    M   5 1      28 330
23  60  39  50   1  15   0 0.00  0.0    0  0.8  7 320   M    M   0 18      8 340
24  66  36  51   3  14   0 0.00  0.0    0  0.8  6 280   M    M   1 1       7 360
================================================================================
SM 1611 1034       231   0  3.07     0.0  44.5          M       67
================================================================================
AV 67.1 43.1                               1.9 FASTST   M    M   3    MAX(MPH)
                                 MISC ---->  # 20 320               # 28  330
================================================================================
NOTES:
# LAST OF SEVERAL OCCURRENCES

COLUMN 17 PEAK WIND IN M.P.H.

PRELIMINARY LOCAL CLIMATOLOGICAL DATA (WS FORM: F-6) , PAGE 2

                                          STATION:  UKIAH CA
                                          MONTH:    NOVEMBER
                                          YEAR:     2014
                                          LATITUDE:   39  7 N
                                          LONGITUDE: 123 12 W

[TEMPERATURE DATA]      [PRECIPITATION DATA]       SYMBOLS USED IN COLUMN 16

AVERAGE MONTHLY: 55.1   TOTAL FOR MONTH:   3.07    1 = FOG OR MIST
DPTR FM NORMAL:   3.4   DPTR FM NORMAL:   -0.18    2 = FOG REDUCING VISIBILITY
HIGHEST:    81 ON  8    GRTST 24HR  1.04 ON 21-22      TO 1/4 MILE OR LESS
LOWEST:     34 ON 18,17                            3 = THUNDER
                        SNOW, ICE PELLETS, HAIL    4 = ICE PELLETS
                        TOTAL MONTH:   0.0 INCH    5 = HAIL
                        GRTST 24HR     0.0         6 = FREEZING RAIN OR DRIZZLE
                        GRTST DEPTH:   0           7 = DUSTSTORM OR SANDSTORM:
                                                       VSBY 1/2 MILE OR LESS
                                                   8 = SMOKE OR HAZE
[NO. OF DAYS WITH]      [WEATHER - DAYS WITH]      9 = BLOWING SNOW
                                                   X = TORNADO
MAX 32 OR BELOW:   0    0.01 INCH OR MORE:   7
MAX 90 OR ABOVE:   0    0.10 INCH OR MORE:   6
MIN 32 OR BELOW:   0    0.50 INCH OR MORE:   4
MIN  0 OR BELOW:   0    1.00 INCH OR MORE:   0

[HDD (BASE 65) ]
TOTAL THIS MO.   231    CLEAR  (SCALE 0-3)  16
DPTR FM NORMAL   -87    PTCLDY (SCALE 4-7)   4
TOTAL FM JUL 1   325    CLOUDY (SCALE 8-10)  4
DPTR FM NORMAL  -193

[CDD (BASE 65) ]
TOTAL THIS MO.     0
DPTR FM NORMAL     0    [PRESSURE DATA]
TOTAL FM JAN 1  1290    HIGHEST SLP M ON M
DPTR FM NORMAL   455    LOWEST  SLP 29.79 ON M

[REMARKS]




U.S. Dept. of Commerce
NOAA National Weather Service
1325 East West Highway
Silver Spring, MD 20910
E-mail: w-nws.webmaster@noaa.gov
Page last modified: May 16, 2007
NATIONAL WEATHER SERVICE: for Safety, for Work, for Fun - FOR LIFE