695
CXUS56 KEKA 291230
CF6UKI
PRELIMINARY LOCAL CLIMATOLOGICAL DATA (WS FORM: F-6)

                                          STATION:   UKIAH CA
                                          MONTH:     JULY
                                          YEAR:      2014
                                          LATITUDE:   39  7 N
                                          LONGITUDE: 123 12 W

  TEMPERATURE IN F:       :PCPN:    SNOW:  WIND      :SUNSHINE: SKY     :PK WND
================================================================================
1   2   3   4   5  6A  6B    7    8   9   10  11  12  13   14  15   16   17  18
                                     12Z  AVG MX 2MIN
DY MAX MIN AVG DEP HDD CDD  WTR  SNW DPTH SPD SPD DIR MIN PSBL S-S WX    SPD DR
================================================================================

 1  95  58  77   5   0  12 0.00  0.0    0  6.9 15 150   M    M   0        21 160
 2  98  57  78   6   0  13 0.00  0.0    0  5.9 21 330   M    M   0        27 320
 3  99  57  78   6   0  13 0.00  0.0    0  2.8 15  20   M    M   0        23 260
 4  98  56  77   4   0  12 0.00  0.0    0  2.9 16 260   M    M   0        20 260
 5  99  50  75   2   0  10 0.00  0.0    0  3.2 16 320   M    M   0        20 260
 6 103  52  78   5   0  13 0.00  0.0    0  1.9 15 310   M    M   0        20 350
 7 103  60  82   9   0  17 0.00  0.0    0  3.9 17 150   M    M   0        23 150
 8 101  66  84  11   0  19 0.00  0.0    0  5.9 13 160   M    M   0        17 150
 9  91  57  74   0   0   9 0.00  0.0    0  7.9 15 150   M    M   0        23 140
10  86  57  72  -2   0   7 0.00  0.0    0  9.7 18 140   M    M   2        26 160
11  85  58  72  -2   0   7 0.00  0.0    0  9.5 20 150   M    M   1        29 140
12  95  54  75   1   0  10 0.00  0.0    0  3.9 14  20   M    M   0        18  20
13 102  56  79   5   0  14 0.00  0.0    0  4.6 17 300   M    M   0        24 300
14 107  58  83   9   0  18 0.00  0.0    0  5.4 15 150   M    M   0        23 180
15  85  64  75   1   0  10    T  0.0    0  7.7 17 150   M    M   0        24 160
16  83  63  73  -1   0   8 0.00  0.0    0  5.5 13  10   M    M   0        18 360
17  89  60  75   0   0  10 0.00  0.0    0  6.9 14 130   M    M   0        19 160
18  89  58  74  -1   0   9 0.00  0.0    0  6.9 15  70   M    M   0        22  90
19  96  58  77   2   0  12 0.00  0.0    0  4.4 17 340   M    M   0        24 350
20  89  59  74  -1   0   9 0.00  0.0    0  6.9 21 150   M    M   0        30 160
21  81  62  72  -3   0   7 0.00  0.0    0  6.2 16 140   M    M   1        24 150
22  87  59  73  -2   0   8 0.00  0.0    0  6.2 17 150   M    M   5        23 140
23  85  62  74  -1   0   9 0.00  0.0    0  5.3 16 330   M    M   4        22 320
24  94  53  74  -1   0   9    T  0.0    0  3.2 17 320   M    M   0        22 330
25 101  56  79   4   0  14 0.00  0.0    0  3.4 17 280   M    M   0        24 260
26 104  57  81   6   0  16 0.00  0.0    0  2.9 18 260   M    M   0        22 250
27 104  66  85  10   0  20 0.00  0.0    0  3.5 14 130   M    M   0        19 130
28 102  58  80   5   0  15 0.00  0.0    0  3.6 15 140   M    M   0        21 160
================================================================================
SM 2651 1631         0 330    T      0.0 147.0          M       13
================================================================================
AV 94.7 58.2                               5.2 FASTST   M    M   0    MAX(MPH)
                                 MISC ---->  # 21 330               # 30  160
================================================================================
NOTES:
# LAST OF SEVERAL OCCURRENCES

COLUMN 17 PEAK WIND IN M.P.H.

PRELIMINARY LOCAL CLIMATOLOGICAL DATA (WS FORM: F-6) , PAGE 2

                                          STATION:  UKIAH CA
                                          MONTH:    JULY
                                          YEAR:     2014
                                          LATITUDE:   39  7 N
                                          LONGITUDE: 123 12 W

[TEMPERATURE DATA]      [PRECIPITATION DATA]       SYMBOLS USED IN COLUMN 16

AVERAGE MONTHLY: 76.5   TOTAL FOR MONTH:      T    1 = FOG OR MIST
DPTR FM NORMAL:   2.4   DPTR FM NORMAL:   -0.04    2 = FOG REDUCING VISIBILITY
HIGHEST:   107 ON 14    GRTST 24HR    T  ON 24-24      TO 1/4 MILE OR LESS
LOWEST:     50 ON  5                               3 = THUNDER
                        SNOW, ICE PELLETS, HAIL    4 = ICE PELLETS
                        TOTAL MONTH:   0.0 INCH    5 = HAIL
                        GRTST 24HR     0.0         6 = FREEZING RAIN OR DRIZZLE
                        GRTST DEPTH:   0           7 = DUSTSTORM OR SANDSTORM:
                                                       VSBY 1/2 MILE OR LESS
                                                   8 = SMOKE OR HAZE
[NO. OF DAYS WITH]      [WEATHER - DAYS WITH]      9 = BLOWING SNOW
                                                   X = TORNADO
MAX 32 OR BELOW:   0    0.01 INCH OR MORE:   0
MAX 90 OR ABOVE:  18    0.10 INCH OR MORE:   0
MIN 32 OR BELOW:   0    0.50 INCH OR MORE:   0
MIN  0 OR BELOW:   0    1.00 INCH OR MORE:   0

[HDD (BASE 65) ]
TOTAL THIS MO.     0    CLEAR  (SCALE 0-3)  26
DPTR FM NORMAL     0    PTCLDY (SCALE 4-7)   2
TOTAL FM JUL 1     0    CLOUDY (SCALE 8-10)  0
DPTR FM NORMAL     0

[CDD (BASE 65) ]
TOTAL THIS MO.   330
DPTR FM NORMAL    77    [PRESSURE DATA]
TOTAL FM JAN 1   640    HIGHEST SLP M ON M
DPTR FM NORMAL   223    LOWEST  SLP 29.78 ON  1

[REMARKS]




U.S. Dept. of Commerce
NOAA National Weather Service
1325 East West Highway
Silver Spring, MD 20910
E-mail: w-nws.webmaster@noaa.gov
Page last modified: May 16, 2007
NATIONAL WEATHER SERVICE: for Safety, for Work, for Fun - FOR LIFE