646
CXUS56 KEKA 271230
CF6UKI
PRELIMINARY LOCAL CLIMATOLOGICAL DATA (WS FORM: F-6)

                                          STATION:   UKIAH CA
                                          MONTH:     AUGUST
                                          YEAR:      2014
                                          LATITUDE:   39  7 N
                                          LONGITUDE: 123 12 W

  TEMPERATURE IN F:       :PCPN:    SNOW:  WIND      :SUNSHINE: SKY     :PK WND
================================================================================
1   2   3   4   5  6A  6B    7    8   9   10  11  12  13   14  15   16   17  18
                                     12Z  AVG MX 2MIN
DY MAX MIN AVG DEP HDD CDD  WTR  SNW DPTH SPD SPD DIR MIN PSBL S-S WX    SPD DR
================================================================================

 1 105  58  82   8   0  17 0.00  0.0    0  2.1 12 250   M    M   0        18 270
 2 101  57  79   5   0  14 0.00  0.0    0  5.0 12 260   M    M   0 8      16 140
 3  93  56  75   1   0  10 0.00  0.0    0  8.6 20 150   M    M   0        26 160
 4  86  56  71  -3   0   6 0.00  0.0    0  4.7 13 150   M    M   0        18 130
 5  75  64  70  -4   0   5 0.01  0.0    0  2.5  9 230   M    M   3        11 230
 6  95  63  79   5   0  14    T  0.0    0  3.7 15 320   M    M   1 1      21 330
 7  98  61  80   6   0  15 0.00  0.0    0  3.5 15 250   M    M   0        25 280
 8  98  57  78   4   0  13 0.00  0.0    0  4.9 16 310   M    M   0        23 280
 9  95  57  76   2   0  11 0.00  0.0    0  4.2 14 140   M    M   0 8      23 140
10  90  54  72  -1   0   7 0.00  0.0    0  7.4 17 150   M    M   1        25 150
11  95  54  75   2   0  10 0.00  0.0    0  6.5 15 140   M    M   0        21 150
12  82  56  69  -4   0   4 0.00  0.0    0  6.0 15 130   M    M   2        21 140
13  86  54  70  -3   0   5 0.00  0.0    0  3.9 17 320   M    M   2        25 330
14  93  54  74   1   0   9 0.00  0.0    0  3.0 17 320   M    M   0 8      22 330
15  95  57  76   3   0  11 0.00  0.0    0  4.0 16 220   M    M   0        23 230
16  96  54  75   2   0  10 0.00  0.0    0  4.2 17 140   M    M   0        22  30
17  99  53  76   3   0  11 0.00  0.0    0  2.6 16 350   M    M   0        21 350
18  95  56  76   4   0  11 0.00  0.0    0  5.4 15 150   M    M   0        20 140
19  90  56  73   1   0   8 0.00  0.0    0  5.9 14 130   M    M   1        18 150
20  84  59  72   0   0   7 0.00  0.0    0  6.6 16 140   M    M   3        23 140
21  93  57  75   3   0  10 0.00  0.0    0  3.6 15 330   M    M   0        21 310
22  90  56  73   1   0   8 0.00  0.0    0  3.6 15 340   M    M   0        20 330
23  92  55  74   2   0   9 0.00  0.0    0  5.6 17 340   M    M   1 1      22 140
24  92  55  74   2   0   9 0.00  0.0    0  5.1 14  20   M    M   1        18  20
25  81  56  69  -3   0   4 0.00  0.0    0  8.1 16 160   M    M   2        23 130
26  94  55  75   3   0  10 0.00  0.0    0  4.4 16 350   M    M   1        22 350
================================================================================
SM 2393 1470         0 248  0.01     0.0 125.1          M       18
================================================================================
AV 92.0 56.5                               4.8 FASTST   M    M   1    MAX(MPH)
                                 MISC ---->  # 20 150               # 26  160
================================================================================
NOTES:
# LAST OF SEVERAL OCCURRENCES

COLUMN 17 PEAK WIND IN M.P.H.

PRELIMINARY LOCAL CLIMATOLOGICAL DATA (WS FORM: F-6) , PAGE 2

                                          STATION:  UKIAH CA
                                          MONTH:    AUGUST
                                          YEAR:     2014
                                          LATITUDE:   39  7 N
                                          LONGITUDE: 123 12 W

[TEMPERATURE DATA]      [PRECIPITATION DATA]       SYMBOLS USED IN COLUMN 16

AVERAGE MONTHLY: 74.3   TOTAL FOR MONTH:   0.01    1 = FOG OR MIST
DPTR FM NORMAL:   1.3   DPTR FM NORMAL:   -0.04    2 = FOG REDUCING VISIBILITY
HIGHEST:   105 ON  1    GRTST 24HR  0.01 ON  5- 5      TO 1/4 MILE OR LESS
LOWEST:     53 ON 17                               3 = THUNDER
                        SNOW, ICE PELLETS, HAIL    4 = ICE PELLETS
                        TOTAL MONTH:   0.0 INCH    5 = HAIL
                        GRTST 24HR     0.0         6 = FREEZING RAIN OR DRIZZLE
                        GRTST DEPTH:   0           7 = DUSTSTORM OR SANDSTORM:
                                                       VSBY 1/2 MILE OR LESS
                                                   8 = SMOKE OR HAZE
[NO. OF DAYS WITH]      [WEATHER - DAYS WITH]      9 = BLOWING SNOW
                                                   X = TORNADO
MAX 32 OR BELOW:   0    0.01 INCH OR MORE:   1
MAX 90 OR ABOVE:  20    0.10 INCH OR MORE:   0
MIN 32 OR BELOW:   0    0.50 INCH OR MORE:   0
MIN  0 OR BELOW:   0    1.00 INCH OR MORE:   0

[HDD (BASE 65) ]
TOTAL THIS MO.     0    CLEAR  (SCALE 0-3)  26
DPTR FM NORMAL     0    PTCLDY (SCALE 4-7)   0
TOTAL FM JUL 1     0    CLOUDY (SCALE 8-10)  0
DPTR FM NORMAL    -1

[CDD (BASE 65) ]
TOTAL THIS MO.   248
DPTR FM NORMAL    41    [PRESSURE DATA]
TOTAL FM JAN 1   941    HIGHEST SLP M ON M
DPTR FM NORMAL   291    LOWEST  SLP 29.81 ON 19

[REMARKS]




U.S. Dept. of Commerce
NOAA National Weather Service
1325 East West Highway
Silver Spring, MD 20910
E-mail: w-nws.webmaster@noaa.gov
Page last modified: May 16, 2007
NATIONAL WEATHER SERVICE: for Safety, for Work, for Fun - FOR LIFE